-- MySQL dump 10.13  Distrib 5.7.33, for Linux (i686)
--
-- Host: localhost    Database: visor
-- ------------------------------------------------------
-- Server version	5.7.33-0ubuntu0.16.04.1

/*!40101 SET @OLD_CHARACTER_SET_CLIENT=@@CHARACTER_SET_CLIENT */;
/*!40101 SET @OLD_CHARACTER_SET_RESULTS=@@CHARACTER_SET_RESULTS */;
/*!40101 SET @OLD_COLLATION_CONNECTION=@@COLLATION_CONNECTION */;
/*!40101 SET NAMES utf8 */;
/*!40103 SET @OLD_TIME_ZONE=@@TIME_ZONE */;
/*!40103 SET TIME_ZONE='+00:00' */;
/*!40014 SET @OLD_UNIQUE_CHECKS=@@UNIQUE_CHECKS, UNIQUE_CHECKS=0 */;
/*!40014 SET @OLD_FOREIGN_KEY_CHECKS=@@FOREIGN_KEY_CHECKS, FOREIGN_KEY_CHECKS=0 */;
/*!40101 SET @OLD_SQL_MODE=@@SQL_MODE, SQL_MODE='NO_AUTO_VALUE_ON_ZERO' */;
/*!40111 SET @OLD_SQL_NOTES=@@SQL_NOTES, SQL_NOTES=0 */;

--
-- Table structure for table `app_attendance`
--

DROP TABLE IF EXISTS `app_attendance`;
/*!40101 SET @saved_cs_client     = @@character_set_client */;
/*!40101 SET character_set_client = utf8 */;
CREATE TABLE `app_attendance` (
  `id` int(11) unsigned NOT NULL AUTO_INCREMENT,
  `attendance_date` date NOT NULL,
  `employee_id` int(11) unsigned NOT NULL,
  `is_present` tinyint(1) NOT NULL DEFAULT '0',
  `marked_by_employee_id` int(11) unsigned DEFAULT NULL,
  `marked_by_name` varchar(120) DEFAULT NULL,
  `note` text,
  `created_at` datetime DEFAULT NULL,
  `updated_at` datetime DEFAULT NULL,
  PRIMARY KEY (`id`),
  KEY `attendance_date_employee_id` (`attendance_date`,`employee_id`)
) ENGINE=InnoDB AUTO_INCREMENT=204 DEFAULT CHARSET=utf8;
/*!40101 SET character_set_client = @saved_cs_client */;

--
-- Dumping data for table `app_attendance`
--

LOCK TABLES `app_attendance` WRITE;
/*!40000 ALTER TABLE `app_attendance` DISABLE KEYS */;
INSERT INTO `app_attendance` VALUES (1,'2026-03-30',935,1,3,'Ildeana Delgado',NULL,'2026-03-30 17:41:27','2026-03-30 17:41:27'),(2,'2026-03-30',1913,1,3,'Ildeana Delgado',NULL,'2026-03-30 17:41:30','2026-03-30 17:41:30'),(3,'2026-03-30',902,1,3,'Ildeana Delgado',NULL,'2026-03-30 17:41:32','2026-03-30 17:41:32'),(4,'2026-03-30',1899,1,3,'Ildeana Delgado','tfkuht','2026-03-30 17:41:34','2026-03-30 17:41:41'),(5,'2026-03-30',3,1,3,'Ildeana Delgado',NULL,'2026-03-30 17:41:36','2026-03-30 17:41:36'),(6,'2026-03-30',508,1,3,'Ildeana Delgado',NULL,'2026-03-30 17:41:45','2026-03-30 17:41:45'),(7,'2026-03-30',2030,1,1,'Peter Abboud',NULL,'2026-03-30 17:41:47','2026-03-30 19:51:58'),(8,'2026-03-30',2006,1,3,'Ildeana Delgado',NULL,'2026-03-30 17:41:49','2026-03-30 17:41:49'),(9,'2026-03-30',2008,1,1,'Peter Abboud',NULL,'2026-03-30 17:50:11','2026-03-30 19:51:55'),(10,'2026-03-30',1762,1,3,'Ildeana Delgado',NULL,'2026-03-30 17:50:13','2026-03-30 17:50:13'),(11,'2026-03-30',4,1,3,'Ildeana Delgado',NULL,'2026-03-30 17:50:16','2026-03-30 17:50:16'),(12,'2026-03-30',2007,1,3,'Ildeana Delgado',NULL,'2026-03-30 17:50:22','2026-03-30 17:50:22'),(13,'2026-03-31',935,1,3,'Ildeana Delgado',NULL,'2026-03-31 10:30:00','2026-03-31 10:30:16'),(14,'2026-03-31',1913,1,3,'Ildeana Delgado',NULL,'2026-03-31 10:30:07','2026-03-31 10:30:07'),(15,'2026-03-31',902,1,3,'Ildeana Delgado',NULL,'2026-03-31 10:30:09','2026-03-31 10:30:09'),(16,'2026-03-31',3,1,3,'Ildeana Delgado',NULL,'2026-03-31 10:30:13','2026-03-31 10:30:13'),(17,'2026-03-31',508,1,3,'Ildeana Delgado',NULL,'2026-03-31 10:30:18','2026-03-31 10:30:18'),(18,'2026-03-31',1899,1,3,'Ildeana Delgado',NULL,'2026-03-31 10:30:20','2026-03-31 10:30:20'),(19,'2026-03-31',2006,1,3,'Ildeana Delgado',NULL,'2026-03-31 10:30:41','2026-03-31 10:30:41'),(20,'2026-03-31',2030,1,3,'Ildeana Delgado',NULL,'2026-03-31 10:30:43','2026-03-31 10:30:43'),(21,'2026-03-31',2007,1,3,'Ildeana Delgado',NULL,'2026-03-31 10:30:45','2026-03-31 10:30:45'),(22,'2026-03-31',1762,1,3,'Ildeana Delgado',NULL,'2026-03-31 10:30:47','2026-03-31 10:30:55'),(23,'2026-03-31',4,1,3,'Ildeana Delgado',NULL,'2026-03-31 10:30:49','2026-03-31 10:30:49'),(24,'2026-03-31',2008,1,3,'Ildeana Delgado',NULL,'2026-03-31 10:30:52','2026-03-31 10:30:52'),(25,'2026-04-01',935,1,3,'Ildeana Delgado',NULL,'2026-04-01 10:31:59','2026-04-01 10:31:59'),(26,'2026-04-01',1913,1,3,'Ildeana Delgado',NULL,'2026-04-01 10:32:00','2026-04-01 10:32:00'),(27,'2026-04-01',902,1,3,'Ildeana Delgado',NULL,'2026-04-01 10:32:04','2026-04-01 10:32:04'),(28,'2026-04-01',3,1,3,'Ildeana Delgado',NULL,'2026-04-01 10:32:06','2026-04-01 10:32:06'),(29,'2026-04-01',1899,1,3,'Ildeana Delgado','NOTIFICO QUE VA A LLEGAR TARDE\r\nENTRO A LAS 12.30','2026-04-01 10:32:25','2026-04-01 13:31:53'),(30,'2026-04-01',508,1,3,'Ildeana Delgado',NULL,'2026-04-01 10:32:35','2026-04-01 10:32:35'),(31,'2026-04-01',2006,1,3,'Ildeana Delgado',NULL,'2026-04-01 10:32:38','2026-04-01 10:32:38'),(32,'2026-04-01',2030,1,3,'Ildeana Delgado',NULL,'2026-04-01 10:32:40','2026-04-01 10:32:40'),(33,'2026-04-01',2008,0,3,'Ildeana Delgado','NOTIFICO QUE NO ASISTIA VA AL MEDICO','2026-04-01 10:33:52','2026-04-01 10:33:52'),(34,'2026-04-01',2007,1,3,'Ildeana Delgado',NULL,'2026-04-01 10:33:57','2026-04-01 10:33:57'),(35,'2026-04-01',1762,1,3,'Ildeana Delgado',NULL,'2026-04-01 10:34:00','2026-04-01 10:34:00'),(36,'2026-04-01',4,1,3,'Ildeana Delgado',NULL,'2026-04-01 10:34:02','2026-04-01 10:34:02'),(37,'2026-04-02',935,1,3,'Ildeana Delgado',NULL,'2026-04-02 10:54:27','2026-04-02 10:54:27'),(38,'2026-04-02',1913,1,3,'Ildeana Delgado',NULL,'2026-04-02 10:54:30','2026-04-02 10:54:37'),(39,'2026-04-02',902,0,3,'Ildeana Delgado',NULL,'2026-04-02 10:54:34','2026-04-02 10:54:42'),(40,'2026-04-02',1899,1,3,'Ildeana Delgado',NULL,'2026-04-02 10:54:40','2026-04-02 10:54:40'),(41,'2026-04-02',3,1,3,'Ildeana Delgado',NULL,'2026-04-02 10:54:44','2026-04-02 10:54:44'),(42,'2026-04-02',508,1,3,'Ildeana Delgado',NULL,'2026-04-02 10:54:47','2026-04-02 10:54:47'),(43,'2026-04-02',2006,1,3,'Ildeana Delgado',NULL,'2026-04-02 10:54:49','2026-04-02 10:54:49'),(44,'2026-04-02',2030,1,3,'Ildeana Delgado',NULL,'2026-04-02 10:54:54','2026-04-02 10:54:54'),(45,'2026-04-02',2008,0,3,'Ildeana Delgado','NOTIFICO QUE NO VENIA','2026-04-02 10:55:42','2026-04-02 10:55:42'),(46,'2026-04-02',1762,0,3,'Ildeana Delgado',NULL,'2026-04-02 10:55:48','2026-04-02 10:55:54'),(47,'2026-04-02',4,1,3,'Ildeana Delgado',NULL,'2026-04-02 10:55:52','2026-04-02 10:55:52'),(48,'2026-04-06',935,1,3,'Ildeana Delgado',NULL,'2026-04-06 10:26:20','2026-04-06 10:27:43'),(49,'2026-04-06',1913,1,3,'Ildeana Delgado',NULL,'2026-04-06 10:26:24','2026-04-06 10:27:45'),(50,'2026-04-06',902,1,3,'Ildeana Delgado',NULL,'2026-04-06 10:26:27','2026-04-06 10:27:47'),(51,'2026-04-06',3,1,3,'Ildeana Delgado',NULL,'2026-04-06 10:26:28','2026-04-06 10:27:49'),(52,'2026-04-06',1899,1,3,'Ildeana Delgado',NULL,'2026-04-06 10:27:52','2026-04-06 10:27:52'),(53,'2026-04-06',2006,0,3,'Ildeana Delgado',NULL,'2026-04-06 10:27:57','2026-04-06 13:07:17'),(54,'2026-04-06',2030,1,3,'Ildeana Delgado',NULL,'2026-04-06 10:28:06','2026-04-06 10:28:06'),(55,'2026-04-06',2008,1,3,'Ildeana Delgado',NULL,'2026-04-06 10:28:09','2026-04-06 10:28:09'),(56,'2026-04-06',2007,1,3,'Ildeana Delgado',NULL,'2026-04-06 10:28:14','2026-04-06 10:28:14'),(57,'2026-04-06',1762,0,3,'Ildeana Delgado','retirada','2026-04-06 10:28:22','2026-04-06 10:28:22'),(58,'2026-04-06',4,1,3,'Ildeana Delgado',NULL,'2026-04-06 10:28:29','2026-04-06 10:28:29'),(59,'2026-04-06',508,0,3,'Ildeana Delgado','notifico que llegaba tarde no consigue trasnporte','2026-04-06 10:29:03','2026-04-06 10:29:03'),(60,'2026-04-07',935,1,3,'Ildeana Delgado',NULL,'2026-04-07 10:07:39','2026-04-07 10:07:39'),(61,'2026-04-07',1913,1,3,'Ildeana Delgado',NULL,'2026-04-07 10:07:41','2026-04-07 10:07:41'),(62,'2026-04-07',902,1,3,'Ildeana Delgado',NULL,'2026-04-07 10:07:43','2026-04-07 10:07:43'),(63,'2026-04-07',3,1,3,'Ildeana Delgado',NULL,'2026-04-07 10:07:45','2026-04-07 10:07:58'),(64,'2026-04-07',1899,1,3,'Ildeana Delgado',NULL,'2026-04-07 10:07:48','2026-04-07 10:07:48'),(65,'2026-04-07',2030,1,3,'Ildeana Delgado',NULL,'2026-04-07 10:07:50','2026-04-07 10:07:56'),(66,'2026-04-07',2008,1,3,'Ildeana Delgado',NULL,'2026-04-07 10:07:54','2026-04-07 10:07:54'),(67,'2026-04-07',1762,1,3,'Ildeana Delgado',NULL,'2026-04-07 10:08:00','2026-04-07 10:08:00'),(68,'2026-04-07',2007,1,3,'Ildeana Delgado',NULL,'2026-04-07 10:08:02','2026-04-07 10:08:02'),(69,'2026-04-07',4,1,3,'Ildeana Delgado',NULL,'2026-04-07 10:08:06','2026-04-07 10:08:06'),(70,'2026-04-07',2006,1,3,'Ildeana Delgado',NULL,'2026-04-07 10:37:30','2026-04-07 10:37:30'),(71,'2026-04-07',508,0,3,'Ildeana Delgado','NOTIFICO QUE ANDA PARA EL MEDICO','2026-04-07 10:37:59','2026-04-07 10:37:59'),(72,'2026-04-08',935,1,3,'Ildeana Delgado',NULL,'2026-04-08 10:26:48','2026-04-08 10:26:48'),(73,'2026-04-08',1913,1,3,'Ildeana Delgado',NULL,'2026-04-08 10:26:50','2026-04-08 10:26:50'),(74,'2026-04-08',3,1,3,'Ildeana Delgado',NULL,'2026-04-08 10:26:52','2026-04-08 10:26:52'),(75,'2026-04-08',902,1,3,'Ildeana Delgado',NULL,'2026-04-08 10:26:55','2026-04-08 10:26:55'),(76,'2026-04-08',508,0,3,'Ildeana Delgado','notifico que esta enferma','2026-04-08 10:27:07','2026-04-08 10:27:07'),(77,'2026-04-08',2030,1,3,'Ildeana Delgado',NULL,'2026-04-08 10:27:14','2026-04-08 10:27:14'),(78,'2026-04-08',2008,1,3,'Ildeana Delgado',NULL,'2026-04-08 10:27:16','2026-04-08 10:27:16'),(79,'2026-04-08',2007,1,3,'Ildeana Delgado',NULL,'2026-04-08 10:27:18','2026-04-08 10:27:18'),(80,'2026-04-08',4,1,3,'Ildeana Delgado','notifico que iva a llegar tarde','2026-04-08 10:27:21','2026-04-08 12:23:36'),(81,'2026-04-08',1899,1,3,'Ildeana Delgado',NULL,'2026-04-08 10:27:23','2026-04-08 10:27:23'),(82,'2026-04-08',2006,1,3,'Ildeana Delgado','llego 11.20','2026-04-08 12:38:54','2026-04-08 12:39:06'),(83,'2026-04-09',935,1,3,'Ildeana Delgado',NULL,'2026-04-09 09:59:05','2026-04-09 09:59:05'),(84,'2026-04-09',1913,1,3,'Ildeana Delgado','notifico que va a llegar tarde\r\nLLEGO A LAS 9.13','2026-04-09 09:59:20','2026-04-09 10:13:27'),(85,'2026-04-09',902,1,3,'Ildeana Delgado','notifico que llegaba tarde\r\nentro a la 1.08 pm','2026-04-09 09:59:38','2026-04-09 14:10:10'),(86,'2026-04-09',3,1,3,'Ildeana Delgado',NULL,'2026-04-09 09:59:42','2026-04-09 09:59:42'),(87,'2026-04-09',508,0,3,'Ildeana Delgado','ESTA HOSPITALIZADA','2026-04-09 10:00:03','2026-04-09 10:00:03'),(88,'2026-04-09',2030,1,3,'Ildeana Delgado',NULL,'2026-04-09 10:00:13','2026-04-09 10:00:13'),(89,'2026-04-09',2007,1,3,'Ildeana Delgado',NULL,'2026-04-09 10:00:21','2026-04-09 10:00:21'),(90,'2026-04-09',4,1,3,'Ildeana Delgado',NULL,'2026-04-09 10:00:33','2026-04-09 10:00:33'),(91,'2026-04-09',1899,1,3,'Ildeana Delgado',NULL,'2026-04-09 10:01:03','2026-04-09 10:01:03'),(92,'2026-04-09',1762,0,3,'Ildeana Delgado','RETIRADA','2026-04-09 10:02:08','2026-04-09 10:02:08'),(93,'2026-04-09',2008,1,3,'Ildeana Delgado',NULL,'2026-04-09 10:13:11','2026-04-09 10:13:11'),(94,'2026-04-09',2006,1,3,'Ildeana Delgado','LLEGO A LAS 10.30','2026-04-09 11:37:26','2026-04-09 11:37:41'),(95,'2026-04-10',935,1,3,'Ildeana Delgado',NULL,'2026-04-10 09:59:54','2026-04-10 09:59:54'),(96,'2026-04-10',1913,1,4,'Yulimar Pelayo 52','entro a las 9.18','2026-04-10 09:59:56','2026-04-10 10:19:19'),(97,'2026-04-10',902,1,3,'Ildeana Delgado',NULL,'2026-04-10 09:59:58','2026-04-10 09:59:58'),(98,'2026-04-10',3,1,3,'Ildeana Delgado',NULL,'2026-04-10 10:00:00','2026-04-10 10:00:00'),(99,'2026-04-10',1899,1,3,'Ildeana Delgado',NULL,'2026-04-10 10:00:02','2026-04-10 10:00:02'),(100,'2026-04-10',508,0,3,'Ildeana Delgado','hospitalizada','2026-04-10 10:00:11','2026-04-10 10:00:11'),(101,'2026-04-10',2030,1,3,'Ildeana Delgado',NULL,'2026-04-10 10:00:36','2026-04-10 10:00:36'),(102,'2026-04-10',2008,0,3,'Ildeana Delgado','permiso por operacion','2026-04-10 10:00:49','2026-04-10 10:00:49'),(103,'2026-04-10',2007,1,3,'Ildeana Delgado',NULL,'2026-04-10 10:00:55','2026-04-10 10:00:55'),(104,'2026-04-10',1762,0,3,'Ildeana Delgado','retirada','2026-04-10 10:01:03','2026-04-10 10:01:03'),(105,'2026-04-10',4,1,3,'Ildeana Delgado',NULL,'2026-04-10 10:01:07','2026-04-10 10:01:07'),(106,'2026-04-10',2006,1,3,'Ildeana Delgado','llego a las 10.00 no notifico','2026-04-10 11:04:34','2026-04-10 11:04:50'),(107,'2026-04-11',2036,1,3,'Ildeana Delgado',NULL,'2026-04-11 10:21:04','2026-04-11 10:21:04'),(108,'2026-04-11',935,1,3,'Ildeana Delgado',NULL,'2026-04-11 10:21:05','2026-04-11 10:21:05'),(109,'2026-04-11',1913,1,3,'Ildeana Delgado','notifico que va a llegar tarde\r\nllego 9.30','2026-04-11 10:21:25','2026-04-11 10:36:54'),(110,'2026-04-11',902,1,4,'Yulimar Pelayo 52',NULL,'2026-04-11 10:21:30','2026-04-11 10:36:02'),(111,'2026-04-11',3,1,3,'Ildeana Delgado',NULL,'2026-04-11 10:21:33','2026-04-11 10:21:33'),(112,'2026-04-11',508,0,3,'Ildeana Delgado','hospitalizada','2026-04-11 10:21:39','2026-04-11 10:21:51'),(113,'2026-04-11',1899,1,3,'Ildeana Delgado',NULL,'2026-04-11 10:21:43','2026-04-11 10:21:43'),(114,'2026-04-11',2030,1,4,'Yulimar Pelayo 52',NULL,'2026-04-11 10:21:56','2026-04-11 10:35:50'),(115,'2026-04-11',2008,0,3,'Ildeana Delgado','reposo','2026-04-11 10:22:03','2026-04-11 10:30:52'),(116,'2026-04-11',2007,1,3,'Ildeana Delgado',NULL,'2026-04-11 10:22:08','2026-04-11 10:22:08'),(117,'2026-04-11',4,1,3,'Ildeana Delgado',NULL,'2026-04-11 10:22:11','2026-04-11 10:22:11'),(118,'2026-04-11',2006,1,4,'Yulimar Pelayo 52','LLEGO 9.35 AM','2026-04-11 10:35:08','2026-04-11 10:37:10'),(119,'2026-04-13',2036,1,4,'Yulimar Pelayo 52',NULL,'2026-04-13 10:00:48','2026-04-13 10:06:34'),(120,'2026-04-13',1913,1,4,'Yulimar Pelayo 52',NULL,'2026-04-13 10:00:52','2026-04-13 10:06:37'),(121,'2026-04-13',902,1,4,'Yulimar Pelayo 52',NULL,'2026-04-13 10:00:54','2026-04-13 10:06:39'),(122,'2026-04-13',1899,1,4,'Yulimar Pelayo 52',NULL,'2026-04-13 10:00:57','2026-04-13 10:06:41'),(123,'2026-04-13',4,1,4,'Yulimar Pelayo 52',NULL,'2026-04-13 10:01:05','2026-04-13 10:06:48'),(124,'2026-04-13',2006,1,4,'Yulimar Pelayo 52','llego 9.30','2026-04-13 10:44:14','2026-04-13 10:44:36'),(125,'2026-04-13',935,1,4,'Yulimar Pelayo 52',NULL,'2026-04-13 12:59:56','2026-04-13 12:59:56'),(126,'2026-04-13',3,1,4,'Yulimar Pelayo 52',NULL,'2026-04-13 12:59:58','2026-04-13 12:59:58'),(127,'2026-04-13',2030,1,4,'Yulimar Pelayo 52',NULL,'2026-04-13 13:00:01','2026-04-13 13:00:01'),(128,'2026-04-14',2036,1,4,'Yulimar Pelayo 52',NULL,'2026-04-14 10:21:39','2026-04-14 10:21:39'),(129,'2026-04-14',1913,1,4,'Yulimar Pelayo 52',NULL,'2026-04-14 10:21:43','2026-04-14 10:21:43'),(130,'2026-04-14',902,1,4,'Yulimar Pelayo 52',NULL,'2026-04-14 10:21:45','2026-04-14 10:21:45'),(131,'2026-04-14',3,1,4,'Yulimar Pelayo 52',NULL,'2026-04-14 10:21:47','2026-04-14 10:21:47'),(132,'2026-04-14',1899,1,4,'Yulimar Pelayo 52',NULL,'2026-04-14 10:21:50','2026-04-14 10:21:50'),(133,'2026-04-14',2030,1,4,'Yulimar Pelayo 52',NULL,'2026-04-14 10:21:51','2026-04-14 10:21:51'),(134,'2026-04-14',4,1,4,'Yulimar Pelayo 52',NULL,'2026-04-14 10:21:54','2026-04-14 10:21:54'),(135,'2026-04-14',935,1,4,'Yulimar Pelayo 52',NULL,'2026-04-14 10:21:56','2026-04-14 10:21:56'),(136,'2026-04-14',2007,1,4,'Yulimar Pelayo 52',NULL,'2026-04-14 10:21:58','2026-04-14 10:21:58'),(137,'2026-04-14',2006,1,4,'Yulimar Pelayo 52',NULL,'2026-04-14 10:22:00','2026-04-14 10:22:00'),(138,'2026-04-15',2036,1,4,'Yulimar Pelayo 52',NULL,'2026-04-15 10:17:49','2026-04-15 10:17:49'),(139,'2026-04-15',935,1,4,'Yulimar Pelayo 52',NULL,'2026-04-15 10:17:51','2026-04-15 10:17:51'),(140,'2026-04-15',3,1,4,'Yulimar Pelayo 52',NULL,'2026-04-15 10:17:53','2026-04-15 10:17:53'),(141,'2026-04-15',902,1,4,'Yulimar Pelayo 52',NULL,'2026-04-15 10:17:55','2026-04-15 10:17:55'),(142,'2026-04-15',2006,1,4,'Yulimar Pelayo 52',NULL,'2026-04-15 10:17:57','2026-04-15 10:17:57'),(143,'2026-04-15',1899,1,4,'Yulimar Pelayo 52',NULL,'2026-04-15 10:17:59','2026-04-15 10:17:59'),(144,'2026-04-15',4,1,4,'Yulimar Pelayo 52',NULL,'2026-04-15 10:18:01','2026-04-15 10:18:01'),(145,'2026-04-15',2030,1,4,'Yulimar Pelayo 52',NULL,'2026-04-15 10:18:03','2026-04-15 10:18:03'),(146,'2026-04-15',2007,1,4,'Yulimar Pelayo 52',NULL,'2026-04-15 10:18:05','2026-04-15 10:18:05'),(147,'2026-04-15',1913,1,3,'Ildeana Delgado','entro retardado a las 9.30','2026-04-15 10:29:30','2026-04-15 10:30:45'),(148,'2026-04-15',2008,0,3,'Ildeana Delgado','reposo','2026-04-15 10:30:56','2026-04-15 10:30:56'),(149,'2026-04-16',2036,1,4,'Yulimar Pelayo 52',NULL,'2026-04-16 10:32:23','2026-04-16 10:32:35'),(150,'2026-04-16',935,1,4,'Yulimar Pelayo 52',NULL,'2026-04-16 10:32:28','2026-04-16 10:32:38'),(151,'2026-04-16',1913,1,4,'Yulimar Pelayo 52',NULL,'2026-04-16 10:32:31','2026-04-16 10:32:40'),(152,'2026-04-16',3,1,3,'Ildeana Delgado',NULL,'2026-04-16 10:32:42','2026-04-16 10:32:54'),(153,'2026-04-16',2030,1,4,'Yulimar Pelayo 52','mando mensaje que llegaba tarde, llego 10.43am','2026-04-16 10:32:45','2026-04-16 11:43:39'),(154,'2026-04-16',2008,1,3,'Ildeana Delgado','se retiro a las 3.12 se sintio mal','2026-04-16 10:32:49','2026-04-16 16:12:47'),(155,'2026-04-16',902,1,4,'Yulimar Pelayo 52','notifico que va a llegar tarde, llego 10.25am','2026-04-16 10:32:49','2026-04-16 11:28:41'),(156,'2026-04-16',4,1,3,'Ildeana Delgado',NULL,'2026-04-16 10:32:52','2026-04-16 10:34:20'),(157,'2026-04-16',2007,1,3,'Ildeana Delgado',NULL,'2026-04-16 10:32:55','2026-04-16 10:34:18'),(158,'2026-04-16',1899,1,4,'Yulimar Pelayo 52','mando mensaje que venia despues del mediodia, llego 11.14am','2026-04-16 10:33:12','2026-04-16 12:15:30'),(159,'2026-04-16',2006,1,3,'Ildeana Delgado','notifico a yuli que iva al colegio llego a las 12 am','2026-04-16 10:33:32','2026-04-16 16:12:25'),(160,'2026-04-17',2036,1,3,'Ildeana Delgado',NULL,'2026-04-17 10:26:30','2026-04-17 10:26:30'),(161,'2026-04-17',935,1,3,'Ildeana Delgado',NULL,'2026-04-17 10:26:32','2026-04-17 10:26:32'),(162,'2026-04-17',3,1,3,'Ildeana Delgado',NULL,'2026-04-17 10:26:34','2026-04-17 10:26:34'),(163,'2026-04-17',902,1,3,'Ildeana Delgado',NULL,'2026-04-17 10:26:36','2026-04-17 10:26:36'),(164,'2026-04-17',1899,1,3,'Ildeana Delgado',NULL,'2026-04-17 10:26:39','2026-04-17 10:26:39'),(165,'2026-04-17',2030,0,3,'Ildeana Delgado',NULL,'2026-04-17 10:26:43','2026-04-17 10:26:54'),(166,'2026-04-17',2007,1,3,'Ildeana Delgado',NULL,'2026-04-17 10:26:45','2026-04-17 10:26:45'),(167,'2026-04-17',2006,1,3,'Ildeana Delgado',NULL,'2026-04-17 10:26:47','2026-04-17 10:26:47'),(168,'2026-04-17',2008,1,3,'Ildeana Delgado',NULL,'2026-04-17 10:26:51','2026-04-17 10:26:51'),(169,'2026-04-17',4,1,3,'Ildeana Delgado',NULL,'2026-04-17 10:26:55','2026-04-17 10:26:55'),(170,'2026-04-17',1913,1,4,'Yulimar Pelayo 52','notifico que llegaba tarde, LLEGO 10.49AM','2026-04-17 10:26:58','2026-04-17 11:49:52'),(171,'2026-04-18',2036,1,4,'Yulimar Pelayo 52',NULL,'2026-04-18 10:33:46','2026-04-18 10:33:46'),(172,'2026-04-18',935,1,4,'Yulimar Pelayo 52',NULL,'2026-04-18 10:33:48','2026-04-18 10:33:48'),(173,'2026-04-18',902,1,4,'Yulimar Pelayo 52',NULL,'2026-04-18 10:33:50','2026-04-18 10:33:50'),(174,'2026-04-18',3,1,4,'Yulimar Pelayo 52',NULL,'2026-04-18 10:33:52','2026-04-18 10:33:52'),(175,'2026-04-18',1913,1,4,'Yulimar Pelayo 52',NULL,'2026-04-18 10:33:54','2026-04-18 10:33:54'),(176,'2026-04-18',2030,1,4,'Yulimar Pelayo 52',NULL,'2026-04-18 10:33:57','2026-04-18 10:33:57'),(177,'2026-04-18',1899,1,4,'Yulimar Pelayo 52',NULL,'2026-04-18 10:33:59','2026-04-18 10:33:59'),(178,'2026-04-18',2006,1,4,'Yulimar Pelayo 52',NULL,'2026-04-18 10:34:01','2026-04-18 10:34:01'),(179,'2026-04-18',2008,1,4,'Yulimar Pelayo 52',NULL,'2026-04-18 10:34:03','2026-04-18 10:34:03'),(180,'2026-04-18',4,1,4,'Yulimar Pelayo 52',NULL,'2026-04-18 10:34:05','2026-04-18 10:34:05'),(181,'2026-04-18',2007,1,4,'Yulimar Pelayo 52',NULL,'2026-04-18 10:34:07','2026-04-18 10:34:07'),(182,'2026-04-20',2036,1,4,'Yulimar Pelayo 52',NULL,'2026-04-20 09:51:29','2026-04-20 09:51:29'),(183,'2026-04-20',935,1,4,'Yulimar Pelayo 52',NULL,'2026-04-20 09:51:31','2026-04-20 09:51:31'),(184,'2026-04-20',902,1,4,'Yulimar Pelayo 52',NULL,'2026-04-20 09:51:33','2026-04-20 09:51:33'),(185,'2026-04-20',3,1,4,'Yulimar Pelayo 52',NULL,'2026-04-20 09:51:35','2026-04-20 09:51:35'),(186,'2026-04-20',1899,1,4,'Yulimar Pelayo 52',NULL,'2026-04-20 09:51:37','2026-04-20 09:51:37'),(187,'2026-04-20',2007,1,4,'Yulimar Pelayo 52',NULL,'2026-04-20 09:51:39','2026-04-20 09:51:39'),(188,'2026-04-20',4,1,4,'Yulimar Pelayo 52',NULL,'2026-04-20 09:51:41','2026-04-20 09:51:41'),(189,'2026-04-20',1913,1,3,'Ildeana Delgado','llego a las 9.12','2026-04-20 10:12:15','2026-04-20 10:12:19'),(190,'2026-04-20',2008,1,3,'Ildeana Delgado','llego a las 9.05','2026-04-20 10:13:30','2026-04-20 10:13:41'),(191,'2026-04-20',2006,1,3,'Ildeana Delgado','llego 9','2026-04-20 10:13:34','2026-04-20 10:54:04'),(192,'2026-04-20',2030,1,3,'Ildeana Delgado','llego a las 9.54','2026-04-20 10:53:51','2026-04-20 10:54:18'),(193,'2026-04-21',2036,1,3,'Ildeana Delgado',NULL,'2026-04-21 10:16:57','2026-04-21 10:16:57'),(194,'2026-04-21',1913,1,3,'Ildeana Delgado',NULL,'2026-04-21 10:16:59','2026-04-21 10:16:59'),(195,'2026-04-21',902,1,3,'Ildeana Delgado',NULL,'2026-04-21 10:17:02','2026-04-21 10:17:02'),(196,'2026-04-21',935,1,3,'Ildeana Delgado',NULL,'2026-04-21 10:17:06','2026-04-21 10:17:06'),(197,'2026-04-21',2030,1,3,'Ildeana Delgado',NULL,'2026-04-21 10:17:08','2026-04-21 10:17:08'),(198,'2026-04-21',2007,1,3,'Ildeana Delgado',NULL,'2026-04-21 10:17:11','2026-04-21 10:17:11'),(199,'2026-04-21',4,1,3,'Ildeana Delgado',NULL,'2026-04-21 10:17:13','2026-04-21 10:17:13'),(200,'2026-04-21',1899,1,3,'Ildeana Delgado',NULL,'2026-04-21 10:17:16','2026-04-21 10:17:16'),(201,'2026-04-21',3,1,3,'Ildeana Delgado',NULL,'2026-04-21 10:17:17','2026-04-21 10:17:17'),(202,'2026-04-21',2008,1,3,'Ildeana Delgado',NULL,'2026-04-21 10:17:20','2026-04-21 10:17:20'),(203,'2026-04-21',2006,1,4,'Yulimar Pelayo 52',NULL,'2026-04-21 12:52:47','2026-04-21 12:52:47');
/*!40000 ALTER TABLE `app_attendance` ENABLE KEYS */;
UNLOCK TABLES;

--
-- Table structure for table `app_employee_points_history`
--

DROP TABLE IF EXISTS `app_employee_points_history`;
/*!40101 SET @saved_cs_client     = @@character_set_client */;
/*!40101 SET character_set_client = utf8 */;
CREATE TABLE `app_employee_points_history` (
  `id` int(11) unsigned NOT NULL AUTO_INCREMENT,
  `employee_id` int(11) unsigned NOT NULL,
  `points_delta` int(11) NOT NULL DEFAULT '0',
  `balance_after` int(11) NOT NULL DEFAULT '0',
  `source_label` varchar(120) DEFAULT NULL,
  `reason` text,
  `created_by_employee_id` int(11) unsigned DEFAULT NULL,
  `created_by_name` varchar(160) DEFAULT NULL,
  `created_at` datetime NOT NULL,
  PRIMARY KEY (`id`),
  KEY `employee_id_created_at` (`employee_id`,`created_at`)
) ENGINE=InnoDB DEFAULT CHARSET=utf8;
/*!40101 SET character_set_client = @saved_cs_client */;

--
-- Dumping data for table `app_employee_points_history`
--

LOCK TABLES `app_employee_points_history` WRITE;
/*!40000 ALTER TABLE `app_employee_points_history` DISABLE KEYS */;
/*!40000 ALTER TABLE `app_employee_points_history` ENABLE KEYS */;
UNLOCK TABLES;

--
-- Table structure for table `app_notifications`
--

DROP TABLE IF EXISTS `app_notifications`;
/*!40101 SET @saved_cs_client     = @@character_set_client */;
/*!40101 SET character_set_client = utf8 */;
CREATE TABLE `app_notifications` (
  `id` int(11) unsigned NOT NULL AUTO_INCREMENT,
  `message` text NOT NULL,
  `created_by_employee_id` int(11) unsigned DEFAULT NULL,
  `created_by_name` varchar(160) DEFAULT NULL,
  `created_at` datetime NOT NULL,
  `is_reviewed` tinyint(1) NOT NULL DEFAULT '0',
  `reviewed_at` datetime DEFAULT NULL,
  `reviewed_by_employee_id` int(11) unsigned DEFAULT NULL,
  `reviewed_by_name` varchar(160) DEFAULT NULL,
  PRIMARY KEY (`id`),
  KEY `created_at` (`created_at`)
) ENGINE=InnoDB AUTO_INCREMENT=14 DEFAULT CHARSET=utf8;
/*!40101 SET character_set_client = @saved_cs_client */;

--
-- Dumping data for table `app_notifications`
--

LOCK TABLES `app_notifications` WRITE;
/*!40000 ALTER TABLE `app_notifications` DISABLE KEYS */;
INSERT INTO `app_notifications` VALUES (1,'gjhghjh',508,'Mery Avila 04','2026-03-30 16:57:36',1,'2026-03-30 17:46:22',3,'Ildeana Delgado'),(2,'gjhghjh',508,'Mery Avila 04','2026-03-30 16:57:39',1,'2026-03-30 17:46:33',3,'Ildeana Delgado'),(3,'gjhghjh',508,'Mery Avila 04','2026-03-30 16:57:42',1,'2026-03-30 17:46:20',3,'Ildeana Delgado'),(4,'htthuh',508,'Mery Avila 04','2026-03-30 16:57:56',1,'2026-03-30 17:46:30',3,'Ildeana Delgado'),(5,'chv',508,'Mery Avila 04','2026-03-30 17:26:46',1,'2026-03-30 17:46:28',3,'Ildeana Delgado'),(6,'chv',508,'Mery Avila 04','2026-03-30 17:26:49',1,'2026-03-30 17:46:25',3,'Ildeana Delgado'),(7,'chv',508,'Mery Avila 04','2026-03-30 17:26:51',1,'2026-03-30 17:46:17',3,'Ildeana Delgado'),(8,'chv',508,'Mery Avila 04','2026-03-30 17:26:53',1,'2026-03-30 17:46:13',3,'Ildeana Delgado'),(9,'gkkgg',902,'Gley Cedeno 06','2026-03-30 17:29:12',1,'2026-03-30 17:46:16',3,'Ildeana Delgado'),(10,'gbhg',902,'Gley Cedeno 06','2026-03-30 17:29:21',1,'2026-03-30 17:46:10',3,'Ildeana Delgado'),(11,'se termino el cafe',1913,'Frank Lopez 11','2026-04-13 11:08:51',0,NULL,NULL,NULL),(12,'se termino el cafe',1913,'Frank Lopez 11','2026-04-13 11:08:55',0,NULL,NULL,NULL),(13,'se termino el cafe',1913,'Frank Lopez 11','2026-04-13 11:08:57',0,NULL,NULL,NULL);
/*!40000 ALTER TABLE `app_notifications` ENABLE KEYS */;
UNLOCK TABLES;

--
-- Table structure for table `app_settings`
--

DROP TABLE IF EXISTS `app_settings`;
/*!40101 SET @saved_cs_client     = @@character_set_client */;
/*!40101 SET character_set_client = utf8 */;
CREATE TABLE `app_settings` (
  `setting_key` varchar(100) NOT NULL,
  `setting_value` text,
  `updated_at` timestamp NULL DEFAULT NULL,
  PRIMARY KEY (`setting_key`)
) ENGINE=InnoDB DEFAULT CHARSET=utf8;
/*!40101 SET character_set_client = @saved_cs_client */;

--
-- Dumping data for table `app_settings`
--

LOCK TABLES `app_settings` WRITE;
/*!40000 ALTER TABLE `app_settings` DISABLE KEYS */;
INSERT INTO `app_settings` VALUES ('app_name','Visor','2026-03-23 05:54:58'),('company_name','Nombre Compania','2026-03-23 05:54:59'),('completion_counters_seeded','1','2026-03-30 18:05:50'),('discount_percent','50.00','2026-03-23 05:55:18'),('discount_percent_bs','20.00','2026-03-23 05:55:18'),('discount_percent_divisa','50.00','2026-03-23 05:55:18'),('goal_global_daily_amount','0','2026-03-23 05:54:59'),('goal_global_daily_enabled','0','2026-03-23 05:54:59'),('goal_global_monthly_amount','0','2026-03-23 05:54:59'),('goal_global_monthly_enabled','0','2026-03-23 05:54:59'),('goal_snapshot_last_offset','2','2026-04-21 22:35:43'),('goal_snapshot_last_run_at','1776807343','2026-04-21 22:35:43'),('goal_snapshot_lock_until','0','2026-04-21 22:35:43'),('sales_daily_limit','3','2026-03-23 05:54:59'),('sales_messages','[]','2026-03-23 05:54:59'),('sales_messages_no_sales','[]','2026-03-23 05:54:59'),('sales_messages_with_sales','[]','2026-03-23 05:54:59'),('task_last_run_at','1776807345','2026-04-21 22:35:45'),('task_lock_until','0','2026-04-21 22:35:45');
/*!40000 ALTER TABLE `app_settings` ENABLE KEYS */;
UNLOCK TABLES;

--
-- Table structure for table `app_user_preferences`
--

DROP TABLE IF EXISTS `app_user_preferences`;
/*!40101 SET @saved_cs_client     = @@character_set_client */;
/*!40101 SET character_set_client = utf8 */;
CREATE TABLE `app_user_preferences` (
  `employee_id` int(10) unsigned NOT NULL,
  `theme_color` varchar(20) NOT NULL DEFAULT '#4d74c3',
  `background_color` varchar(20) NOT NULL DEFAULT '#f6f7f9',
  `text_color` varchar(20) NOT NULL DEFAULT '#ffffff',
  `button_color` varchar(20) NOT NULL DEFAULT '#f47d2b',
  `price_divisa_size` decimal(6,2) NOT NULL DEFAULT '4.10',
  `price_bs_size` decimal(6,2) NOT NULL DEFAULT '1.45',
  `application_text_size` decimal(6,2) NOT NULL DEFAULT '1.00',
  `application_text_color` varchar(20) NOT NULL DEFAULT '#183247',
  `application_button_size` decimal(6,2) NOT NULL DEFAULT '1.12',
  `application_button_color` varchar(20) NOT NULL DEFAULT '#4d74c3',
  `application_menu_button_color` varchar(20) NOT NULL DEFAULT '#4d74c3',
  `application_menu_active_color` varchar(20) NOT NULL DEFAULT '#355ca8',
  `application_background_color` varchar(20) NOT NULL DEFAULT '#f6f7f9',
  `application_box_color` varchar(20) NOT NULL DEFAULT '#ffffff',
  `visor_product_name_size` decimal(6,2) NOT NULL DEFAULT '1.05',
  `visor_product_name_color` varchar(20) NOT NULL DEFAULT '#183247',
  `visor_price_divisa_size` decimal(6,2) NOT NULL DEFAULT '4.10',
  `visor_price_divisa_color` varchar(20) NOT NULL DEFAULT '#4d74c3',
  `visor_price_bs_size` decimal(6,2) NOT NULL DEFAULT '1.45',
  `visor_price_bs_color` varchar(20) NOT NULL DEFAULT '#617386',
  `visor_text_size` decimal(6,2) NOT NULL DEFAULT '1.00',
  `visor_text_color` varchar(20) NOT NULL DEFAULT '#617386',
  `visor_button_size` decimal(6,2) NOT NULL DEFAULT '1.00',
  `visor_button_color` varchar(20) NOT NULL DEFAULT '#f47d2b',
  `visor_background_color` varchar(20) NOT NULL DEFAULT '#f6f7f9',
  `visor_box_color` varchar(20) NOT NULL DEFAULT '#eef3f8',
  `updated_at` timestamp NULL DEFAULT NULL,
  PRIMARY KEY (`employee_id`)
) ENGINE=InnoDB DEFAULT CHARSET=utf8;
/*!40101 SET character_set_client = @saved_cs_client */;

--
-- Dumping data for table `app_user_preferences`
--

LOCK TABLES `app_user_preferences` WRITE;
/*!40000 ALTER TABLE `app_user_preferences` DISABLE KEYS */;
INSERT INTO `app_user_preferences` VALUES (508,'#4d74c3','#f6f7f9','#ffffff','#f47d2b',4.10,1.45,1.00,'#183247',1.12,'#4d74c3','#4d74c3','#355ca8','#f6f7f9','#ffffff',1.05,'#183247',4.10,'#000000',1.45,'#617386',1.00,'#617386',1.00,'#f47d2b','#00ff00','#eef3f8','2026-03-28 17:28:02'),(902,'#4d74c3','#f6f7f9','#ffffff','#f47d2b',4.10,1.45,1.00,'#5d3f91',1.12,'#4d74c3','#4d74c3','#355ca8','#f6f7f9','#ffffff',1.00,'#2e59f2',4.10,'#4d74c3',1.45,'#617386',1.00,'#617386',1.00,'#f47d2b','#000000','#eef3f8','2026-03-24 15:57:17'),(935,'#4d74c3','#f6f7f9','#ffffff','#f47d2b',4.10,1.45,1.00,'#183247',1.10,'#ff00ff','#00ffff','#000000','#ff00ff','#000000',1.00,'#183247',4.10,'#4d74c3',1.45,'#617386',1.00,'#000000',1.00,'#ffffff','#ff00ff','#eef3f8','2026-04-10 15:36:24'),(1762,'#4d74c3','#f6f7f9','#ffffff','#f47d2b',4.10,1.45,1.00,'#183247',1.12,'#4d74c3','#4d74c3','#355ca8','#f6f7f9','#ffffff',1.05,'#183247',4.10,'#4d74c3',4.00,'#000000',1.00,'#617386',1.00,'#f47d2b','#00ffff','#eef3f8','2026-03-23 22:07:36'),(1899,'#4d74c3','#f6f7f9','#ffffff','#f47d2b',4.10,1.45,1.00,'#183247',1.12,'#4d74c3','#4d74c3','#355ca8','#f6f7f9','#ffffff',2.00,'#183247',4.10,'#4d74c3',1.45,'#617386',1.00,'#617386',1.00,'#f47d2b','#000000','#eef3f8','2026-03-28 19:51:41'),(1913,'#4d74c3','#f6f7f9','#ffffff','#f47d2b',4.10,1.45,1.00,'#183247',1.12,'#4d74c3','#4d74c3','#355ca8','#f6f7f9','#ffffff',1.05,'#183247',4.10,'#4d74c3',1.45,'#617386',1.00,'#617386',1.00,'#f47d2b','#f6f7f9','#eef3f8','2026-03-23 16:41:16');
/*!40000 ALTER TABLE `app_user_preferences` ENABLE KEYS */;
UNLOCK TABLES;

--
-- Table structure for table `app_users`
--

DROP TABLE IF EXISTS `app_users`;
/*!40101 SET @saved_cs_client     = @@character_set_client */;
/*!40101 SET character_set_client = utf8 */;
CREATE TABLE `app_users` (
  `employee_id` int(10) unsigned NOT NULL,
  `username` varchar(255) DEFAULT NULL,
  `full_name` varchar(255) DEFAULT NULL,
  `is_enabled` tinyint(1) NOT NULL DEFAULT '1',
  `is_admin` tinyint(1) NOT NULL DEFAULT '0',
  `include_in_statistics` tinyint(1) DEFAULT '1',
  `permissions_json` longtext,
  `admin_permissions_json` longtext,
  `has_custom_goals` tinyint(1) NOT NULL DEFAULT '0',
  `goal_daily_enabled` tinyint(1) NOT NULL DEFAULT '0',
  `goal_monthly_enabled` tinyint(1) NOT NULL DEFAULT '0',
  `goal_daily_amount` decimal(12,2) NOT NULL DEFAULT '0.00',
  `goal_monthly_amount` decimal(12,2) NOT NULL DEFAULT '0.00',
  `completed_tasks_count` int(10) DEFAULT '0',
  `completed_goals_count` int(10) DEFAULT '0',
  `current_points` int(11) DEFAULT '0',
  `last_login_at` datetime DEFAULT NULL,
  `updated_at` timestamp NULL DEFAULT NULL,
  PRIMARY KEY (`employee_id`)
) ENGINE=InnoDB DEFAULT CHARSET=utf8;
/*!40101 SET character_set_client = @saved_cs_client */;

--
-- Dumping data for table `app_users`
--

LOCK TABLES `app_users` WRITE;
/*!40000 ALTER TABLE `app_users` DISABLE KEYS */;
INSERT INTO `app_users` VALUES (1,'admin','Peter Abboud',1,1,0,'{\"dashboard.view\":true,\"ventas.view\":true,\"ventas.rank.view\":true,\"metas.view\":true,\"metas.report.view\":true,\"personalizar.view\":true,\"personalizar.visor.view\":true,\"personalizar.aplicacion.view\":true,\"configuracion.view\":true,\"configuracion.descuentos.view\":true,\"configuracion.grupos.view\":true,\"configuracion.metas.view\":true,\"configuracion.ventas.view\":true,\"configuracion.empleados.view\":true}',NULL,0,0,0,0.00,0.00,1,0,0,'2026-04-13 19:25:07','2026-04-13 23:25:07'),(2,'buceina','Online 20',0,0,0,'{\"dashboard.view\":true,\"ventas.view\":false,\"ventas.rank.view\":false,\"metas.view\":false,\"metas.report.view\":false,\"personalizar.view\":true,\"personalizar.visor.view\":true,\"personalizar.aplicacion.view\":true,\"configuracion.view\":true,\"configuracion.descuentos.view\":true,\"configuracion.grupos.view\":false,\"configuracion.metas.view\":true,\"configuracion.ventas.view\":false,\"configuracion.empleados.view\":false}',NULL,0,0,0,0.00,0.00,0,0,0,'2026-03-23 02:43:08','2026-03-30 18:17:04'),(3,'caja1','Ildeana Delgado',1,1,1,'{\"dashboard.view\":false,\"ventas.view\":false,\"ventas.rank.view\":false,\"metas.view\":false,\"metas.report.view\":false,\"personalizar.view\":false,\"personalizar.visor.view\":false,\"personalizar.aplicacion.view\":false,\"configuracion.view\":false,\"configuracion.descuentos.view\":false,\"configuracion.grupos.view\":false,\"configuracion.metas.view\":false,\"configuracion.ventas.view\":false,\"configuracion.empleados.view\":false}','{\"supervisor.dashboard.view\":true,\"supervisor.asistencia.history.view\":false,\"supervisor.asistencia.view\":true,\"supervisor.metas.view\":true,\"supervisor.metas.details.view\":false,\"supervisor.metas.edit\":false,\"supervisor.metas.history.view\":false,\"supervisor.metas.create\":false,\"supervisor.metas.print\":false,\"supervisor.metas.export.view\":false,\"supervisor.tareas.view\":true,\"supervisor.tareas.templates.view\":false,\"supervisor.tareas.rules.view\":false,\"supervisor.tareas.export.view\":false,\"supervisor.tareas.verified.reactivate\":false,\"supervisor.grupos.view\":false,\"supervisor.empleados.view\":false,\"supervisor.notificaciones.view\":true,\"supervisor.global.view\":false,\"supervisor.configuracion.view\":false}',0,0,0,0.00,0.00,4,0,0,'2026-04-21 18:50:29','2026-04-21 22:50:29'),(4,'caja2','Yulimar Pelayo 52',1,1,1,'{\"dashboard.view\":false,\"ventas.view\":false,\"ventas.rank.view\":false,\"metas.view\":false,\"metas.report.view\":false,\"personalizar.view\":false,\"personalizar.visor.view\":false,\"personalizar.aplicacion.view\":false,\"configuracion.view\":false,\"configuracion.descuentos.view\":false,\"configuracion.grupos.view\":false,\"configuracion.metas.view\":false,\"configuracion.ventas.view\":false,\"configuracion.empleados.view\":false}','{\"supervisor.dashboard.view\":true,\"supervisor.asistencia.history.view\":false,\"supervisor.asistencia.view\":true,\"supervisor.metas.view\":true,\"supervisor.metas.details.view\":false,\"supervisor.metas.history.view\":false,\"supervisor.metas.create\":false,\"supervisor.metas.print\":false,\"supervisor.metas.export.view\":false,\"supervisor.tareas.view\":true,\"supervisor.tareas.templates.view\":false,\"supervisor.tareas.rules.view\":false,\"supervisor.tareas.export.view\":false,\"supervisor.tareas.verified.reactivate\":false,\"supervisor.grupos.view\":false,\"supervisor.empleados.view\":false,\"supervisor.notificaciones.view\":true,\"supervisor.global.view\":false,\"supervisor.configuracion.view\":false}',0,0,0,0.00,0.00,10,0,0,'2026-04-21 12:50:20','2026-04-21 16:50:20'),(508,'mery','Mery Avila 04',1,0,1,'{\"dashboard.view\":false,\"ventas.view\":true,\"ventas.rank.view\":true,\"metas.view\":true,\"metas.report.view\":false,\"personalizar.view\":true,\"personalizar.visor.view\":true,\"personalizar.aplicacion.view\":true,\"configuracion.view\":false,\"configuracion.descuentos.view\":false,\"configuracion.grupos.view\":false,\"configuracion.metas.view\":false,\"configuracion.ventas.view\":false,\"configuracion.empleados.view\":false}',NULL,0,0,0,0.00,0.00,28,0,0,'2026-04-02 15:27:35','2026-04-14 14:17:41'),(902,'gley','Gley Cedeno 06',1,0,1,'{\"dashboard.view\":false,\"ventas.view\":true,\"ventas.rank.view\":true,\"metas.view\":true,\"metas.report.view\":false,\"personalizar.view\":true,\"personalizar.visor.view\":true,\"personalizar.aplicacion.view\":true,\"configuracion.view\":false,\"configuracion.descuentos.view\":false,\"configuracion.grupos.view\":false,\"configuracion.metas.view\":false,\"configuracion.ventas.view\":false,\"configuracion.empleados.view\":false}',NULL,0,0,0,0.00,0.00,44,1,0,'2026-04-21 18:12:37','2026-04-21 22:12:37'),(935,'angeles','Ángeles Flores 07',1,0,1,'{\"dashboard.view\":false,\"ventas.view\":true,\"ventas.rank.view\":true,\"metas.view\":true,\"metas.report.view\":false,\"personalizar.view\":true,\"personalizar.visor.view\":true,\"personalizar.aplicacion.view\":true,\"configuracion.view\":false,\"configuracion.descuentos.view\":false,\"configuracion.grupos.view\":false,\"configuracion.metas.view\":false,\"configuracion.ventas.view\":false,\"configuracion.empleados.view\":false}',NULL,0,0,0,0.00,0.00,44,2,0,'2026-04-21 18:21:05','2026-04-21 22:21:05'),(1762,'sara','Sarah Armas 08',1,0,1,'{\"dashboard.view\":false,\"ventas.view\":true,\"ventas.rank.view\":true,\"metas.view\":true,\"metas.report.view\":false,\"personalizar.view\":true,\"personalizar.visor.view\":true,\"personalizar.aplicacion.view\":true,\"configuracion.view\":false,\"configuracion.descuentos.view\":false,\"configuracion.grupos.view\":false,\"configuracion.metas.view\":false,\"configuracion.ventas.view\":false,\"configuracion.empleados.view\":false}',NULL,0,0,0,0.00,0.00,31,0,0,'2026-04-02 11:02:54','2026-04-14 14:20:13'),(1899,'keiver','Keiber Silva 05',1,0,1,'{\"dashboard.view\":false,\"ventas.view\":true,\"ventas.rank.view\":true,\"metas.view\":true,\"metas.report.view\":false,\"personalizar.view\":true,\"personalizar.visor.view\":true,\"personalizar.aplicacion.view\":true,\"configuracion.view\":false,\"configuracion.descuentos.view\":false,\"configuracion.grupos.view\":false,\"configuracion.metas.view\":false,\"configuracion.ventas.view\":false,\"configuracion.empleados.view\":false}',NULL,0,0,0,0.00,0.00,45,0,0,'2026-04-21 18:35:42','2026-04-21 22:35:42'),(1913,'frank','Frank Lopez 11',1,0,1,'{\"dashboard.view\":false,\"ventas.view\":true,\"ventas.rank.view\":true,\"metas.view\":true,\"metas.report.view\":false,\"personalizar.view\":true,\"personalizar.visor.view\":true,\"personalizar.aplicacion.view\":true,\"configuracion.view\":false,\"configuracion.descuentos.view\":false,\"configuracion.grupos.view\":false,\"configuracion.metas.view\":false,\"configuracion.ventas.view\":false,\"configuracion.empleados.view\":false}',NULL,0,0,0,0.00,0.00,46,0,0,'2026-04-21 17:53:00','2026-04-21 21:53:00'),(2006,'nicole','Nicole Alfonzo',1,0,1,'{\"dashboard.view\":false,\"ventas.view\":false,\"ventas.rank.view\":false,\"metas.view\":false,\"metas.report.view\":false,\"personalizar.view\":false,\"personalizar.visor.view\":false,\"personalizar.aplicacion.view\":false,\"configuracion.view\":false,\"configuracion.descuentos.view\":false,\"configuracion.grupos.view\":false,\"configuracion.metas.view\":false,\"configuracion.ventas.view\":false,\"configuracion.empleados.view\":false}',NULL,0,0,0,0.00,0.00,0,0,0,NULL,'2026-03-30 18:16:56'),(2007,'dfsg','Ramon Custodio',1,0,1,'{\"dashboard.view\":false,\"ventas.view\":false,\"ventas.rank.view\":false,\"metas.view\":false,\"metas.report.view\":false,\"personalizar.view\":false,\"personalizar.visor.view\":false,\"personalizar.aplicacion.view\":false,\"configuracion.view\":false,\"configuracion.descuentos.view\":false,\"configuracion.grupos.view\":false,\"configuracion.metas.view\":false,\"configuracion.ventas.view\":false,\"configuracion.empleados.view\":false}',NULL,0,0,0,0.00,0.00,0,0,0,NULL,'2026-03-30 18:17:31'),(2008,'dfth','Paola Lopez',1,0,1,'{\"dashboard.view\":false,\"ventas.view\":false,\"ventas.rank.view\":false,\"metas.view\":false,\"metas.report.view\":false,\"personalizar.view\":false,\"personalizar.visor.view\":false,\"personalizar.aplicacion.view\":false,\"configuracion.view\":false,\"configuracion.descuentos.view\":false,\"configuracion.grupos.view\":false,\"configuracion.metas.view\":false,\"configuracion.ventas.view\":false,\"configuracion.empleados.view\":false}',NULL,0,0,0,0.00,0.00,0,0,0,NULL,'2026-03-23 06:11:46'),(2009,'gfyhj','Caja',0,0,0,'{\"dashboard.view\":false,\"ventas.view\":false,\"ventas.rank.view\":false,\"metas.view\":false,\"metas.report.view\":false,\"personalizar.view\":false,\"personalizar.visor.view\":false,\"personalizar.aplicacion.view\":false,\"configuracion.view\":false,\"configuracion.descuentos.view\":false,\"configuracion.grupos.view\":false,\"configuracion.metas.view\":false,\"configuracion.ventas.view\":false,\"configuracion.empleados.view\":false}',NULL,0,0,0,0.00,0.00,0,0,0,NULL,'2026-03-30 18:11:28'),(2030,'osmer','Osmer Tremaria',1,0,1,NULL,NULL,0,0,0,0.00,0.00,0,0,0,'2026-04-08 10:09:53','2026-04-08 14:09:53'),(2036,'angel','Angel Marin',1,0,1,NULL,NULL,0,0,0,0.00,0.00,16,0,0,'2026-04-21 14:06:17','2026-04-21 18:06:17');
/*!40000 ALTER TABLE `app_users` ENABLE KEYS */;
UNLOCK TABLES;

--
-- Table structure for table `employee_group_members`
--

DROP TABLE IF EXISTS `employee_group_members`;
/*!40101 SET @saved_cs_client     = @@character_set_client */;
/*!40101 SET character_set_client = utf8 */;
CREATE TABLE `employee_group_members` (
  `id` int(10) unsigned NOT NULL AUTO_INCREMENT,
  `group_id` int(10) NOT NULL,
  `employee_id` int(10) NOT NULL,
  PRIMARY KEY (`id`)
) ENGINE=InnoDB AUTO_INCREMENT=37 DEFAULT CHARSET=utf8;
/*!40101 SET character_set_client = @saved_cs_client */;

--
-- Dumping data for table `employee_group_members`
--

LOCK TABLES `employee_group_members` WRITE;
/*!40000 ALTER TABLE `employee_group_members` DISABLE KEYS */;
INSERT INTO `employee_group_members` VALUES (22,3,2036),(23,3,935),(24,3,1913),(25,3,902),(26,3,1899),(27,4,2036),(28,4,935),(29,4,1913),(30,4,902),(31,4,1899),(32,2,2036),(33,2,1913),(34,2,1899),(35,1,935),(36,1,902);
/*!40000 ALTER TABLE `employee_group_members` ENABLE KEYS */;
UNLOCK TABLES;

--
-- Table structure for table `employee_groups`
--

DROP TABLE IF EXISTS `employee_groups`;
/*!40101 SET @saved_cs_client     = @@character_set_client */;
/*!40101 SET character_set_client = utf8 */;
CREATE TABLE `employee_groups` (
  `id` int(10) unsigned NOT NULL AUTO_INCREMENT,
  `name` varchar(255) NOT NULL DEFAULT '',
  `is_active` tinyint(1) NOT NULL DEFAULT '1',
  `color` varchar(20) NOT NULL DEFAULT '#4d74c3',
  `sort_order` int(10) NOT NULL DEFAULT '0',
  `created_at` datetime DEFAULT NULL,
  `updated_at` datetime DEFAULT NULL,
  PRIMARY KEY (`id`)
) ENGINE=InnoDB AUTO_INCREMENT=5 DEFAULT CHARSET=utf8;
/*!40101 SET character_set_client = @saved_cs_client */;

--
-- Dumping data for table `employee_groups`
--

LOCK TABLES `employee_groups` WRITE;
/*!40000 ALTER TABLE `employee_groups` DISABLE KEYS */;
INSERT INTO `employee_groups` VALUES (1,'Viejos',1,'#4d74c3',0,'2026-03-23 14:26:25','2026-04-13 10:00:07'),(2,'Nuevos',1,'#99afdb',0,'2026-03-23 14:26:47','2026-04-13 09:59:48'),(3,'Todos',1,'#4d74c3',0,'2026-03-30 16:34:35','2026-04-13 09:59:14'),(4,'Todos',1,'#22cc00',0,'2026-03-30 16:34:44','2026-04-13 09:59:32');
/*!40000 ALTER TABLE `employee_groups` ENABLE KEYS */;
UNLOCK TABLES;

--
-- Table structure for table `goal_definition_groups`
--

DROP TABLE IF EXISTS `goal_definition_groups`;
/*!40101 SET @saved_cs_client     = @@character_set_client */;
/*!40101 SET character_set_client = utf8 */;
CREATE TABLE `goal_definition_groups` (
  `id` int(10) unsigned NOT NULL AUTO_INCREMENT,
  `goal_id` int(10) NOT NULL,
  `group_id` int(10) NOT NULL,
  PRIMARY KEY (`id`)
) ENGINE=InnoDB AUTO_INCREMENT=12 DEFAULT CHARSET=utf8;
/*!40101 SET character_set_client = @saved_cs_client */;

--
-- Dumping data for table `goal_definition_groups`
--

LOCK TABLES `goal_definition_groups` WRITE;
/*!40000 ALTER TABLE `goal_definition_groups` DISABLE KEYS */;
INSERT INTO `goal_definition_groups` VALUES (4,3,2),(5,4,2),(8,2,1),(9,1,1),(10,8,1),(11,9,2);
/*!40000 ALTER TABLE `goal_definition_groups` ENABLE KEYS */;
UNLOCK TABLES;

--
-- Table structure for table `goal_definitions`
--

DROP TABLE IF EXISTS `goal_definitions`;
/*!40101 SET @saved_cs_client     = @@character_set_client */;
/*!40101 SET character_set_client = utf8 */;
CREATE TABLE `goal_definitions` (
  `id` int(10) unsigned NOT NULL AUTO_INCREMENT,
  `name` varchar(255) NOT NULL DEFAULT '',
  `is_active` tinyint(1) NOT NULL DEFAULT '1',
  `period_type` varchar(30) NOT NULL DEFAULT 'daily',
  `custom_period_start_date` date DEFAULT NULL,
  `custom_period_end_date` date DEFAULT NULL,
  `scope_type` varchar(30) NOT NULL DEFAULT 'general',
  `scope_id` int(10) DEFAULT NULL,
  `metric_type` varchar(30) NOT NULL DEFAULT 'amount',
  `goal_method` varchar(50) NOT NULL DEFAULT 'fixed',
  `goal_amount` decimal(12,2) NOT NULL DEFAULT '0.00',
  `goal_percent` decimal(12,2) NOT NULL DEFAULT '0.00',
  `display_mode` varchar(30) NOT NULL DEFAULT 'bar',
  `employee_mode` varchar(30) NOT NULL DEFAULT 'global',
  `employee_id` int(10) DEFAULT NULL,
  `group_id` int(10) DEFAULT NULL,
  `target_scope` varchar(30) NOT NULL DEFAULT 'individual',
  `sort_order` int(10) NOT NULL DEFAULT '0',
  `run_once` tinyint(1) NOT NULL DEFAULT '0',
  `run_once_mode` varchar(20) DEFAULT NULL,
  `run_once_start_date` date DEFAULT NULL,
  `run_once_end_date` date DEFAULT NULL,
  `active_period_key` varchar(50) DEFAULT NULL,
  `created_at` datetime DEFAULT NULL,
  `updated_at` datetime DEFAULT NULL,
  PRIMARY KEY (`id`)
) ENGINE=InnoDB AUTO_INCREMENT=11 DEFAULT CHARSET=utf8;
/*!40101 SET character_set_client = @saved_cs_client */;

--
-- Dumping data for table `goal_definitions`
--

LOCK TABLES `goal_definitions` WRITE;
/*!40000 ALTER TABLE `goal_definitions` DISABLE KEYS */;
INSERT INTO `goal_definitions` VALUES (1,'Ventas Diarias',0,'daily',NULL,NULL,'general',NULL,'amount','last_year_same_period_plus_percent',0.00,10.00,'bar','group',NULL,1,'individual',1,0,NULL,NULL,NULL,NULL,'2026-03-23 02:14:27','2026-03-30 14:07:50'),(2,'Articulos Diarios',0,'daily',NULL,NULL,'general',NULL,'quantity','last_year_same_period_plus_percent',0.00,10.00,'bar','group',NULL,1,'individual',1,0,NULL,NULL,NULL,NULL,'2026-03-23 02:15:22','2026-03-30 14:07:37'),(3,'Ventas Diarias 2026',0,'daily',NULL,NULL,'general',NULL,'amount','fixed',200.00,0.00,'bar','group',NULL,2,'individual',0,0,NULL,NULL,NULL,NULL,'2026-03-23 14:28:03','2026-03-30 14:07:56'),(4,'Artículos Diarios 2026',0,'daily',NULL,NULL,'general',NULL,'quantity','fixed',8.00,0.00,'bar','group',NULL,2,'individual',0,0,NULL,NULL,NULL,NULL,'2026-03-23 14:30:37','2026-03-30 14:07:43'),(5,'Franelas Quincenal',0,'biweekly',NULL,NULL,'general',NULL,'quantity','competitive_leader',0.00,0.00,'bar','global',NULL,NULL,'individual',0,0,NULL,NULL,NULL,NULL,'2026-03-23 14:32:01','2026-03-30 14:08:09'),(6,'Franelas Semanal',0,'biweekly',NULL,NULL,'general',NULL,'quantity','competitive_leader',0.00,0.00,'bar','global',NULL,NULL,'individual',0,0,NULL,NULL,NULL,NULL,'2026-03-23 14:32:08','2026-03-23 14:36:14'),(7,'Franelas Semanal',0,'biweekly',NULL,NULL,'general',NULL,'quantity','competitive_leader',0.00,0.00,'bar','global',NULL,NULL,'individual',0,0,NULL,NULL,NULL,NULL,'2026-03-23 14:32:09','2026-03-23 14:36:41'),(8,'Semanal',1,'weekly',NULL,NULL,'general',NULL,'amount','last_year_same_period_plus_percent',0.00,20.00,'bar','group',NULL,1,'individual',0,0,NULL,NULL,NULL,NULL,'2026-03-30 15:57:12','2026-03-30 15:57:12'),(9,'Semanal',1,'weekly',NULL,NULL,'general',NULL,'amount','fixed',1800.00,0.00,'bar','group',NULL,2,'individual',0,0,NULL,NULL,NULL,NULL,'2026-03-30 16:11:31','2026-03-30 16:11:31'),(10,'Mensual',1,'monthly',NULL,NULL,'general',NULL,'amount','last_year_same_period_plus_percent',0.00,40.00,'bar','global',NULL,NULL,'individual',0,0,NULL,NULL,NULL,NULL,'2026-03-30 16:38:56','2026-04-02 01:51:34');
/*!40000 ALTER TABLE `goal_definitions` ENABLE KEYS */;
UNLOCK TABLES;

--
-- Table structure for table `goal_snapshots`
--

DROP TABLE IF EXISTS `goal_snapshots`;
/*!40101 SET @saved_cs_client     = @@character_set_client */;
/*!40101 SET character_set_client = utf8 */;
CREATE TABLE `goal_snapshots` (
  `id` int(10) unsigned NOT NULL AUTO_INCREMENT,
  `goal_id` int(10) NOT NULL,
  `employee_id` int(10) NOT NULL,
  `period_type` varchar(30) NOT NULL DEFAULT '',
  `period_start` datetime NOT NULL,
  `period_end` datetime NOT NULL,
  `current_value` decimal(18,4) NOT NULL DEFAULT '0.0000',
  `target_value` decimal(18,4) NOT NULL DEFAULT '0.0000',
  `progress_ratio` decimal(8,6) NOT NULL DEFAULT '0.000000',
  `is_completed` tinyint(1) NOT NULL DEFAULT '0',
  `rank_position` int(10) NOT NULL DEFAULT '0',
  `created_at` datetime DEFAULT NULL,
  `updated_at` datetime DEFAULT NULL,
  PRIMARY KEY (`id`),
  KEY `goal_id` (`goal_id`),
  KEY `employee_id` (`employee_id`),
  KEY `goal_id_employee_id_period_start_period_end` (`goal_id`,`employee_id`,`period_start`,`period_end`)
) ENGINE=InnoDB AUTO_INCREMENT=34 DEFAULT CHARSET=utf8;
/*!40101 SET character_set_client = @saved_cs_client */;

--
-- Dumping data for table `goal_snapshots`
--

LOCK TABLES `goal_snapshots` WRITE;
/*!40000 ALTER TABLE `goal_snapshots` DISABLE KEYS */;
INSERT INTO `goal_snapshots` VALUES (1,4,1913,'daily','2026-03-01 00:00:00','2026-03-01 23:59:59',0.0000,8.0000,0.000000,0,0,'2026-03-30 14:06:09','2026-03-30 14:06:09'),(2,4,1899,'daily','2026-03-01 00:00:00','2026-03-01 23:59:59',0.0000,8.0000,0.000000,0,0,'2026-03-30 14:06:09','2026-03-30 14:06:09'),(3,4,1762,'daily','2026-03-01 00:00:00','2026-03-01 23:59:59',0.0000,8.0000,0.000000,0,0,'2026-03-30 14:06:09','2026-03-30 14:06:09'),(4,3,1913,'daily','2026-03-01 00:00:00','2026-03-01 23:59:59',0.0000,200.0000,0.000000,0,0,'2026-03-30 14:06:09','2026-03-30 14:06:09'),(5,3,1899,'daily','2026-03-01 00:00:00','2026-03-01 23:59:59',0.0000,200.0000,0.000000,0,0,'2026-03-30 14:06:10','2026-03-30 14:06:10'),(6,3,1762,'daily','2026-03-01 00:00:00','2026-03-01 23:59:59',0.0000,200.0000,0.000000,0,0,'2026-03-30 14:06:10','2026-03-30 14:06:10'),(7,2,935,'daily','2026-03-01 00:00:00','2026-03-01 23:59:59',0.0000,0.0000,0.000000,0,0,'2026-03-30 14:06:10','2026-03-30 14:06:10'),(8,2,902,'daily','2026-03-01 00:00:00','2026-03-01 23:59:59',0.0000,0.0000,0.000000,0,0,'2026-03-30 14:06:10','2026-03-30 14:06:10'),(9,2,508,'daily','2026-03-01 00:00:00','2026-03-01 23:59:59',0.0000,0.0000,0.000000,0,0,'2026-03-30 14:06:10','2026-03-30 14:06:10'),(10,1,935,'daily','2026-03-01 00:00:00','2026-03-01 23:59:59',0.0000,0.0000,0.000000,0,0,'2026-03-30 14:06:10','2026-03-30 14:06:10'),(11,1,902,'daily','2026-03-01 00:00:00','2026-03-01 23:59:59',0.0000,0.0000,0.000000,0,0,'2026-03-30 14:06:10','2026-03-30 14:06:10'),(12,1,508,'daily','2026-03-01 00:00:00','2026-03-01 23:59:59',0.0000,0.0000,0.000000,0,0,'2026-03-30 14:06:10','2026-03-30 14:06:10'),(13,8,935,'weekly','2026-02-23 00:00:00','2026-03-01 23:59:59',2176.0680,1300.5240,1.000000,1,0,'2026-03-30 15:57:14','2026-03-30 15:57:14'),(14,8,902,'weekly','2026-02-23 00:00:00','2026-03-01 23:59:59',1277.8800,1399.0320,0.913403,0,0,'2026-03-30 15:57:14','2026-03-30 15:57:14'),(15,8,508,'weekly','2026-02-23 00:00:00','2026-03-01 23:59:59',1483.9580,1831.2000,0.810375,0,0,'2026-03-30 15:57:14','2026-03-30 15:57:14'),(16,9,1913,'weekly','2026-02-23 00:00:00','2026-03-01 23:59:59',848.8800,1800.0000,0.471600,0,0,'2026-03-30 16:11:34','2026-03-30 16:11:34'),(17,9,1899,'weekly','2026-02-23 00:00:00','2026-03-01 23:59:59',1165.3200,1800.0000,0.647400,0,0,'2026-03-30 16:11:34','2026-03-30 16:11:34'),(18,9,1762,'weekly','2026-02-23 00:00:00','2026-03-01 23:59:59',540.8680,1800.0000,0.300482,0,0,'2026-03-30 16:11:34','2026-03-30 16:11:34'),(19,8,935,'weekly','2026-03-02 00:00:00','2026-03-08 23:59:59',916.4320,1154.4000,0.793860,0,1,'2026-03-30 16:49:23','2026-03-30 16:49:23'),(20,8,935,'weekly','2026-03-09 00:00:00','2026-03-15 23:59:59',1019.4300,1041.6000,0.978715,0,1,'2026-03-30 16:49:23','2026-03-30 16:49:23'),(21,8,935,'weekly','2026-03-16 00:00:00','2026-03-22 23:59:59',1120.9240,2465.7960,0.454589,0,1,'2026-03-30 16:49:24','2026-03-30 16:49:24'),(22,8,935,'weekly','2026-03-23 00:00:00','2026-03-29 23:59:59',1320.6950,1467.3600,0.900048,0,1,'2026-03-30 16:49:24','2026-03-30 16:49:24'),(23,8,935,'weekly','2026-03-30 00:00:00','2026-04-05 23:59:59',731.9050,1576.8000,0.464171,0,0,'2026-04-01 10:31:45','2026-04-04 15:30:00'),(24,8,902,'weekly','2026-03-30 00:00:00','2026-04-05 23:59:59',1271.8370,990.0000,1.000000,1,0,'2026-04-01 10:31:45','2026-04-04 15:30:00'),(25,8,508,'weekly','2026-03-30 00:00:00','2026-04-05 23:59:59',462.6640,2098.8000,0.220442,0,0,'2026-04-01 10:31:45','2026-04-04 15:30:00'),(26,9,1913,'weekly','2026-03-30 00:00:00','2026-04-05 23:59:59',1404.7040,1800.0000,0.780391,0,0,'2026-04-01 10:31:45','2026-04-04 15:30:00'),(27,9,1899,'weekly','2026-03-30 00:00:00','2026-04-05 23:59:59',998.1210,1800.0000,0.554512,0,0,'2026-04-01 10:31:45','2026-04-04 15:30:00'),(28,9,1762,'weekly','2026-03-30 00:00:00','2026-04-05 23:59:59',831.8400,1800.0000,0.462133,0,0,'2026-04-01 10:31:45','2026-04-04 15:30:00'),(29,8,935,'weekly','2026-04-06 00:00:00','2026-04-12 23:59:59',1709.4800,2355.0000,0.725894,0,1,'2026-04-13 09:44:01','2026-04-13 09:44:01'),(30,9,2036,'weekly','2026-03-30 00:00:00','2026-04-05 23:59:59',0.0000,1800.0000,0.000000,0,0,'2026-04-13 10:00:25','2026-04-13 10:00:25'),(31,9,2036,'weekly','2026-04-06 00:00:00','2026-04-12 23:59:59',348.2000,1800.0000,0.193444,0,1,'2026-04-13 10:47:52','2026-04-13 10:47:52'),(32,9,2036,'weekly','2026-04-13 00:00:00','2026-04-19 23:59:59',685.9680,1800.0000,0.381093,0,1,'2026-04-20 09:51:04','2026-04-20 09:51:04'),(33,8,935,'weekly','2026-04-13 00:00:00','2026-04-19 23:59:59',1413.5310,1038.0000,1.000000,1,1,'2026-04-20 09:51:04','2026-04-20 09:51:04');
/*!40000 ALTER TABLE `goal_snapshots` ENABLE KEYS */;
UNLOCK TABLES;

--
-- Table structure for table `special_dates`
--

DROP TABLE IF EXISTS `special_dates`;
/*!40101 SET @saved_cs_client     = @@character_set_client */;
/*!40101 SET character_set_client = utf8 */;
CREATE TABLE `special_dates` (
  `id` int(10) unsigned NOT NULL AUTO_INCREMENT,
  `code` varchar(60) NOT NULL DEFAULT '',
  `category` varchar(80) NOT NULL DEFAULT '',
  `name` varchar(255) NOT NULL DEFAULT '',
  `calc_type` varchar(40) NOT NULL DEFAULT 'fixed',
  `calc_config_json` text,
  `is_active` tinyint(1) NOT NULL DEFAULT '1',
  `sort_order` int(10) NOT NULL DEFAULT '0',
  `created_at` datetime DEFAULT NULL,
  `updated_at` datetime DEFAULT NULL,
  PRIMARY KEY (`id`),
  KEY `code` (`code`)
) ENGINE=InnoDB AUTO_INCREMENT=30 DEFAULT CHARSET=utf8;
/*!40101 SET character_set_client = @saved_cs_client */;

--
-- Dumping data for table `special_dates`
--

LOCK TABLES `special_dates` WRITE;
/*!40000 ALTER TABLE `special_dates` DISABLE KEYS */;
INSERT INTO `special_dates` VALUES (1,'divina_pastora','Religiosa','Dia de la Divina Pastora','fixed','{\"month\":1,\"day\":14}',1,10,'2026-03-30 14:05:54','2026-04-21 22:38:27'),(2,'teachers_day','Gremial','Dia del Maestro','fixed','{\"month\":1,\"day\":15}',1,20,'2026-03-30 14:05:54','2026-04-21 22:38:27'),(3,'new_year','Civil','Ano Nuevo','fixed','{\"month\":1,\"day\":1}',1,30,'2026-03-30 14:05:54','2026-04-21 22:38:27'),(4,'virgen_candelaria','Religiosa','Virgen de la Candelaria','fixed','{\"month\":2,\"day\":2}',1,40,'2026-03-30 14:05:54','2026-04-21 22:38:27'),(5,'youth_day','Patria / Juvenil','Dia de la Juventud','fixed','{\"month\":2,\"day\":12}',1,50,'2026-03-30 14:05:54','2026-04-21 22:38:27'),(6,'love_friendship','Civil','Dia del Amor y la Amistad','fixed','{\"month\":2,\"day\":14}',1,60,'2026-03-30 14:05:54','2026-04-21 22:38:27'),(7,'carnival_monday','Religiosa','Lunes de Carnaval','easter_offset','{\"offset_days\":-48}',1,70,'2026-03-30 14:05:54','2026-04-21 22:38:27'),(8,'carnival_tuesday','Religiosa','Martes de Carnaval','easter_offset','{\"offset_days\":-47}',1,80,'2026-03-30 14:05:54','2026-04-21 22:38:27'),(9,'doctors_day','Gremial','Dia del Medico','fixed','{\"month\":3,\"day\":10}',1,90,'2026-03-30 14:05:54','2026-04-21 22:38:27'),(10,'san_jose','Religiosa','Dia de San Jose','fixed','{\"month\":3,\"day\":19}',1,100,'2026-03-30 14:05:54','2026-04-21 22:38:27'),(11,'independence_declaration','Patria','Declaracion de la Independencia','fixed','{\"month\":4,\"day\":19}',1,110,'2026-03-30 14:05:54','2026-04-21 22:38:27'),(12,'holy_thursday','Religiosa','Jueves Santo','easter_offset','{\"offset_days\":-3}',1,120,'2026-03-30 14:05:54','2026-04-21 22:38:27'),(13,'holy_friday','Religiosa','Viernes Santo','easter_offset','{\"offset_days\":-2}',1,130,'2026-03-30 14:05:54','2026-04-21 22:38:27'),(14,'labor_day','Civil','Dia del Trabajador','fixed','{\"month\":5,\"day\":1}',1,140,'2026-03-30 14:05:55','2026-04-21 22:38:27'),(15,'cruz_de_mayo','Tradicion','Cruz de Mayo','fixed','{\"month\":5,\"day\":3}',1,150,'2026-03-30 14:05:55','2026-04-21 22:38:27'),(16,'mothers_day','Homenaje','Dia de la Madre','nth_weekday_of_month','{\"month\":5,\"weekday\":0,\"nth\":2}',1,160,'2026-03-30 14:05:55','2026-04-21 22:38:27'),(17,'fathers_day','Homenaje','Dia del Padre','nth_weekday_of_month','{\"month\":6,\"weekday\":0,\"nth\":3}',1,170,'2026-03-30 14:05:55','2026-04-21 22:38:27'),(18,'carabobo','Patria','Batalla de Carabobo','fixed','{\"month\":6,\"day\":24}',1,180,'2026-03-30 14:05:55','2026-04-21 22:38:28'),(19,'journalists_day','Gremial','Dia del Periodista','fixed','{\"month\":6,\"day\":27}',1,190,'2026-03-30 14:05:55','2026-04-21 22:38:28'),(20,'childrens_day','Homenaje','Dia del Nino','nth_weekday_of_month','{\"month\":7,\"weekday\":0,\"nth\":3}',1,200,'2026-03-30 14:05:55','2026-04-21 22:38:28'),(21,'acta_independence','Patria','Firma del Acta de Independencia','fixed','{\"month\":7,\"day\":5}',1,210,'2026-03-30 14:05:55','2026-04-21 22:38:28'),(22,'bolivar_birth','Patria','Natalicio de Simon Bolivar','fixed','{\"month\":7,\"day\":24}',1,220,'2026-03-30 14:05:55','2026-04-21 22:38:28'),(23,'diablos_de_yare','Cultura','Diablos de Yare','easter_offset','{\"offset_days\":60}',1,230,'2026-03-30 14:05:55','2026-04-21 22:38:28'),(24,'virgen_valle','Religiosa','Virgen del Valle','fixed','{\"month\":9,\"day\":8}',1,240,'2026-03-30 14:05:55','2026-04-21 22:38:28'),(25,'indigenous_resistance','Patria','Dia de la Resistencia Indigena','fixed','{\"month\":10,\"day\":12}',1,250,'2026-03-30 14:05:55','2026-04-21 22:38:28'),(26,'chinita','Religiosa','Virgen de la Chinita','fixed','{\"month\":11,\"day\":18}',1,260,'2026-03-30 14:05:56','2026-04-21 22:38:28'),(27,'bolivar_death','Conmemorativa','Muerte de Simon Bolivar','fixed','{\"month\":12,\"day\":17}',1,270,'2026-03-30 14:05:56','2026-04-21 22:38:28'),(28,'christmas_eve','Religiosa','Nochebuena','fixed','{\"month\":12,\"day\":24}',1,280,'2026-03-30 14:05:56','2026-04-21 22:38:28'),(29,'christmas','Religiosa','Navidad','fixed','{\"month\":12,\"day\":25}',1,290,'2026-03-30 14:05:56','2026-04-21 22:38:28');
/*!40000 ALTER TABLE `special_dates` ENABLE KEYS */;
UNLOCK TABLES;

--
-- Table structure for table `task_assignment_items`
--

DROP TABLE IF EXISTS `task_assignment_items`;
/*!40101 SET @saved_cs_client     = @@character_set_client */;
/*!40101 SET character_set_client = utf8 */;
CREATE TABLE `task_assignment_items` (
  `id` int(10) unsigned NOT NULL AUTO_INCREMENT,
  `assignment_id` int(10) NOT NULL,
  `template_item_id` int(10) DEFAULT NULL,
  `name` varchar(255) NOT NULL DEFAULT '',
  `status` varchar(20) NOT NULL DEFAULT 'pending',
  `completed_at` datetime DEFAULT NULL,
  PRIMARY KEY (`id`),
  KEY `assignment_id` (`assignment_id`)
) ENGINE=InnoDB AUTO_INCREMENT=680 DEFAULT CHARSET=utf8;
/*!40101 SET character_set_client = @saved_cs_client */;

--
-- Dumping data for table `task_assignment_items`
--

LOCK TABLES `task_assignment_items` WRITE;
/*!40000 ALTER TABLE `task_assignment_items` DISABLE KEYS */;
INSERT INTO `task_assignment_items` VALUES (1,1,11,'Zapateria','completed','2026-03-30 17:40:09'),(2,1,17,'Camisaa L - Estante Frente - Pantalon 36','completed','2026-03-30 17:40:09'),(3,2,12,'Nivel PA - trajes','completed','2026-03-31 10:26:52'),(4,2,18,'Camisas XL - Estante Frente - Pantalon 38-40','completed','2026-03-31 10:26:52'),(5,3,13,'Nivel PA - trajes','completed','2026-03-30 17:30:42'),(6,3,19,'Franela L-XL-Gigantes - Estante Frente - Pantalon Gigantes','completed','2026-03-30 17:30:42'),(7,4,14,'Camisa MC - Camisas KE - Estante frente - Pantalones 28-30','completed','2026-03-30 17:34:18'),(8,4,20,'Franela S-M - Estante Frente - Medias','completed','2026-03-30 17:34:18'),(9,5,15,'Camisas S-SS - Estante frente - Pantalon 32','completed','2026-03-30 17:27:26'),(10,5,21,'Boxer - Medias Deportivas y Vestir','completed','2026-03-30 17:27:26'),(11,6,16,'Camisas M - Estante Frente - Pantalon 34','completed','2026-03-31 10:19:00'),(12,7,1,'Reloj - Carteras -Toallas','completed','2026-03-31 10:53:46'),(13,7,7,'Franela Franelillas Mono - Pantalones Bermuda','completed','2026-03-31 10:53:46'),(14,8,2,'Ropa intima - Bolsas - Vitrina Bebe','completed','2026-04-01 12:27:16'),(15,8,8,'Camisa Escolar y Vestir de Niño - Pantalon Vestir','completed','2026-04-01 12:27:16'),(16,9,3,'Conjunto Niño -Pañales - Estante franelas','completed','2026-03-31 15:29:38'),(17,9,9,'Burros de Blusas','completed','2026-03-31 15:29:38'),(18,10,4,'Estante Frenela Niños','completed','2026-03-31 18:11:47'),(19,10,10,'Pared Acanalada Bulsas','completed','2026-03-31 18:11:47'),(20,11,5,'Conjunto Niño','completed','2026-03-30 17:41:03'),(21,12,6,'Estante Pantalon Niño','completed','2026-03-31 15:48:34'),(22,13,0,'Arreglar, Organizar y Limpiar Caja','pending',NULL),(23,14,0,'Arreglar, Organizar y Limpiar Caja','pending',NULL),(24,15,0,'Arreglar, Organizar y Limpiar Caja','pending',NULL),(25,16,0,'Arreglar, Organizar y Limpiar Caja','completed','2026-03-30 17:43:29'),(26,17,0,'Arreglar, Organizar y Limpiar Caja','pending',NULL),(27,18,0,'Arreglar, Organizar y Limpiar Caja','pending',NULL),(28,19,0,'Arreglar, Organizar y Limpiar Caja','pending',NULL),(29,20,0,'Arreglar, Organizar y Limpiar Caja','pending',NULL),(30,21,0,'Arreglar, Organizar y Limpiar Caja','pending',NULL),(31,22,0,'Arreglar, Organizar y Limpiar Caja','pending',NULL),(32,23,0,'Arreglar, Organizar y Limpiar Caja','pending',NULL),(33,24,0,'Arreglar, Organizar y Limpiar Caja','pending',NULL),(34,25,0,'Arreglar, Organizar y Limpiar Caja','completed','2026-03-31 15:26:27'),(35,27,1,'Reloj - Carteras -Toallas','completed','2026-03-31 14:36:54'),(36,27,7,'Franela Franelillas Mono - Pantalones Bermuda','completed','2026-03-31 14:36:54'),(37,28,2,'Ropa intima - Bolsas - Vitrina Bebe','completed','2026-04-01 12:27:01'),(38,28,8,'Camisa Escolar y Vestir de Niño - Pantalon Vestir','completed','2026-04-01 12:27:01'),(39,29,3,'Conjunto Niño -Pañales - Estante franelas','completed','2026-03-31 15:28:57'),(40,29,9,'Burros de Blusas','completed','2026-03-31 15:28:57'),(41,30,4,'Estante Frenela Niños','completed','2026-03-31 17:10:47'),(42,30,10,'Pared Acanalada Bulsas','completed','2026-03-31 17:10:47'),(43,31,5,'Conjunto Niño','completed','2026-03-31 11:02:11'),(44,32,6,'Estante Pantalon Niño','completed','2026-03-31 14:02:34'),(45,33,11,'Zapateria','completed','2026-04-01 14:28:30'),(46,33,17,'Camisaa L - Estante Frente - Pantalon 36','completed','2026-04-01 14:28:30'),(47,34,12,'Nivel PA - trajes','completed','2026-03-31 11:56:37'),(48,34,18,'Camisas XL - Estante Frente - Pantalon 38-40','completed','2026-03-31 11:56:37'),(49,35,13,'Nivel PA - trajes','completed','2026-03-31 18:20:40'),(50,35,19,'Franela L-XL-Gigantes - Estante Frente - Pantalon Gigantes','completed','2026-03-31 18:20:40'),(51,36,14,'Camisa MC - Camisas KE - Estante frente - Pantalones 28-30','completed','2026-04-01 12:50:24'),(52,36,20,'Franela S-M - Estante Frente - Medias','completed','2026-04-01 12:50:24'),(53,37,15,'Camisas S-SS - Estante frente - Pantalon 32','completed','2026-03-31 15:33:18'),(54,37,21,'Boxer - Medias Deportivas y Vestir','completed','2026-03-31 15:33:18'),(55,38,16,'Camisas M - Estante Frente - Pantalon 34','completed','2026-03-31 16:15:06'),(56,39,0,'Arreglar, Organizar y Limpiar Caja','pending',NULL),(57,40,0,'Arreglar, Organizar y Limpiar Caja','pending',NULL),(58,41,0,'Arreglar, Organizar y Limpiar Caja','pending',NULL),(59,42,0,'Arreglar, Organizar y Limpiar Caja','pending',NULL),(60,43,0,'Arreglar, Organizar y Limpiar Caja','pending',NULL),(61,44,0,'Arreglar, Organizar y Limpiar Caja','pending',NULL),(62,45,0,'Arreglar, Organizar y Limpiar Caja','pending',NULL),(63,46,0,'Arreglar, Organizar y Limpiar Caja','pending',NULL),(64,47,0,'Arreglar, Organizar y Limpiar Caja','pending',NULL),(65,48,0,'Arreglar, Organizar y Limpiar Caja','pending',NULL),(66,49,0,'Arreglar, Organizar y Limpiar Caja','pending',NULL),(67,50,0,'Arreglar, Organizar y Limpiar Caja','pending',NULL),(68,51,0,'Arreglar, Organizar y Limpiar Caja','pending',NULL),(69,53,1,'Reloj - Carteras -Toallas','completed','2026-04-01 12:02:32'),(70,53,7,'Franela Franelillas Mono - Pantalones Bermuda','completed','2026-04-01 12:02:32'),(71,54,2,'Ropa intima - Bolsas - Vitrina Bebe','completed','2026-04-01 12:26:42'),(72,54,8,'Camisa Escolar y Vestir de Niño - Pantalon Vestir','completed','2026-04-01 12:26:42'),(73,55,3,'Conjunto Niño -Pañales - Estante franelas','completed','2026-04-01 13:15:03'),(74,55,9,'Burros de Blusas','completed','2026-04-01 13:15:03'),(75,56,4,'Estante Frenela Niños','completed','2026-04-01 16:12:35'),(76,56,10,'Pared Acanalada Bulsas','completed','2026-04-01 16:12:35'),(77,57,5,'Conjunto Niño','completed','2026-04-02 10:14:19'),(78,58,6,'Estante Pantalon Niño','completed','2026-04-01 18:04:55'),(79,59,11,'Zapateria','completed','2026-04-01 11:47:04'),(80,59,17,'Camisaa L - Estante Frente - Pantalon 36','completed','2026-04-01 11:47:04'),(81,60,12,'Nivel PA - trajes','completed','2026-04-01 11:31:53'),(82,60,18,'Camisas XL - Estante Frente - Pantalon 38-40','completed','2026-04-01 11:31:53'),(83,61,13,'Nivel PA - trajes','completed','2026-04-01 13:15:20'),(84,61,19,'Franela L-XL-Gigantes - Estante Frente - Pantalon Gigantes','completed','2026-04-01 13:15:20'),(85,62,14,'Camisa MC - Camisas KE - Estante frente - Pantalones 28-30','completed','2026-04-01 15:51:19'),(86,62,20,'Franela S-M - Estante Frente - Medias','completed','2026-04-01 15:51:19'),(87,63,15,'Camisas S-SS - Estante frente - Pantalon 32','completed','2026-04-01 11:51:05'),(88,63,21,'Boxer - Medias Deportivas y Vestir','completed','2026-04-01 11:51:05'),(89,64,16,'Camisas M - Estante Frente - Pantalon 34','completed','2026-04-01 16:13:44'),(90,65,0,'Arreglar, Organizar y Limpiar Caja','pending',NULL),(91,66,0,'Arreglar, Organizar y Limpiar Caja','pending',NULL),(92,67,0,'Arreglar, Organizar y Limpiar Caja','pending',NULL),(93,68,0,'Arreglar, Organizar y Limpiar Caja','pending',NULL),(94,69,0,'Arreglar, Organizar y Limpiar Caja','pending',NULL),(95,70,0,'Arreglar, Organizar y Limpiar Caja','pending',NULL),(96,71,0,'Arreglar, Organizar y Limpiar Caja','pending',NULL),(97,72,0,'Arreglar, Organizar y Limpiar Caja','pending',NULL),(98,73,0,'Arreglar, Organizar y Limpiar Caja','pending',NULL),(99,74,0,'Arreglar, Organizar y Limpiar Caja','pending',NULL),(100,75,0,'Arreglar, Organizar y Limpiar Caja','pending',NULL),(101,76,0,'Arreglar, Organizar y Limpiar Caja','pending',NULL),(102,77,0,'Arreglar, Organizar y Limpiar Caja','completed','2026-04-02 11:04:52'),(103,79,0,'Arreglar, Organizar y Limpiar Caja','pending',NULL),(104,80,0,'Arreglar, Organizar y Limpiar Caja','pending',NULL),(105,81,0,'Arreglar, Organizar y Limpiar Caja','pending',NULL),(106,82,0,'Arreglar, Organizar y Limpiar Caja','pending',NULL),(107,83,0,'Arreglar, Organizar y Limpiar Caja','pending',NULL),(108,84,0,'Arreglar, Organizar y Limpiar Caja','pending',NULL),(109,85,0,'Arreglar, Organizar y Limpiar Caja','pending',NULL),(110,86,0,'Arreglar, Organizar y Limpiar Caja','pending',NULL),(111,87,0,'Arreglar, Organizar y Limpiar Caja','pending',NULL),(112,88,0,'Arreglar, Organizar y Limpiar Caja','pending',NULL),(113,89,0,'Arreglar, Organizar y Limpiar Caja','pending',NULL),(114,90,0,'Arreglar, Organizar y Limpiar Caja','pending',NULL),(115,91,0,'Arreglar, Organizar y Limpiar Caja','pending',NULL),(116,92,1,'Reloj - Carteras -Toallas','completed','2026-04-02 11:43:00'),(117,92,7,'Franela Franelillas Mono - Pantalones Bermuda','completed','2026-04-02 11:43:00'),(118,93,2,'Ropa intima - Bolsas - Vitrina Bebe','completed','2026-04-06 10:33:54'),(119,93,8,'Camisa Escolar y Vestir de Niño - Pantalon Vestir','completed','2026-04-06 10:33:54'),(120,94,3,'Conjunto Niño -Pañales - Estante franelas','completed','2026-04-02 12:54:47'),(121,94,9,'Burros de Blusas','completed','2026-04-02 12:54:47'),(122,95,4,'Estante Frenela Niños','completed','2026-04-02 11:38:57'),(123,95,10,'Pared Acanalada Bulsas','completed','2026-04-02 11:38:57'),(124,96,5,'Conjunto Niño','completed','2026-04-02 10:16:42'),(125,97,6,'Estante Pantalon Niño','completed','2026-04-02 12:53:43'),(126,98,11,'Zapateria','completed','2026-04-02 11:26:57'),(127,98,17,'Camisaa L - Estante Frente - Pantalon 36','completed','2026-04-02 11:26:57'),(128,99,12,'Nivel PA - trajes','completed','2026-04-02 12:23:43'),(129,99,18,'Camisas XL - Estante Frente - Pantalon 38-40','completed','2026-04-02 12:23:43'),(130,100,13,'Nivel PA - trajes','completed','2026-04-02 12:53:32'),(131,100,19,'Franela L-XL-Gigantes - Estante Frente - Pantalon Gigantes','completed','2026-04-02 12:53:32'),(132,101,14,'Camisa MC - Camisas KE - Estante frente - Pantalones 28-30','completed','2026-04-02 11:43:11'),(133,101,20,'Franela S-M - Estante Frente - Medias','completed','2026-04-02 11:43:11'),(134,102,15,'Camisas S-SS - Estante frente - Pantalon 32','completed','2026-04-02 13:49:20'),(135,102,21,'Boxer - Medias Deportivas y Vestir','completed','2026-04-02 13:49:20'),(136,103,16,'Camisas M - Estante Frente - Pantalon 34','completed','2026-04-02 12:54:29'),(137,104,0,'Arreglar, Organizar y Limpiar Caja','pending',NULL),(138,105,0,'Arreglar, Organizar y Limpiar Caja','pending',NULL),(139,106,0,'Arreglar, Organizar y Limpiar Caja','pending',NULL),(140,107,0,'Arreglar, Organizar y Limpiar Caja','pending',NULL),(141,108,0,'Arreglar, Organizar y Limpiar Caja','pending',NULL),(142,109,0,'Arreglar, Organizar y Limpiar Caja','pending',NULL),(143,110,0,'Arreglar, Organizar y Limpiar Caja','pending',NULL),(144,111,0,'Arreglar, Organizar y Limpiar Caja','pending',NULL),(145,112,0,'Arreglar, Organizar y Limpiar Caja','pending',NULL),(146,113,0,'Arreglar, Organizar y Limpiar Caja','pending',NULL),(147,114,0,'Arreglar, Organizar y Limpiar Caja','pending',NULL),(148,115,0,'Arreglar, Organizar y Limpiar Caja','pending',NULL),(149,116,0,'Arreglar, Organizar y Limpiar Caja','pending',NULL),(150,117,1,'Reloj - Carteras -Toallas','completed','2026-04-06 11:47:37'),(151,117,7,'Franela Franelillas Mono - Pantalones Bermuda','completed','2026-04-06 11:47:37'),(152,118,2,'Ropa intima - Bolsas - Vitrina Bebe','completed','2026-04-06 12:12:58'),(153,118,8,'Camisa Escolar y Vestir de Niño - Pantalon Vestir','completed','2026-04-06 12:12:58'),(154,119,3,'Conjunto Niño -Pañales - Estante franelas','completed','2026-04-06 12:13:27'),(155,119,9,'Burros de Blusas','completed','2026-04-06 12:13:27'),(156,120,4,'Estante Frenela Niños','completed','2026-04-07 10:41:45'),(157,120,10,'Pared Acanalada Bulsas','completed','2026-04-07 10:41:45'),(158,121,5,'Conjunto Niño','completed','2026-04-06 10:28:55'),(159,122,6,'Estante Pantalon Niño','completed','2026-04-06 10:32:50'),(160,123,11,'Zapateria','completed','2026-04-06 12:13:25'),(161,123,17,'Camisaa L - Estante Frente - Pantalon 36','completed','2026-04-06 12:13:25'),(162,124,12,'Nivel PA - trajes','completed','2026-04-07 10:41:39'),(163,124,18,'Camisas XL - Estante Frente - Pantalon 38-40','completed','2026-04-07 10:41:39'),(164,125,13,'Nivel PA - trajes','completed','2026-04-06 10:28:37'),(165,125,19,'Franela L-XL-Gigantes - Estante Frente - Pantalon Gigantes','completed','2026-04-06 10:28:37'),(166,126,14,'Camisa MC - Camisas KE - Estante frente - Pantalones 28-30','completed','2026-04-06 10:33:37'),(167,126,20,'Franela S-M - Estante Frente - Medias','completed','2026-04-06 10:33:37'),(168,127,15,'Camisas S-SS - Estante frente - Pantalon 32','completed','2026-04-06 11:47:57'),(169,127,21,'Boxer - Medias Deportivas y Vestir','completed','2026-04-06 11:47:57'),(170,128,16,'Camisas M - Estante Frente - Pantalon 34','completed','2026-04-06 12:13:00'),(171,129,1,'Reloj - Carteras -Toallas','completed','2026-04-06 10:28:00'),(172,129,7,'Franela Franelillas Mono - Pantalones Bermuda','completed','2026-04-06 10:28:00'),(173,130,2,'Ropa intima - Bolsas - Vitrina Bebe','completed','2026-04-06 10:33:21'),(174,130,8,'Camisa Escolar y Vestir de Niño - Pantalon Vestir','completed','2026-04-06 10:33:21'),(175,131,3,'Conjunto Niño -Pañales - Estante franelas','completed','2026-04-06 11:47:01'),(176,131,9,'Burros de Blusas','completed','2026-04-06 11:47:01'),(177,132,4,'Estante Frenela Niños','completed','2026-04-06 12:12:56'),(178,132,10,'Pared Acanalada Bulsas','completed','2026-04-06 12:12:56'),(179,133,5,'Conjunto Niño','completed','2026-04-06 12:13:22'),(180,134,6,'Estante Pantalon Niño','completed','2026-04-07 10:41:29'),(181,135,11,'Zapateria','completed','2026-04-06 12:12:54'),(182,135,17,'Camisaa L - Estante Frente - Pantalon 36','completed','2026-04-06 12:12:54'),(183,136,12,'Nivel PA - trajes','completed','2026-04-06 12:13:20'),(184,136,18,'Camisas XL - Estante Frente - Pantalon 38-40','completed','2026-04-06 12:13:20'),(185,137,13,'Nivel PA - trajes','completed','2026-04-07 10:41:17'),(186,137,19,'Franela L-XL-Gigantes - Estante Frente - Pantalon Gigantes','completed','2026-04-07 10:41:17'),(187,138,14,'Camisa MC - Camisas KE - Estante frente - Pantalones 28-30','completed','2026-04-06 10:27:34'),(188,138,20,'Franela S-M - Estante Frente - Medias','completed','2026-04-06 10:27:34'),(189,139,15,'Camisas S-SS - Estante frente - Pantalon 32','completed','2026-04-06 10:32:27'),(190,139,21,'Boxer - Medias Deportivas y Vestir','completed','2026-04-06 10:32:27'),(191,140,16,'Camisas M - Estante Frente - Pantalon 34','completed','2026-04-06 11:46:42'),(192,141,0,'Arreglar, Organizar y Limpiar Caja','pending',NULL),(193,142,0,'Arreglar, Organizar y Limpiar Caja','pending',NULL),(194,143,0,'Arreglar, Organizar y Limpiar Caja','pending',NULL),(195,144,0,'Arreglar, Organizar y Limpiar Caja','pending',NULL),(196,145,0,'Arreglar, Organizar y Limpiar Caja','pending',NULL),(197,146,0,'Arreglar, Organizar y Limpiar Caja','pending',NULL),(198,147,0,'Arreglar, Organizar y Limpiar Caja','pending',NULL),(199,148,0,'Arreglar, Organizar y Limpiar Caja','pending',NULL),(200,149,0,'Arreglar, Organizar y Limpiar Caja','pending',NULL),(201,150,0,'Arreglar, Organizar y Limpiar Caja','pending',NULL),(202,151,0,'Arreglar, Organizar y Limpiar Caja','pending',NULL),(203,152,0,'Arreglar, Organizar y Limpiar Caja','pending',NULL),(204,153,0,'Arreglar, Organizar y Limpiar Caja','pending',NULL),(205,154,0,'Arreglar, Organizar y Limpiar Caja','pending',NULL),(206,155,0,'Arreglar, Organizar y Limpiar Caja','pending',NULL),(207,156,0,'Arreglar, Organizar y Limpiar Caja','pending',NULL),(208,157,0,'Arreglar, Organizar y Limpiar Caja','pending',NULL),(209,158,0,'Arreglar, Organizar y Limpiar Caja','pending',NULL),(210,159,0,'Arreglar, Organizar y Limpiar Caja','pending',NULL),(211,160,0,'Arreglar, Organizar y Limpiar Caja','pending',NULL),(212,161,0,'Arreglar, Organizar y Limpiar Caja','pending',NULL),(213,162,0,'Arreglar, Organizar y Limpiar Caja','pending',NULL),(214,163,0,'Arreglar, Organizar y Limpiar Caja','pending',NULL),(215,164,0,'Arreglar, Organizar y Limpiar Caja','pending',NULL),(216,165,0,'Arreglar, Organizar y Limpiar Caja','pending',NULL),(217,166,0,'Arreglar, Organizar y Limpiar Caja','pending',NULL),(218,167,1,'Reloj - Carteras -Toallas','completed','2026-04-07 10:23:56'),(219,167,7,'Franela Franelillas Mono - Pantalones Bermuda','completed','2026-04-07 10:23:56'),(220,168,2,'Ropa intima - Bolsas - Vitrina Bebe','completed','2026-04-06 13:36:02'),(221,168,8,'Camisa Escolar y Vestir de Niño - Pantalon Vestir','completed','2026-04-06 13:36:02'),(222,169,3,'Conjunto Niño -Pañales - Estante franelas','completed','2026-04-07 12:35:10'),(223,169,9,'Burros de Blusas','completed','2026-04-07 12:35:10'),(224,170,4,'Estante Frenela Niños','completed','2026-04-07 10:40:49'),(225,170,10,'Pared Acanalada Bulsas','completed','2026-04-07 10:40:49'),(226,171,5,'Conjunto Niño','completed','2026-04-06 11:33:00'),(227,172,6,'Estante Pantalon Niño','completed','2026-04-06 12:55:46'),(228,173,11,'Zapateria','completed','2026-04-07 12:35:08'),(229,173,17,'Camisaa L - Estante Frente - Pantalon 36','completed','2026-04-07 12:35:08'),(230,174,12,'Nivel PA - trajes','completed','2026-04-07 10:40:41'),(231,174,18,'Camisas XL - Estante Frente - Pantalon 38-40','completed','2026-04-07 10:40:41'),(232,175,13,'Nivel PA - trajes','completed','2026-04-06 11:32:52'),(233,175,19,'Franela L-XL-Gigantes - Estante Frente - Pantalon Gigantes','completed','2026-04-06 11:32:52'),(234,176,14,'Camisa MC - Camisas KE - Estante frente - Pantalones 28-30','completed','2026-04-06 12:55:22'),(235,176,20,'Franela S-M - Estante Frente - Medias','completed','2026-04-06 12:55:22'),(236,177,15,'Camisas S-SS - Estante frente - Pantalon 32','completed','2026-04-07 10:23:39'),(237,177,21,'Boxer - Medias Deportivas y Vestir','completed','2026-04-07 10:23:39'),(238,178,16,'Camisas M - Estante Frente - Pantalon 34','completed','2026-04-06 12:33:51'),(239,179,0,'Arreglar, Organizar y Limpiar Caja','pending',NULL),(240,180,0,'Arreglar, Organizar y Limpiar Caja','pending',NULL),(241,181,0,'Arreglar, Organizar y Limpiar Caja','pending',NULL),(242,182,0,'Arreglar, Organizar y Limpiar Caja','pending',NULL),(243,183,0,'Arreglar, Organizar y Limpiar Caja','pending',NULL),(244,184,0,'Arreglar, Organizar y Limpiar Caja','pending',NULL),(245,185,0,'Arreglar, Organizar y Limpiar Caja','pending',NULL),(246,186,0,'Arreglar, Organizar y Limpiar Caja','pending',NULL),(247,187,0,'Arreglar, Organizar y Limpiar Caja','pending',NULL),(248,188,0,'Arreglar, Organizar y Limpiar Caja','pending',NULL),(249,189,0,'Arreglar, Organizar y Limpiar Caja','pending',NULL),(250,190,0,'Arreglar, Organizar y Limpiar Caja','pending',NULL),(251,191,0,'Arreglar, Organizar y Limpiar Caja','pending',NULL),(252,192,1,'Reloj - Carteras -Toallas','completed','2026-04-07 11:47:02'),(253,192,7,'Franela Franelillas Mono - Pantalones Bermuda','completed','2026-04-07 11:47:02'),(254,193,2,'Ropa intima - Bolsas - Vitrina Bebe','completed','2026-04-07 12:22:49'),(255,193,8,'Camisa Escolar y Vestir de Niño - Pantalon Vestir','completed','2026-04-07 12:22:49'),(256,194,3,'Conjunto Niño -Pañales - Estante franelas','completed','2026-04-07 11:56:25'),(257,194,9,'Burros de Blusas','completed','2026-04-07 11:56:25'),(258,195,4,'Estante Frenela Niños','completed','2026-04-07 12:30:34'),(259,195,10,'Pared Acanalada Bulsas','completed','2026-04-07 12:30:34'),(260,196,5,'Conjunto Niño','completed','2026-04-14 10:17:14'),(261,197,6,'Estante Pantalon Niño','completed','2026-04-14 10:19:59'),(262,198,11,'Zapateria','completed','2026-04-07 11:46:52'),(263,198,17,'Camisaa L - Estante Frente - Pantalon 36','completed','2026-04-07 11:46:52'),(264,199,12,'Nivel PA - trajes','completed','2026-04-07 12:23:03'),(265,199,18,'Camisas XL - Estante Frente - Pantalon 38-40','completed','2026-04-07 12:23:03'),(266,200,13,'Nivel PA - trajes','completed','2026-04-07 11:56:16'),(267,200,19,'Franela L-XL-Gigantes - Estante Frente - Pantalon Gigantes','completed','2026-04-07 11:56:16'),(268,201,14,'Camisa MC - Camisas KE - Estante frente - Pantalones 28-30','completed','2026-04-07 10:51:40'),(269,201,20,'Franela S-M - Estante Frente - Medias','completed','2026-04-07 10:51:40'),(270,202,15,'Camisas S-SS - Estante frente - Pantalon 32','completed','2026-04-14 10:17:16'),(271,202,21,'Boxer - Medias Deportivas y Vestir','completed','2026-04-14 10:17:16'),(272,203,16,'Camisas M - Estante Frente - Pantalon 34','completed','2026-04-14 10:20:04'),(273,204,1,'Reloj - Carteras -Toallas','completed','2026-04-08 18:36:56'),(274,204,7,'Franela Franelillas Mono - Pantalones Bermuda','completed','2026-04-08 18:36:56'),(275,205,2,'Ropa intima - Bolsas - Vitrina Bebe','completed','2026-04-08 12:32:40'),(276,205,8,'Camisa Escolar y Vestir de Niño - Pantalon Vestir','completed','2026-04-08 12:32:40'),(277,206,3,'Conjunto Niño -Pañales - Estante franelas','completed','2026-04-08 18:39:55'),(278,206,9,'Burros de Blusas','completed','2026-04-08 18:39:55'),(279,207,4,'Estante Frenela Niños','completed','2026-04-09 15:32:08'),(280,207,10,'Pared Acanalada Bulsas','completed','2026-04-09 15:32:08'),(281,208,5,'Conjunto Niño','completed','2026-04-14 10:17:18'),(282,209,6,'Estante Pantalon Niño','completed','2026-04-14 10:20:10'),(283,210,11,'Zapateria','completed','2026-04-08 11:41:58'),(284,210,17,'Camisaa L - Estante Frente - Pantalon 36','completed','2026-04-08 11:41:58'),(285,211,12,'Nivel PA - trajes','completed','2026-04-08 12:24:11'),(286,211,18,'Camisas XL - Estante Frente - Pantalon 38-40','completed','2026-04-08 12:24:11'),(287,212,13,'Nivel PA - trajes','completed','2026-04-08 18:39:40'),(288,212,19,'Franela L-XL-Gigantes - Estante Frente - Pantalon Gigantes','completed','2026-04-08 18:39:40'),(289,213,14,'Camisa MC - Camisas KE - Estante frente - Pantalones 28-30','completed','2026-04-08 11:46:33'),(290,213,20,'Franela S-M - Estante Frente - Medias','completed','2026-04-08 11:46:33'),(291,214,15,'Camisas S-SS - Estante frente - Pantalon 32','completed','2026-04-14 10:17:37'),(292,214,21,'Boxer - Medias Deportivas y Vestir','completed','2026-04-14 10:17:37'),(293,215,16,'Camisas M - Estante Frente - Pantalon 34','completed','2026-04-14 10:20:12'),(294,216,0,'Arreglar, Organizar y Limpiar Caja','pending',NULL),(295,217,0,'Arreglar, Organizar y Limpiar Caja','pending',NULL),(296,218,0,'Arreglar, Organizar y Limpiar Caja','pending',NULL),(297,219,0,'Arreglar, Organizar y Limpiar Caja','completed','2026-04-09 13:29:46'),(298,220,0,'Arreglar, Organizar y Limpiar Caja','pending',NULL),(299,221,0,'Arreglar, Organizar y Limpiar Caja','pending',NULL),(300,222,0,'Arreglar, Organizar y Limpiar Caja','pending',NULL),(301,223,0,'Arreglar, Organizar y Limpiar Caja','pending',NULL),(302,224,0,'Arreglar, Organizar y Limpiar Caja','pending',NULL),(303,225,0,'Arreglar, Organizar y Limpiar Caja','pending',NULL),(304,226,0,'Arreglar, Organizar y Limpiar Caja','pending',NULL),(305,227,0,'Arreglar, Organizar y Limpiar Caja','pending',NULL),(306,228,0,'Arreglar, Organizar y Limpiar Caja','pending',NULL),(307,229,0,'Arreglar, Organizar y Limpiar Caja','pending',NULL),(308,230,0,'Arreglar, Organizar y Limpiar Caja','pending',NULL),(309,231,0,'Arreglar, Organizar y Limpiar Caja','pending',NULL),(310,232,0,'Arreglar, Organizar y Limpiar Caja','pending',NULL),(311,233,0,'Arreglar, Organizar y Limpiar Caja','pending',NULL),(312,234,0,'Arreglar, Organizar y Limpiar Caja','pending',NULL),(313,235,0,'Arreglar, Organizar y Limpiar Caja','pending',NULL),(314,236,0,'Arreglar, Organizar y Limpiar Caja','pending',NULL),(315,237,0,'Arreglar, Organizar y Limpiar Caja','pending',NULL),(316,238,0,'Arreglar, Organizar y Limpiar Caja','pending',NULL),(317,239,0,'Arreglar, Organizar y Limpiar Caja','pending',NULL),(318,240,0,'Arreglar, Organizar y Limpiar Caja','pending',NULL),(319,241,0,'Arreglar, Organizar y Limpiar Caja','completed','2026-04-10 11:28:25'),(320,242,1,'Reloj - Carteras -Toallas','completed','2026-04-09 15:12:29'),(321,242,7,'Franela Franelillas Mono - Pantalones Bermuda','completed','2026-04-09 15:12:29'),(322,243,2,'Ropa intima - Bolsas - Vitrina Bebe','completed','2026-04-09 15:13:01'),(323,243,8,'Camisa Escolar y Vestir de Niño - Pantalon Vestir','completed','2026-04-09 15:13:01'),(324,244,3,'Conjunto Niño -Pañales - Estante franelas','completed','2026-04-09 18:24:31'),(325,244,9,'Burros de Blusas','completed','2026-04-09 18:24:31'),(326,245,4,'Estante Frenela Niños','completed','2026-04-09 15:11:58'),(327,245,10,'Pared Acanalada Bulsas','completed','2026-04-09 15:11:58'),(328,246,5,'Conjunto Niño','completed','2026-04-14 10:17:21'),(329,247,6,'Estante Pantalon Niño','completed','2026-04-14 10:20:01'),(330,248,11,'Zapateria','completed','2026-04-09 10:49:56'),(331,248,17,'Camisaa L - Estante Frente - Pantalon 36','completed','2026-04-09 10:49:56'),(332,249,12,'Nivel PA - trajes','completed','2026-04-14 10:17:29'),(333,249,18,'Camisas XL - Estante Frente - Pantalon 38-40','completed','2026-04-14 10:17:29'),(334,250,13,'Nivel PA - trajes','completed','2026-04-14 10:19:57'),(335,250,19,'Franela L-XL-Gigantes - Estante Frente - Pantalon Gigantes','completed','2026-04-14 10:19:57'),(336,251,14,'Camisa MC - Camisas KE - Estante frente - Pantalones 28-30','completed','2026-04-09 15:12:08'),(337,251,20,'Franela S-M - Estante Frente - Medias','completed','2026-04-09 15:12:08'),(338,252,15,'Camisas S-SS - Estante frente - Pantalon 32','completed','2026-04-09 15:12:40'),(339,252,21,'Boxer - Medias Deportivas y Vestir','completed','2026-04-09 15:12:40'),(340,253,16,'Camisas M - Estante Frente - Pantalon 34','completed','2026-04-09 18:23:52'),(341,254,0,'Arreglar, Organizar y Limpiar Caja','pending',NULL),(342,255,0,'Arreglar, Organizar y Limpiar Caja','pending',NULL),(343,256,0,'Arreglar, Organizar y Limpiar Caja','pending',NULL),(344,257,0,'Arreglar, Organizar y Limpiar Caja','pending',NULL),(345,258,0,'Arreglar, Organizar y Limpiar Caja','pending',NULL),(346,259,0,'Arreglar, Organizar y Limpiar Caja','pending',NULL),(347,260,0,'Arreglar, Organizar y Limpiar Caja','pending',NULL),(348,261,0,'Arreglar, Organizar y Limpiar Caja','pending',NULL),(349,262,0,'Arreglar, Organizar y Limpiar Caja','pending',NULL),(350,263,0,'Arreglar, Organizar y Limpiar Caja','pending',NULL),(351,264,0,'Arreglar, Organizar y Limpiar Caja','pending',NULL),(352,265,0,'Arreglar, Organizar y Limpiar Caja','pending',NULL),(353,266,0,'Arreglar, Organizar y Limpiar Caja','completed','2026-04-11 10:38:28'),(354,267,1,'Reloj - Carteras -Toallas','completed','2026-04-10 11:02:04'),(355,267,7,'Franela Franelillas Mono - Pantalones Bermuda','completed','2026-04-10 11:02:04'),(356,268,2,'Ropa intima - Bolsas - Vitrina Bebe','completed','2026-04-10 11:33:00'),(357,268,8,'Camisa Escolar y Vestir de Niño - Pantalon Vestir','completed','2026-04-10 11:33:00'),(358,269,3,'Conjunto Niño -Pañales - Estante franelas','completed','2026-04-10 17:53:35'),(359,269,9,'Burros de Blusas','completed','2026-04-10 17:53:35'),(360,270,4,'Estante Frenela Niños','completed','2026-04-10 12:38:59'),(361,270,10,'Pared Acanalada Bulsas','completed','2026-04-10 12:38:59'),(362,271,5,'Conjunto Niño','completed','2026-04-14 10:17:23'),(363,272,6,'Estante Pantalon Niño','completed','2026-04-14 10:19:55'),(364,273,11,'Zapateria','completed','2026-04-10 11:02:55'),(365,273,17,'Camisaa L - Estante Frente - Pantalon 36','completed','2026-04-10 11:02:55'),(366,274,12,'Nivel PA - trajes','completed','2026-04-14 10:17:25'),(367,274,18,'Camisas XL - Estante Frente - Pantalon 38-40','completed','2026-04-14 10:17:25'),(368,275,13,'Nivel PA - trajes','completed','2026-04-14 10:19:53'),(369,275,19,'Franela L-XL-Gigantes - Estante Frente - Pantalon Gigantes','completed','2026-04-14 10:19:53'),(370,276,14,'Camisa MC - Camisas KE - Estante frente - Pantalones 28-30','completed','2026-04-10 11:01:27'),(371,276,20,'Franela S-M - Estante Frente - Medias','completed','2026-04-10 11:01:27'),(372,277,15,'Camisas S-SS - Estante frente - Pantalon 32','completed','2026-04-10 11:17:27'),(373,277,21,'Boxer - Medias Deportivas y Vestir','completed','2026-04-10 11:17:27'),(374,278,16,'Camisas M - Estante Frente - Pantalon 34','completed','2026-04-10 17:53:12'),(375,279,0,'Arreglar, Organizar y Limpiar Caja','pending',NULL),(376,280,0,'Arreglar, Organizar y Limpiar Caja','pending',NULL),(377,281,0,'Arreglar, Organizar y Limpiar Caja','pending',NULL),(378,282,0,'Arreglar, Organizar y Limpiar Caja','pending',NULL),(379,283,0,'Arreglar, Organizar y Limpiar Caja','pending',NULL),(380,284,0,'Arreglar, Organizar y Limpiar Caja','pending',NULL),(381,285,0,'Arreglar, Organizar y Limpiar Caja','pending',NULL),(382,286,0,'Arreglar, Organizar y Limpiar Caja','pending',NULL),(383,287,0,'Arreglar, Organizar y Limpiar Caja','pending',NULL),(384,288,0,'Arreglar, Organizar y Limpiar Caja','pending',NULL),(385,289,0,'Arreglar, Organizar y Limpiar Caja','completed','2026-04-13 10:01:22'),(386,290,0,'Arreglar, Organizar y Limpiar Caja','pending',NULL),(387,291,0,'Arreglar, Organizar y Limpiar Caja','pending',NULL),(388,292,0,'Arreglar, Organizar y Limpiar Caja','completed','2026-04-13 11:41:31'),(389,293,1,'Reloj - Carteras -Toallas','completed','2026-04-11 12:33:31'),(390,293,7,'Franela Franelillas Mono - Pantalones Bermuda','completed','2026-04-11 12:33:31'),(391,294,2,'Ropa intima - Bolsas - Vitrina Bebe','completed','2026-04-11 15:02:14'),(392,294,8,'Camisa Escolar y Vestir de Niño - Pantalon Vestir','completed','2026-04-11 15:02:14'),(393,295,3,'Conjunto Niño -Pañales - Estante franelas','completed','2026-04-14 10:17:27'),(394,295,9,'Burros de Blusas','completed','2026-04-14 10:17:27'),(395,296,4,'Estante Frenela Niños','completed','2026-04-14 10:19:48'),(396,296,10,'Pared Acanalada Bulsas','completed','2026-04-14 10:19:48'),(397,297,5,'Conjunto Niño','completed','2026-04-11 18:56:45'),(398,298,6,'Estante Pantalon Niño','completed','2026-04-11 13:49:42'),(399,299,11,'Zapateria','completed','2026-04-14 10:17:33'),(400,299,17,'Camisaa L - Estante Frente - Pantalon 36','completed','2026-04-14 10:17:33'),(401,300,12,'Nivel PA - trajes','completed','2026-04-14 10:19:51'),(402,300,18,'Camisas XL - Estante Frente - Pantalon 38-40','completed','2026-04-14 10:19:51'),(403,301,13,'Nivel PA - trajes','completed','2026-04-11 18:56:34'),(404,301,19,'Franela L-XL-Gigantes - Estante Frente - Pantalon Gigantes','completed','2026-04-11 18:56:34'),(405,302,14,'Camisa MC - Camisas KE - Estante frente - Pantalones 28-30','completed','2026-04-11 13:50:05'),(406,302,20,'Franela S-M - Estante Frente - Medias','completed','2026-04-11 13:50:05'),(407,303,15,'Camisas S-SS - Estante frente - Pantalon 32','completed','2026-04-11 12:32:57'),(408,303,21,'Boxer - Medias Deportivas y Vestir','completed','2026-04-11 12:32:57'),(409,304,16,'Camisas M - Estante Frente - Pantalon 34','completed','2026-04-11 10:57:29'),(410,305,1,'Reloj - Carteras -Toallas','completed','2026-04-14 10:17:39'),(411,305,7,'Franela Franelillas Mono - Pantalones Bermuda','completed','2026-04-14 10:17:39'),(412,306,2,'Ropa intima - Bolsas - Vitrina Bebe','completed','2026-04-14 10:19:46'),(413,306,8,'Camisa Escolar y Vestir de Niño - Pantalon Vestir','completed','2026-04-14 10:19:46'),(414,307,3,'Conjunto Niño -Pañales - Estante franelas','completed','2026-04-14 10:17:33'),(415,307,9,'Burros de Blusas','completed','2026-04-14 10:17:33'),(416,308,4,'Estante Frenela Niños','completed','2026-04-13 10:48:35'),(417,308,10,'Pared Acanalada Bulsas','completed','2026-04-13 10:48:35'),(418,309,5,'Conjunto Niño','completed','2026-04-14 11:02:14'),(419,310,6,'Estante Pantalon Niño','completed','2026-04-13 11:05:08'),(420,311,11,'Zapateria','completed','2026-04-14 10:19:44'),(421,311,17,'Camisaa L - Estante Frente - Pantalon 36','completed','2026-04-14 10:19:44'),(422,312,12,'Nivel PA - trajes','completed','2026-04-14 10:16:41'),(423,312,18,'Camisas XL - Estante Frente - Pantalon 38-40','completed','2026-04-14 10:16:41'),(424,313,13,'Nivel PA - trajes','completed','2026-04-13 10:48:14'),(425,313,19,'Franela L-XL-Gigantes - Estante Frente - Pantalon Gigantes','completed','2026-04-13 10:48:14'),(426,314,14,'Camisa MC - Camisas KE - Estante frente - Pantalones 28-30','completed','2026-04-14 11:02:03'),(427,314,20,'Franela S-M - Estante Frente - Medias','completed','2026-04-14 11:02:03'),(428,315,15,'Camisas S-SS - Estante frente - Pantalon 32','completed','2026-04-13 11:08:14'),(429,315,21,'Boxer - Medias Deportivas y Vestir','completed','2026-04-13 11:08:14'),(430,316,16,'Camisas M - Estante Frente - Pantalon 34','completed','2026-04-14 10:17:41'),(431,317,0,'Arreglar, Organizar y Limpiar Caja','pending',NULL),(432,318,0,'Arreglar, Organizar y Limpiar Caja','pending',NULL),(433,319,0,'Arreglar, Organizar y Limpiar Caja','pending',NULL),(434,320,0,'Arreglar, Organizar y Limpiar Caja','pending',NULL),(435,321,0,'Arreglar, Organizar y Limpiar Caja','pending',NULL),(436,322,0,'Arreglar, Organizar y Limpiar Caja','pending',NULL),(437,323,0,'Arreglar, Organizar y Limpiar Caja','pending',NULL),(438,324,0,'Arreglar, Organizar y Limpiar Caja','pending',NULL),(439,325,0,'Arreglar, Organizar y Limpiar Caja','pending',NULL),(440,326,0,'Arreglar, Organizar y Limpiar Caja','pending',NULL),(441,327,0,'Arreglar, Organizar y Limpiar Caja','pending',NULL),(442,328,0,'Arreglar, Organizar y Limpiar Caja','pending',NULL),(443,329,0,'Arreglar, Organizar y Limpiar Caja','pending',NULL),(444,330,0,'Arreglar, Organizar y Limpiar Caja','completed','2026-04-14 12:12:43'),(445,331,1,'Reloj - Carteras -Toallas','completed','2026-04-13 11:15:59'),(446,331,6,'Estante Pantalon Niño','completed','2026-04-13 11:15:59'),(447,332,13,'Nivel PA - trajes','completed','2026-04-13 10:35:13'),(448,332,18,'Camisas XL - Estante Frente - Pantalon 38-40','completed','2026-04-13 10:35:13'),(449,333,1,'Reloj - Carteras -Toallas','completed','2026-04-14 13:34:21'),(450,333,6,'Estante Pantalon Niño','completed','2026-04-14 13:34:21'),(451,334,2,'Ropa intima - Bolsas - Vitrina Bebe','completed','2026-04-14 11:19:58'),(452,334,7,'Franela Franelillas Mono - Pantalones Bermuda','completed','2026-04-14 11:19:58'),(453,335,3,'Conjunto Niño -Pañales - Estante franelas','completed','2026-04-14 10:18:47'),(454,335,8,'Camisa Escolar y Vestir de Niño - Pantalon Vestir','completed','2026-04-14 10:18:47'),(455,336,4,'Estante Frenela Niños','completed','2026-04-14 12:31:57'),(456,336,9,'Burros de Blusas','completed','2026-04-14 12:31:57'),(457,337,5,'Conjunto Niño','completed','2026-04-14 16:29:09'),(458,337,10,'Pared Acanalada Bulsas','completed','2026-04-14 16:29:09'),(459,338,11,'Zapateria','completed','2026-04-14 11:20:25'),(460,338,16,'Camisas M - Estante Frente - Pantalon 34','completed','2026-04-14 11:20:25'),(461,338,21,'Boxer - Medias Deportivas y Vestir','completed','2026-04-14 11:20:25'),(462,339,12,'Nivel PA - trajes','completed','2026-04-14 10:19:05'),(463,339,17,'Camisaa L - Estante Frente - Pantalon 36','completed','2026-04-14 10:19:05'),(464,340,13,'Nivel PA - trajes','completed','2026-04-14 12:31:36'),(465,340,18,'Camisas XL - Estante Frente - Pantalon 38-40','completed','2026-04-14 12:31:36'),(466,341,14,'Camisa MC - Camisas KE - Estante frente - Pantalones 28-30','completed','2026-04-15 19:17:07'),(467,341,19,'Franela L-XL-Gigantes - Estante Frente - Pantalon Gigantes','completed','2026-04-15 19:17:07'),(468,342,15,'Camisas S-SS - Estante frente - Pantalon 32','completed','2026-04-14 13:34:17'),(469,342,20,'Franela S-M - Estante Frente - Medias','completed','2026-04-14 13:34:17'),(470,343,0,'Arreglar, Organizar y Limpiar Caja','pending',NULL),(471,344,0,'Arreglar, Organizar y Limpiar Caja','pending',NULL),(472,345,0,'Arreglar, Organizar y Limpiar Caja','pending',NULL),(473,346,0,'Arreglar, Organizar y Limpiar Caja','pending',NULL),(474,347,0,'Arreglar, Organizar y Limpiar Caja','pending',NULL),(475,348,0,'Arreglar, Organizar y Limpiar Caja','pending',NULL),(476,349,0,'Arreglar, Organizar y Limpiar Caja','pending',NULL),(477,350,0,'Arreglar, Organizar y Limpiar Caja','pending',NULL),(478,351,0,'Arreglar, Organizar y Limpiar Caja','pending',NULL),(479,352,0,'Arreglar, Organizar y Limpiar Caja','pending',NULL),(480,353,0,'Arreglar, Organizar y Limpiar Caja','pending',NULL),(481,354,0,'Arreglar, Organizar y Limpiar Caja','pending',NULL),(482,355,0,'Arreglar, Organizar y Limpiar Caja','pending',NULL),(483,356,0,'Arreglar, Organizar y Limpiar Caja','pending',NULL),(484,357,0,'Arreglar, Organizar y Limpiar Caja','pending',NULL),(485,358,0,'Arreglar, Organizar y Limpiar Caja','pending',NULL),(486,359,0,'Arreglar, Organizar y Limpiar Caja','pending',NULL),(487,360,0,'Arreglar, Organizar y Limpiar Caja','pending',NULL),(488,361,0,'Arreglar, Organizar y Limpiar Caja','pending',NULL),(489,362,0,'Arreglar, Organizar y Limpiar Caja','pending',NULL),(490,363,0,'Arreglar, Organizar y Limpiar Caja','pending',NULL),(491,364,0,'Arreglar, Organizar y Limpiar Caja','pending',NULL),(492,365,0,'Arreglar, Organizar y Limpiar Caja','pending',NULL),(493,366,0,'Arreglar, Organizar y Limpiar Caja','completed','2026-04-16 11:29:15'),(494,367,1,'Reloj - Carteras -Toallas','completed','2026-04-15 13:01:38'),(495,367,6,'Estante Pantalon Niño','completed','2026-04-15 13:01:38'),(496,368,2,'Ropa intima - Bolsas - Vitrina Bebe','completed','2026-04-15 19:17:22'),(497,368,7,'Franela Franelillas Mono - Pantalones Bermuda','completed','2026-04-15 19:17:22'),(498,369,3,'Conjunto Niño -Pañales - Estante franelas','completed','2026-04-15 14:04:40'),(499,369,8,'Camisa Escolar y Vestir de Niño - Pantalon Vestir','completed','2026-04-15 14:04:40'),(500,370,4,'Estante Frenela Niños','completed','2026-04-15 19:00:08'),(501,370,9,'Burros de Blusas','completed','2026-04-15 19:00:08'),(502,371,5,'Conjunto Niño','completed','2026-04-15 11:58:02'),(503,371,10,'Pared Acanalada Bulsas','completed','2026-04-15 11:58:02'),(504,372,11,'Zapateria','completed','2026-04-15 14:04:17'),(505,372,16,'Camisas M - Estante Frente - Pantalon 34','completed','2026-04-15 14:04:17'),(506,372,21,'Boxer - Medias Deportivas y Vestir','completed','2026-04-15 14:04:17'),(507,373,12,'Nivel PA - trajes','completed','2026-04-15 18:59:58'),(508,373,17,'Camisaa L - Estante Frente - Pantalon 36','completed','2026-04-15 18:59:58'),(509,374,13,'Nivel PA - trajes','completed','2026-04-15 11:58:20'),(510,374,18,'Camisas XL - Estante Frente - Pantalon 38-40','completed','2026-04-15 11:58:20'),(511,375,14,'Camisa MC - Camisas KE - Estante frente - Pantalones 28-30','completed','2026-04-15 13:01:25'),(512,375,19,'Franela L-XL-Gigantes - Estante Frente - Pantalon Gigantes','completed','2026-04-15 13:01:25'),(513,376,15,'Camisas S-SS - Estante frente - Pantalon 32','completed','2026-04-15 19:17:15'),(514,376,20,'Franela S-M - Estante Frente - Medias','completed','2026-04-15 19:17:15'),(515,377,0,'Arreglar, Organizar y Limpiar Caja','pending',NULL),(516,378,0,'Arreglar, Organizar y Limpiar Caja','pending',NULL),(517,379,0,'Arreglar, Organizar y Limpiar Caja','pending',NULL),(518,380,0,'Arreglar, Organizar y Limpiar Caja','pending',NULL),(519,381,0,'Arreglar, Organizar y Limpiar Caja','pending',NULL),(520,382,0,'Arreglar, Organizar y Limpiar Caja','pending',NULL),(521,383,0,'Arreglar, Organizar y Limpiar Caja','pending',NULL),(522,384,0,'Arreglar, Organizar y Limpiar Caja','pending',NULL),(523,385,0,'Arreglar, Organizar y Limpiar Caja','pending',NULL),(524,386,0,'Arreglar, Organizar y Limpiar Caja','pending',NULL),(525,387,0,'Arreglar, Organizar y Limpiar Caja','pending',NULL),(526,388,0,'Arreglar, Organizar y Limpiar Caja','completed','2026-04-17 12:01:59'),(527,389,1,'Reloj - Carteras -Toallas','completed','2026-04-16 12:56:35'),(528,389,6,'Estante Pantalon Niño','completed','2026-04-16 12:56:35'),(529,390,2,'Ropa intima - Bolsas - Vitrina Bebe','completed','2026-04-16 12:54:46'),(530,390,7,'Franela Franelillas Mono - Pantalones Bermuda','completed','2026-04-16 12:54:46'),(531,391,3,'Conjunto Niño -Pañales - Estante franelas','completed','2026-04-16 15:29:40'),(532,391,8,'Camisa Escolar y Vestir de Niño - Pantalon Vestir','completed','2026-04-16 15:29:40'),(533,392,4,'Estante Frenela Niños','completed','2026-04-17 10:41:33'),(534,392,9,'Burros de Blusas','completed','2026-04-17 10:41:33'),(535,393,5,'Conjunto Niño','completed','2026-04-16 18:02:15'),(536,393,10,'Pared Acanalada Bulsas','completed','2026-04-16 18:02:15'),(537,394,11,'Zapateria','completed','2026-04-16 13:32:29'),(538,394,16,'Camisas M - Estante Frente - Pantalon 34','completed','2026-04-16 13:32:29'),(539,394,21,'Boxer - Medias Deportivas y Vestir','completed','2026-04-16 13:32:29'),(540,395,12,'Nivel PA - trajes','completed','2026-04-16 12:39:23'),(541,395,17,'Camisaa L - Estante Frente - Pantalon 36','completed','2026-04-16 12:39:23'),(542,396,13,'Nivel PA - trajes','completed','2026-04-16 12:54:14'),(543,396,18,'Camisas XL - Estante Frente - Pantalon 38-40','completed','2026-04-16 12:54:14'),(544,397,14,'Camisa MC - Camisas KE - Estante frente - Pantalones 28-30','completed','2026-04-16 15:29:18'),(545,397,19,'Franela L-XL-Gigantes - Estante Frente - Pantalon Gigantes','completed','2026-04-16 15:29:18'),(546,398,15,'Camisas S-SS - Estante frente - Pantalon 32','completed','2026-04-16 18:19:20'),(547,398,20,'Franela S-M - Estante Frente - Medias','completed','2026-04-16 18:19:20'),(548,399,0,'Arreglar, Organizar y Limpiar Caja','pending',NULL),(549,400,0,'Arreglar, Organizar y Limpiar Caja','pending',NULL),(550,401,0,'Arreglar, Organizar y Limpiar Caja','pending',NULL),(551,402,0,'Arreglar, Organizar y Limpiar Caja','pending',NULL),(552,403,0,'Arreglar, Organizar y Limpiar Caja','pending',NULL),(553,404,0,'Arreglar, Organizar y Limpiar Caja','pending',NULL),(554,405,0,'Arreglar, Organizar y Limpiar Caja','pending',NULL),(555,406,0,'Arreglar, Organizar y Limpiar Caja','pending',NULL),(556,407,0,'Arreglar, Organizar y Limpiar Caja','pending',NULL),(557,408,0,'Arreglar, Organizar y Limpiar Caja','pending',NULL),(558,409,0,'Arreglar, Organizar y Limpiar Caja','pending',NULL),(559,410,0,'Arreglar, Organizar y Limpiar Caja','pending',NULL),(560,411,1,'Reloj - Carteras -Toallas','completed','2026-04-17 12:27:01'),(561,411,6,'Estante Pantalon Niño','completed','2026-04-17 12:27:01'),(562,412,2,'Ropa intima - Bolsas - Vitrina Bebe','completed','2026-04-17 11:47:47'),(563,412,7,'Franela Franelillas Mono - Pantalones Bermuda','completed','2026-04-17 11:47:47'),(564,413,3,'Conjunto Niño -Pañales - Estante franelas','completed','2026-04-17 13:53:24'),(565,413,8,'Camisa Escolar y Vestir de Niño - Pantalon Vestir','completed','2026-04-17 13:53:24'),(566,414,4,'Estante Frenela Niños','completed','2026-04-17 12:36:13'),(567,414,9,'Burros de Blusas','completed','2026-04-17 12:36:13'),(568,415,5,'Conjunto Niño','completed','2026-04-18 12:04:22'),(569,415,10,'Pared Acanalada Bulsas','completed','2026-04-18 12:04:22'),(570,416,11,'Zapateria','completed','2026-04-17 13:53:15'),(571,416,16,'Camisas M - Estante Frente - Pantalon 34','completed','2026-04-17 13:53:15'),(572,416,21,'Boxer - Medias Deportivas y Vestir','completed','2026-04-17 13:53:15'),(573,417,12,'Nivel PA - trajes','completed','2026-04-17 12:27:13'),(574,417,17,'Camisaa L - Estante Frente - Pantalon 36','completed','2026-04-17 12:27:13'),(575,418,13,'Nivel PA - trajes','completed','2026-04-17 11:35:21'),(576,418,18,'Camisas XL - Estante Frente - Pantalon 38-40','completed','2026-04-17 11:35:21'),(577,419,14,'Camisa MC - Camisas KE - Estante frente - Pantalones 28-30','completed','2026-04-17 12:26:52'),(578,419,19,'Franela L-XL-Gigantes - Estante Frente - Pantalon Gigantes','completed','2026-04-17 12:26:52'),(579,420,15,'Camisas S-SS - Estante frente - Pantalon 32','completed','2026-04-17 11:47:36'),(580,420,20,'Franela S-M - Estante Frente - Medias','completed','2026-04-17 11:47:36'),(581,421,0,'Arreglar, Organizar y Limpiar Caja','pending',NULL),(582,422,0,'Arreglar, Organizar y Limpiar Caja','pending',NULL),(583,423,0,'Arreglar, Organizar y Limpiar Caja','pending',NULL),(584,424,0,'Arreglar, Organizar y Limpiar Caja','pending',NULL),(585,425,0,'Arreglar, Organizar y Limpiar Caja','pending',NULL),(586,426,0,'Arreglar, Organizar y Limpiar Caja','pending',NULL),(587,427,0,'Arreglar, Organizar y Limpiar Caja','pending',NULL),(588,428,0,'Arreglar, Organizar y Limpiar Caja','pending',NULL),(589,429,0,'Arreglar, Organizar y Limpiar Caja','pending',NULL),(590,430,0,'Arreglar, Organizar y Limpiar Caja','pending',NULL),(591,431,0,'Arreglar, Organizar y Limpiar Caja','pending',NULL),(592,432,0,'Arreglar, Organizar y Limpiar Caja','completed','2026-04-20 14:41:46'),(593,433,1,'Reloj - Carteras -Toallas','completed','2026-04-18 14:03:20'),(594,433,6,'Estante Pantalon Niño','completed','2026-04-18 14:03:20'),(595,434,2,'Ropa intima - Bolsas - Vitrina Bebe','completed','2026-04-18 18:38:40'),(596,434,7,'Franela Franelillas Mono - Pantalones Bermuda','completed','2026-04-18 18:38:40'),(597,435,3,'Conjunto Niño -Pañales - Estante franelas','completed','2026-04-18 18:39:46'),(598,435,8,'Camisa Escolar y Vestir de Niño - Pantalon Vestir','completed','2026-04-18 18:39:46'),(599,436,4,'Estante Frenela Niños','completed','2026-04-18 18:34:48'),(600,436,9,'Burros de Blusas','completed','2026-04-18 18:34:48'),(601,437,5,'Conjunto Niño','completed','2026-04-18 12:04:48'),(602,437,10,'Pared Acanalada Bulsas','completed','2026-04-18 12:04:48'),(603,438,11,'Zapateria','completed','2026-04-18 18:39:25'),(604,438,16,'Camisas M - Estante Frente - Pantalon 34','completed','2026-04-18 18:39:25'),(605,438,21,'Boxer - Medias Deportivas y Vestir','completed','2026-04-18 18:39:25'),(606,439,12,'Nivel PA - trajes','completed','2026-04-18 18:34:37'),(607,439,17,'Camisaa L - Estante Frente - Pantalon 36','completed','2026-04-18 18:34:37'),(608,440,13,'Nivel PA - trajes','completed','2026-04-18 18:41:10'),(609,440,18,'Camisas XL - Estante Frente - Pantalon 38-40','completed','2026-04-18 18:41:10'),(610,441,14,'Camisa MC - Camisas KE - Estante frente - Pantalones 28-30','completed','2026-04-18 14:03:08'),(611,441,19,'Franela L-XL-Gigantes - Estante Frente - Pantalon Gigantes','completed','2026-04-18 14:03:08'),(612,442,15,'Camisas S-SS - Estante frente - Pantalon 32','completed','2026-04-18 15:37:25'),(613,442,20,'Franela S-M - Estante Frente - Medias','completed','2026-04-18 15:37:25'),(614,443,1,'Reloj - Carteras -Toallas','completed','2026-04-20 12:12:15'),(615,443,6,'Estante Pantalon Niño','completed','2026-04-20 12:12:15'),(616,444,2,'Ropa intima - Bolsas - Vitrina Bebe','completed','2026-04-20 13:01:18'),(617,444,7,'Franela Franelillas Mono - Pantalones Bermuda','completed','2026-04-20 13:01:18'),(618,445,3,'Conjunto Niño -Pañales - Estante franelas','completed','2026-04-20 13:57:51'),(619,445,8,'Camisa Escolar y Vestir de Niño - Pantalon Vestir','completed','2026-04-20 13:57:51'),(620,446,4,'Estante Frenela Niños','completed','2026-04-20 16:06:12'),(621,446,9,'Burros de Blusas','completed','2026-04-20 16:06:12'),(622,447,5,'Conjunto Niño','completed','2026-04-20 18:45:54'),(623,447,10,'Pared Acanalada Bulsas','completed','2026-04-20 18:45:54'),(624,448,11,'Zapateria','completed','2026-04-20 11:17:52'),(625,448,16,'Camisas M - Estante Frente - Pantalon 34','completed','2026-04-20 11:17:52'),(626,448,21,'Boxer - Medias Deportivas y Vestir','completed','2026-04-20 11:17:52'),(627,449,12,'Nivel PA - trajes','completed','2026-04-20 15:49:11'),(628,449,17,'Camisaa L - Estante Frente - Pantalon 36','completed','2026-04-20 15:49:11'),(629,450,13,'Nivel PA - trajes','completed','2026-04-20 11:17:04'),(630,450,18,'Camisas XL - Estante Frente - Pantalon 38-40','completed','2026-04-20 11:17:04'),(631,451,14,'Camisa MC - Camisas KE - Estante frente - Pantalones 28-30','completed','2026-04-20 12:12:04'),(632,451,19,'Franela L-XL-Gigantes - Estante Frente - Pantalon Gigantes','completed','2026-04-20 12:12:04'),(633,452,15,'Camisas S-SS - Estante frente - Pantalon 32','completed','2026-04-20 13:58:07'),(634,452,20,'Franela S-M - Estante Frente - Medias','completed','2026-04-20 13:58:07'),(635,453,0,'Arreglar, Organizar y Limpiar Caja','pending',NULL),(636,454,0,'Arreglar, Organizar y Limpiar Caja','pending',NULL),(637,455,0,'Arreglar, Organizar y Limpiar Caja','pending',NULL),(638,456,0,'Arreglar, Organizar y Limpiar Caja','pending',NULL),(639,457,0,'Arreglar, Organizar y Limpiar Caja','pending',NULL),(640,458,0,'Arreglar, Organizar y Limpiar Caja','pending',NULL),(641,459,0,'Arreglar, Organizar y Limpiar Caja','pending',NULL),(642,460,0,'Arreglar, Organizar y Limpiar Caja','pending',NULL),(643,461,0,'Arreglar, Organizar y Limpiar Caja','pending',NULL),(644,462,0,'Arreglar, Organizar y Limpiar Caja','pending',NULL),(645,463,0,'Arreglar, Organizar y Limpiar Caja','pending',NULL),(646,464,0,'Arreglar, Organizar y Limpiar Caja','pending',NULL),(647,465,0,'Arreglar, Organizar y Limpiar Caja','pending',NULL),(648,466,0,'Arreglar, Organizar y Limpiar Caja','pending',NULL),(649,467,0,'Arreglar, Organizar y Limpiar Caja','pending',NULL),(650,468,0,'Arreglar, Organizar y Limpiar Caja','pending',NULL),(651,469,0,'Arreglar, Organizar y Limpiar Caja','pending',NULL),(652,470,0,'Arreglar, Organizar y Limpiar Caja','pending',NULL),(653,471,0,'Arreglar, Organizar y Limpiar Caja','pending',NULL),(654,472,0,'Arreglar, Organizar y Limpiar Caja','pending',NULL),(655,473,0,'Arreglar, Organizar y Limpiar Caja','pending',NULL),(656,474,0,'Arreglar, Organizar y Limpiar Caja','pending',NULL),(657,475,0,'Arreglar, Organizar y Limpiar Caja','pending',NULL),(658,476,0,'Arreglar, Organizar y Limpiar Caja','pending',NULL),(659,477,1,'Reloj - Carteras -Toallas','completed','2026-04-21 11:47:53'),(660,477,6,'Estante Pantalon Niño','completed','2026-04-21 11:47:53'),(661,478,2,'Ropa intima - Bolsas - Vitrina Bebe','completed','2026-04-21 13:59:04'),(662,478,7,'Franela Franelillas Mono - Pantalones Bermuda','completed','2026-04-21 13:59:04'),(663,479,3,'Conjunto Niño -Pañales - Estante franelas','completed','2026-04-21 16:09:24'),(664,479,8,'Camisa Escolar y Vestir de Niño - Pantalon Vestir','completed','2026-04-21 16:09:24'),(665,480,4,'Estante Frenela Niños','completed','2026-04-21 12:53:07'),(666,480,9,'Burros de Blusas','completed','2026-04-21 12:53:07'),(667,481,5,'Conjunto Niño','completed','2026-04-21 17:58:13'),(668,481,10,'Pared Acanalada Bulsas','completed','2026-04-21 17:58:13'),(669,482,11,'Zapateria','completed','2026-04-21 11:58:11'),(670,482,16,'Camisas M - Estante Frente - Pantalon 34','completed','2026-04-21 11:58:11'),(671,482,21,'Boxer - Medias Deportivas y Vestir','completed','2026-04-21 11:58:11'),(672,483,12,'Nivel PA - trajes','completed','2026-04-21 12:20:44'),(673,483,17,'Camisaa L - Estante Frente - Pantalon 36','completed','2026-04-21 12:20:44'),(674,484,13,'Nivel PA - trajes','completed','2026-04-21 12:20:50'),(675,484,18,'Camisas XL - Estante Frente - Pantalon 38-40','completed','2026-04-21 12:20:50'),(676,485,14,'Camisa MC - Camisas KE - Estante frente - Pantalones 28-30','pending',NULL),(677,485,19,'Franela L-XL-Gigantes - Estante Frente - Pantalon Gigantes','pending',NULL),(678,486,15,'Camisas S-SS - Estante frente - Pantalon 32','pending',NULL),(679,486,20,'Franela S-M - Estante Frente - Medias','pending',NULL);
/*!40000 ALTER TABLE `task_assignment_items` ENABLE KEYS */;
UNLOCK TABLES;

--
-- Table structure for table `task_assignment_notes`
--

DROP TABLE IF EXISTS `task_assignment_notes`;
/*!40101 SET @saved_cs_client     = @@character_set_client */;
/*!40101 SET character_set_client = utf8 */;
CREATE TABLE `task_assignment_notes` (
  `id` int(10) unsigned NOT NULL AUTO_INCREMENT,
  `assignment_id` int(10) NOT NULL,
  `note_type` varchar(20) NOT NULL DEFAULT 'manual',
  `note_text` text NOT NULL,
  `created_by_employee_id` int(10) DEFAULT NULL,
  `created_at` datetime DEFAULT NULL,
  PRIMARY KEY (`id`),
  KEY `assignment_id` (`assignment_id`)
) ENGINE=InnoDB AUTO_INCREMENT=190 DEFAULT CHARSET=utf8;
/*!40101 SET character_set_client = @saved_cs_client */;

--
-- Dumping data for table `task_assignment_notes`
--

LOCK TABLES `task_assignment_notes` WRITE;
/*!40000 ALTER TABLE `task_assignment_notes` DISABLE KEYS */;
INSERT INTO `task_assignment_notes` VALUES (1,3,'verification','Verificada por Ildeana Delgado',3,'2026-03-30 17:45:46'),(2,26,'verification','Verificada por Ildeana Delgado',3,'2026-03-30 17:49:18'),(3,6,'verification','Verificada por Ildeana Delgado',3,'2026-03-31 10:34:04'),(4,2,'verification','Verificada por Ildeana Delgado',3,'2026-03-31 10:34:20'),(5,34,'verification','Verificada por Ildeana Delgado',3,'2026-03-31 13:37:57'),(6,7,'verification','Verificada por Ildeana Delgado',3,'2026-03-31 14:31:45'),(7,32,'verification','Verificada por Ildeana Delgado',3,'2026-03-31 14:39:51'),(8,27,'verification','Verificada por Ildeana Delgado',3,'2026-03-31 14:42:47'),(9,29,'completion','list',902,'2026-03-31 15:28:57'),(10,29,'verification','Verificada por Yulimar Pelayo 52',4,'2026-03-31 15:33:52'),(11,9,'verification','Verificada por Yulimar Pelayo 52',4,'2026-03-31 15:33:59'),(12,52,'verification','Verificada por Ildeana Delgado',3,'2026-03-31 16:43:53'),(13,38,'verification','Verificada por Ildeana Delgado',3,'2026-03-31 16:44:05'),(14,31,'verification','Verificada por Ildeana Delgado',3,'2026-03-31 16:44:33'),(15,12,'verification','Verificada por Ildeana Delgado',3,'2026-03-31 16:46:45'),(16,59,'manual','el 50% de la zapateria no tiene codigo de barra eso atrasa la tencion de los clientes',935,'2026-04-01 11:10:21'),(17,33,'manual','se completo la tarea',1762,'2026-04-01 11:15:09'),(18,53,'manual','surtir toalla',935,'2026-04-01 11:18:51'),(19,36,'completion','falta,camisa, xl',902,'2026-04-01 12:50:24'),(20,36,'verification','Verificada por Ildeana Delgado',3,'2026-04-01 13:31:13'),(21,61,'verification','Verificada por Ildeana Delgado',3,'2026-04-01 13:36:40'),(22,59,'verification','Verificada por Ildeana Delgado',3,'2026-04-01 13:37:16'),(23,55,'verification','Verificada por Ildeana Delgado',3,'2026-04-01 13:38:42'),(24,63,'verification','Verificada por Ildeana Delgado',3,'2026-04-01 13:41:20'),(25,53,'verification','Verificada por Ildeana Delgado',3,'2026-04-01 14:25:56'),(26,36,'verification','Verificada por Yulimar Pelayo 52',4,'2026-04-01 14:44:12'),(27,78,'verification','Verificada por Yulimar Pelayo 52',4,'2026-04-01 15:34:44'),(28,62,'verification','Verificada por Ildeana Delgado',3,'2026-04-01 19:00:42'),(29,56,'verification','Verificada por Ildeana Delgado',3,'2026-04-01 19:00:55'),(30,64,'verification','Verificada por Ildeana Delgado',3,'2026-04-01 19:01:00'),(31,58,'verification','Verificada por Ildeana Delgado',3,'2026-04-01 19:01:03'),(32,33,'verification','Verificada por Ildeana Delgado',3,'2026-04-01 19:01:07'),(33,60,'verification','Verificada por Ildeana Delgado',3,'2026-04-01 19:01:39'),(34,54,'verification','Verificada por Ildeana Delgado',3,'2026-04-01 19:01:42'),(35,28,'verification','Verificada por Ildeana Delgado',3,'2026-04-01 19:01:45'),(36,8,'verification','Verificada por Ildeana Delgado',3,'2026-04-01 19:01:47'),(37,57,'verification','Verificada por Ildeana Delgado',3,'2026-04-02 10:56:53'),(38,139,'verification','Verificada por Ildeana Delgado',3,'2026-04-06 12:11:58'),(39,130,'verification','Verificada por Ildeana Delgado',3,'2026-04-06 12:12:02'),(40,126,'verification','Verificada por Ildeana Delgado',3,'2026-04-06 12:12:06'),(41,122,'verification','Verificada por Ildeana Delgado',3,'2026-04-06 12:12:10'),(42,93,'verification','Verificada por Ildeana Delgado',3,'2026-04-06 12:12:14'),(43,117,'verification','Verificada por Ildeana Delgado',3,'2026-04-06 12:12:34'),(44,127,'verification','Verificada por Ildeana Delgado',3,'2026-04-06 12:12:36'),(45,131,'verification','Verificada por Ildeana Delgado',3,'2026-04-06 12:12:39'),(46,140,'verification','Verificada por Ildeana Delgado',3,'2026-04-06 12:12:41'),(47,135,'verification','Verificada por Ildeana Delgado',3,'2026-04-06 12:13:06'),(48,132,'verification','Verificada por Ildeana Delgado',3,'2026-04-06 12:13:08'),(49,128,'verification','Verificada por Ildeana Delgado',3,'2026-04-06 12:13:10'),(50,118,'verification','Verificada por Ildeana Delgado',3,'2026-04-06 12:13:12'),(51,136,'verification','Verificada por Ildeana Delgado',3,'2026-04-06 12:13:30'),(52,133,'verification','Verificada por Ildeana Delgado',3,'2026-04-06 12:13:32'),(53,119,'verification','Verificada por Ildeana Delgado',3,'2026-04-06 12:13:34'),(54,123,'verification','Verificada por Ildeana Delgado',3,'2026-04-06 12:13:36'),(55,175,'verification','Verificada por Ildeana Delgado',3,'2026-04-06 12:18:45'),(56,171,'verification','Verificada por Ildeana Delgado',3,'2026-04-06 12:18:48'),(57,129,'verification','Verificada por Ildeana Delgado',3,'2026-04-06 12:18:50'),(58,138,'verification','Verificada por Ildeana Delgado',3,'2026-04-06 12:18:52'),(59,125,'verification','Verificada por Ildeana Delgado',3,'2026-04-06 12:18:55'),(60,121,'verification','Verificada por Ildeana Delgado',3,'2026-04-06 12:18:57'),(61,177,'verification','Verificada por Ildeana Delgado',3,'2026-04-07 10:39:09'),(62,167,'verification','Verificada por Ildeana Delgado',3,'2026-04-07 10:39:11'),(63,174,'verification','Verificada por Ildeana Delgado',3,'2026-04-07 10:40:46'),(64,170,'verification','Verificada por Ildeana Delgado',3,'2026-04-07 10:40:56'),(65,137,'verification','Verificada por Ildeana Delgado',3,'2026-04-07 10:41:26'),(66,134,'verification','Verificada por Ildeana Delgado',3,'2026-04-07 10:41:34'),(67,124,'verification','Verificada por Ildeana Delgado',3,'2026-04-07 10:41:43'),(68,120,'verification','Verificada por Ildeana Delgado',3,'2026-04-07 10:41:48'),(69,201,'verification','Verificada por Yulimar Pelayo 52',4,'2026-04-07 12:30:27'),(70,195,'verification','Verificada por Yulimar Pelayo 52',4,'2026-04-07 12:30:38'),(71,199,'verification','Verificada por Ildeana Delgado',3,'2026-04-07 12:33:21'),(72,200,'verification','Verificada por Ildeana Delgado',3,'2026-04-07 12:34:29'),(73,194,'verification','Verificada por Ildeana Delgado',3,'2026-04-07 12:34:43'),(74,173,'verification','Verificada por Ildeana Delgado',3,'2026-04-07 12:35:12'),(75,169,'verification','Verificada por Ildeana Delgado',3,'2026-04-07 12:35:15'),(76,198,'verification','Verificada por Ildeana Delgado',3,'2026-04-07 12:36:52'),(77,213,'verification','Verificada por Ildeana Delgado',3,'2026-04-08 12:24:11'),(78,210,'verification','Verificada por Ildeana Delgado',3,'2026-04-08 12:24:33'),(79,211,'verification','Verificada por Ildeana Delgado',3,'2026-04-08 18:36:12'),(80,205,'verification','Verificada por Ildeana Delgado',3,'2026-04-08 18:36:15'),(81,204,'verification','Verificada por Ildeana Delgado',3,'2026-04-08 18:37:00'),(82,212,'verification','Verificada por Yulimar Pelayo 52',4,'2026-04-08 18:45:55'),(83,206,'verification','Verificada por Yulimar Pelayo 52',4,'2026-04-08 18:46:00'),(84,248,'verification','Verificada por Ildeana Delgado',3,'2026-04-09 11:38:23'),(85,252,'verification','Verificada por Ildeana Delgado',3,'2026-04-09 15:27:59'),(86,243,'verification','Verificada por Ildeana Delgado',3,'2026-04-09 15:28:02'),(87,245,'verification','Verificada por Ildeana Delgado',3,'2026-04-09 15:28:25'),(88,207,'verification','Verificada por Ildeana Delgado',3,'2026-04-09 15:32:11'),(89,251,'verification','Verificada por Ildeana Delgado',3,'2026-04-09 15:32:29'),(90,242,'verification','Verificada por Ildeana Delgado',3,'2026-04-09 15:32:33'),(91,303,'verification','Verificada por Yulimar Pelayo 52',4,'2026-04-11 14:56:17'),(92,293,'verification','Verificada por Yulimar Pelayo 52',4,'2026-04-11 14:56:22'),(93,302,'verification','Verificada por Yulimar Pelayo 52',4,'2026-04-11 18:56:07'),(94,298,'verification','Verificada por Yulimar Pelayo 52',4,'2026-04-11 18:56:10'),(95,304,'verification','Verificada por Yulimar Pelayo 52',4,'2026-04-11 18:56:20'),(96,294,'verification','Verificada por Yulimar Pelayo 52',4,'2026-04-11 18:56:23'),(97,301,'verification','Verificada por Yulimar Pelayo 52',4,'2026-04-11 18:56:40'),(98,297,'verification','Verificada por Yulimar Pelayo 52',4,'2026-04-11 18:56:48'),(99,196,'verification','Verificada por Ildeana Delgado',3,'2026-04-14 10:17:44'),(100,202,'verification','Verificada por Ildeana Delgado',3,'2026-04-14 10:17:45'),(101,208,'verification','Verificada por Ildeana Delgado',3,'2026-04-14 10:17:48'),(102,246,'verification','Verificada por Ildeana Delgado',3,'2026-04-14 10:17:50'),(103,316,'verification','Verificada por Ildeana Delgado',3,'2026-04-14 10:18:15'),(104,305,'verification','Verificada por Ildeana Delgado',3,'2026-04-14 10:18:20'),(105,295,'verification','Verificada por Ildeana Delgado',3,'2026-04-14 10:18:23'),(106,214,'verification','Verificada por Ildeana Delgado',3,'2026-04-14 10:18:25'),(107,271,'verification','Verificada por Ildeana Delgado',3,'2026-04-14 10:18:27'),(108,299,'verification','Verificada por Ildeana Delgado',3,'2026-04-14 10:18:30'),(109,274,'verification','Verificada por Ildeana Delgado',3,'2026-04-14 10:18:32'),(110,249,'verification','Verificada por Ildeana Delgado',3,'2026-04-14 10:18:33'),(111,300,'verification','Verificada por Ildeana Delgado',3,'2026-04-14 10:20:06'),(112,296,'verification','Verificada por Ildeana Delgado',3,'2026-04-14 10:20:08'),(113,247,'verification','Verificada por Ildeana Delgado',3,'2026-04-14 10:20:16'),(114,275,'verification','Verificada por Ildeana Delgado',3,'2026-04-14 10:20:19'),(115,203,'verification','Verificada por Ildeana Delgado',3,'2026-04-14 10:20:21'),(116,272,'verification','Verificada por Ildeana Delgado',3,'2026-04-14 10:20:24'),(117,250,'verification','Verificada por Ildeana Delgado',3,'2026-04-14 10:20:26'),(118,215,'verification','Verificada por Ildeana Delgado',3,'2026-04-14 10:21:35'),(119,197,'verification','Verificada por Ildeana Delgado',3,'2026-04-14 10:21:40'),(120,209,'verification','Verificada por Ildeana Delgado',3,'2026-04-14 10:21:44'),(121,306,'verification','Verificada por Ildeana Delgado',3,'2026-04-14 10:24:09'),(122,311,'verification','Verificada por Ildeana Delgado',3,'2026-04-14 10:24:11'),(123,312,'verification','Verificada por Ildeana Delgado',3,'2026-04-14 11:04:18'),(124,307,'verification','Verificada por Ildeana Delgado',3,'2026-04-14 11:04:21'),(125,309,'verification','Verificada por Ildeana Delgado',3,'2026-04-14 11:04:23'),(126,314,'verification','Verificada por Ildeana Delgado',3,'2026-04-14 11:04:26'),(127,340,'completion','limpie y todo,sucio y un desorden',902,'2026-04-14 12:31:36'),(128,340,'verification','Verificada por Yulimar Pelayo 52',4,'2026-04-14 12:33:22'),(129,336,'verification','Verificada por Yulimar Pelayo 52',4,'2026-04-14 12:33:26'),(130,339,'verification','Verificada por Ildeana Delgado',3,'2026-04-14 13:34:57'),(131,335,'verification','Verificada por Ildeana Delgado',3,'2026-04-14 13:35:01'),(132,338,'verification','Verificada por Ildeana Delgado',3,'2026-04-14 13:35:17'),(133,334,'verification','Verificada por Ildeana Delgado',3,'2026-04-14 13:35:19'),(134,342,'verification','Verificada por Ildeana Delgado',3,'2026-04-14 14:10:40'),(135,333,'verification','Verificada por Ildeana Delgado',3,'2026-04-14 14:10:42'),(136,337,'verification','Verificada por Ildeana Delgado',3,'2026-04-14 16:34:23'),(137,375,'verification','Verificada por Ildeana Delgado',3,'2026-04-15 13:50:55'),(138,367,'verification','Verificada por Ildeana Delgado',3,'2026-04-15 13:51:06'),(139,373,'verification','Verificada por Yulimar Pelayo 52',4,'2026-04-15 19:15:52'),(140,370,'verification','Verificada por Yulimar Pelayo 52',4,'2026-04-15 19:15:56'),(141,369,'verification','Verificada por Yulimar Pelayo 52',4,'2026-04-15 19:16:00'),(142,372,'verification','Verificada por Yulimar Pelayo 52',4,'2026-04-15 19:16:03'),(143,371,'verification','Verificada por Yulimar Pelayo 52',4,'2026-04-15 19:16:09'),(144,374,'verification','Verificada por Yulimar Pelayo 52',4,'2026-04-15 19:16:12'),(145,341,'verification','Verificada por Ildeana Delgado',3,'2026-04-15 19:17:11'),(146,376,'verification','Verificada por Ildeana Delgado',3,'2026-04-15 19:17:19'),(147,368,'verification','Verificada por Ildeana Delgado',3,'2026-04-15 19:17:28'),(148,395,'verification','Verificada por Ildeana Delgado',3,'2026-04-16 14:03:39'),(149,389,'verification','Verificada por Ildeana Delgado',3,'2026-04-16 14:03:49'),(150,394,'verification','Verificada por Ildeana Delgado',3,'2026-04-16 14:04:15'),(151,396,'verification','Verificada por Ildeana Delgado',3,'2026-04-16 14:04:28'),(152,390,'verification','Verificada por Ildeana Delgado',3,'2026-04-16 14:04:32'),(153,398,'verification','Verificada por Yulimar Pelayo 52',4,'2026-04-16 18:42:26'),(154,392,'verification','Verificada por Yulimar Pelayo 52',4,'2026-04-17 12:02:48'),(155,420,'verification','Verificada por Yulimar Pelayo 52',4,'2026-04-17 12:23:07'),(156,412,'verification','Verificada por Yulimar Pelayo 52',4,'2026-04-17 12:23:11'),(157,418,'verification','Verificada por Yulimar Pelayo 52',4,'2026-04-17 12:25:24'),(158,417,'verification','Verificada por Yulimar Pelayo 52',4,'2026-04-17 12:27:36'),(159,419,'verification','Verificada por Yulimar Pelayo 52',4,'2026-04-17 12:27:58'),(160,411,'verification','Verificada por Yulimar Pelayo 52',4,'2026-04-17 12:28:01'),(161,414,'verification','Verificada por Yulimar Pelayo 52',4,'2026-04-17 12:43:28'),(162,437,'verification','Verificada por Yulimar Pelayo 52',4,'2026-04-18 15:51:53'),(163,415,'verification','Verificada por Yulimar Pelayo 52',4,'2026-04-18 15:51:56'),(164,442,'verification','Verificada por Yulimar Pelayo 52',4,'2026-04-18 15:52:22'),(165,439,'verification','Verificada por Yulimar Pelayo 52',4,'2026-04-18 18:37:30'),(166,436,'verification','Verificada por Yulimar Pelayo 52',4,'2026-04-18 18:37:33'),(167,441,'verification','Verificada por Yulimar Pelayo 52',4,'2026-04-18 18:37:41'),(168,433,'verification','Verificada por Yulimar Pelayo 52',4,'2026-04-18 18:37:46'),(169,438,'verification','Verificada por Yulimar Pelayo 52',4,'2026-04-18 18:40:33'),(170,435,'verification','Verificada por Yulimar Pelayo 52',4,'2026-04-18 18:40:36'),(171,434,'verification','Verificada por Yulimar Pelayo 52',4,'2026-04-18 18:40:47'),(172,440,'verification','Verificada por Yulimar Pelayo 52',4,'2026-04-18 18:41:44'),(173,443,'verification','Verificada por Ildeana Delgado',3,'2026-04-20 13:35:13'),(174,448,'verification','Verificada por Ildeana Delgado',3,'2026-04-20 13:35:27'),(175,450,'verification','Verificada por Ildeana Delgado',3,'2026-04-20 13:35:49'),(176,444,'verification','Verificada por Yulimar Pelayo 52',4,'2026-04-20 14:42:56'),(177,449,'verification','Verificada por Yulimar Pelayo 52',4,'2026-04-20 15:58:06'),(178,451,'verification','Verificada por Yulimar Pelayo 52',4,'2026-04-20 18:30:52'),(179,445,'verification','Verificada por Yulimar Pelayo 52',4,'2026-04-20 18:30:57'),(180,446,'verification','Verificada por Yulimar Pelayo 52',4,'2026-04-20 18:31:01'),(181,452,'verification','Verificada por Yulimar Pelayo 52',4,'2026-04-20 18:31:09'),(182,482,'verification','Verificada por Ildeana Delgado',3,'2026-04-21 13:13:17'),(183,477,'verification','Verificada por Ildeana Delgado',3,'2026-04-21 13:13:21'),(184,480,'verification','Verificada por Ildeana Delgado',3,'2026-04-21 13:13:50'),(185,484,'verification','Verificada por Ildeana Delgado',3,'2026-04-21 18:50:47'),(186,479,'verification','Verificada por Ildeana Delgado',3,'2026-04-21 18:50:49'),(187,481,'verification','Verificada por Ildeana Delgado',3,'2026-04-21 18:51:08'),(188,483,'verification','Verificada por Ildeana Delgado',3,'2026-04-21 18:51:18'),(189,478,'verification','Verificada por Ildeana Delgado',3,'2026-04-21 18:51:20');
/*!40000 ALTER TABLE `task_assignment_notes` ENABLE KEYS */;
UNLOCK TABLES;

--
-- Table structure for table `task_assignments`
--

DROP TABLE IF EXISTS `task_assignments`;
/*!40101 SET @saved_cs_client     = @@character_set_client */;
/*!40101 SET character_set_client = utf8 */;
CREATE TABLE `task_assignments` (
  `id` int(10) unsigned NOT NULL AUTO_INCREMENT,
  `rule_id` int(10) NOT NULL,
  `template_id` int(10) NOT NULL,
  `employee_id` int(10) NOT NULL,
  `title` varchar(255) NOT NULL DEFAULT '',
  `description` text,
  `assigned_date` date NOT NULL,
  `due_date` date DEFAULT NULL,
  `status` varchar(20) NOT NULL DEFAULT 'pending',
  `note` text,
  `requires_note_on_complete` tinyint(1) NOT NULL DEFAULT '0',
  `completed_at` datetime DEFAULT NULL,
  `verified_by_employee_id` int(10) DEFAULT NULL,
  `verified_by_name` varchar(255) DEFAULT NULL,
  `verified_at` datetime DEFAULT NULL,
  `overdue_at` datetime DEFAULT NULL,
  `created_at` datetime DEFAULT NULL,
  `updated_at` datetime DEFAULT NULL,
  PRIMARY KEY (`id`),
  KEY `rule_id_employee_id_assigned_date` (`rule_id`,`employee_id`,`assigned_date`)
) ENGINE=InnoDB AUTO_INCREMENT=487 DEFAULT CHARSET=utf8;
/*!40101 SET character_set_client = @saved_cs_client */;

--
-- Dumping data for table `task_assignments`
--

LOCK TABLES `task_assignments` WRITE;
/*!40000 ALTER TABLE `task_assignments` DISABLE KEYS */;
INSERT INTO `task_assignments` VALUES (1,1,2,935,'Arreglar Vitrinas','Arreglar y Organizar Vitrinas Seleccionadas','2026-03-30','2026-03-30','completed','',0,'2026-03-30 17:40:09',NULL,NULL,NULL,NULL,'2026-03-30 16:36:06','2026-03-30 17:40:09'),(2,1,2,1913,'Arreglar Vitrinas','Arreglar y Organizar Vitrinas Seleccionadas','2026-03-30','2026-03-30','completed','',0,'2026-03-31 10:26:52',3,'Ildeana Delgado','2026-03-31 10:34:20','2026-03-31 10:17:08','2026-03-30 16:36:06','2026-03-31 10:34:20'),(3,1,2,902,'Arreglar Vitrinas','Arreglar y Organizar Vitrinas Seleccionadas','2026-03-30','2026-03-30','completed','',0,'2026-03-30 17:30:42',3,'Ildeana Delgado','2026-03-30 17:45:46',NULL,'2026-03-30 16:36:07','2026-03-30 17:45:46'),(4,1,2,1899,'Arreglar Vitrinas','Arreglar y Organizar Vitrinas Seleccionadas','2026-03-30','2026-03-30','completed','',0,'2026-03-30 17:34:18',NULL,NULL,NULL,NULL,'2026-03-30 16:36:07','2026-03-30 17:34:18'),(5,1,2,508,'Arreglar Vitrinas','Arreglar y Organizar Vitrinas Seleccionadas','2026-03-30','2026-03-30','completed','',0,'2026-03-30 17:27:26',NULL,NULL,NULL,NULL,'2026-03-30 16:36:07','2026-03-30 17:27:26'),(6,1,2,1762,'Arreglar Vitrinas','Arreglar y Organizar Vitrinas Seleccionadas','2026-03-30','2026-03-30','completed','',0,'2026-03-31 10:19:00',3,'Ildeana Delgado','2026-03-31 10:34:04','2026-03-31 10:17:08','2026-03-30 16:36:07','2026-03-31 10:34:04'),(7,2,1,935,'Arreglar Vitrinas Dama','Arreglar y organizar las vitrinas Seleccionadas','2026-03-30','2026-03-30','completed','',0,'2026-03-31 10:53:46',3,'Ildeana Delgado','2026-03-31 14:31:45',NULL,'2026-03-30 16:36:54','2026-03-31 14:31:45'),(8,2,1,1913,'Arreglar Vitrinas Dama','Arreglar y organizar las vitrinas Seleccionadas','2026-03-30','2026-03-30','completed','',0,'2026-04-01 12:27:16',3,'Ildeana Delgado','2026-04-01 19:01:47',NULL,'2026-03-30 16:36:54','2026-04-01 19:01:47'),(9,2,1,902,'Arreglar Vitrinas Dama','Arreglar y organizar las vitrinas Seleccionadas','2026-03-30','2026-03-30','completed','',0,'2026-03-31 15:29:38',4,'Yulimar Pelayo 52','2026-03-31 15:33:59',NULL,'2026-03-30 16:36:54','2026-03-31 15:33:59'),(10,2,1,1899,'Arreglar Vitrinas Dama','Arreglar y organizar las vitrinas Seleccionadas','2026-03-30','2026-03-30','completed','',0,'2026-03-31 18:11:47',NULL,NULL,NULL,NULL,'2026-03-30 16:36:55','2026-03-31 18:11:47'),(11,2,1,508,'Arreglar Vitrinas Dama','Arreglar y organizar las vitrinas Seleccionadas','2026-03-30','2026-03-30','completed','',0,'2026-03-30 17:41:03',NULL,NULL,NULL,NULL,'2026-03-30 16:36:55','2026-03-30 17:41:03'),(12,2,1,1762,'Arreglar Vitrinas Dama','Arreglar y organizar las vitrinas Seleccionadas','2026-03-30','2026-03-30','completed','',0,'2026-03-31 15:48:34',3,'Ildeana Delgado','2026-03-31 16:46:45',NULL,'2026-03-30 16:36:56','2026-03-31 16:46:45'),(13,3,3,935,'Arreglar, Organizar y Limpiar Caja','Arreglar, Organizar y Limpiar Caja','2026-03-30','2026-03-30','overdue','',0,NULL,NULL,NULL,NULL,'2026-04-21 10:16:40','2026-03-30 16:40:49','2026-04-21 10:16:40'),(14,3,3,1913,'Arreglar, Organizar y Limpiar Caja','Arreglar, Organizar y Limpiar Caja','2026-03-30','2026-03-30','overdue','',0,NULL,NULL,NULL,NULL,'2026-04-21 10:16:41','2026-03-30 16:40:49','2026-04-21 10:16:41'),(15,3,3,902,'Arreglar, Organizar y Limpiar Caja','Arreglar, Organizar y Limpiar Caja','2026-03-30','2026-03-30','overdue','',0,NULL,NULL,NULL,NULL,'2026-04-21 10:16:41','2026-03-30 16:40:49','2026-04-21 10:16:41'),(16,3,3,3,'Arreglar, Organizar y Limpiar Caja','Arreglar, Organizar y Limpiar Caja','2026-03-30','2026-03-30','completed','',0,'2026-03-30 17:43:29',NULL,NULL,NULL,NULL,'2026-03-30 16:40:49','2026-03-30 17:43:29'),(17,3,3,1899,'Arreglar, Organizar y Limpiar Caja','Arreglar, Organizar y Limpiar Caja','2026-03-30','2026-03-30','overdue','',0,NULL,NULL,NULL,NULL,'2026-04-21 10:16:41','2026-03-30 16:40:49','2026-04-21 10:16:41'),(18,3,3,508,'Arreglar, Organizar y Limpiar Caja','Arreglar, Organizar y Limpiar Caja','2026-03-30','2026-03-30','overdue','',0,NULL,NULL,NULL,NULL,'2026-04-13 09:44:29','2026-03-30 16:40:49','2026-04-13 09:44:29'),(19,3,3,2006,'Arreglar, Organizar y Limpiar Caja','Arreglar, Organizar y Limpiar Caja','2026-03-30','2026-03-30','overdue','',0,NULL,NULL,NULL,NULL,'2026-04-21 10:16:41','2026-03-30 16:40:49','2026-04-21 10:16:41'),(20,3,3,2030,'Arreglar, Organizar y Limpiar Caja','Arreglar, Organizar y Limpiar Caja','2026-03-30','2026-03-30','overdue','',0,NULL,NULL,NULL,NULL,'2026-04-21 10:16:41','2026-03-30 16:40:50','2026-04-21 10:16:41'),(21,3,3,2008,'Arreglar, Organizar y Limpiar Caja','Arreglar, Organizar y Limpiar Caja','2026-03-30','2026-03-30','overdue','',0,NULL,NULL,NULL,NULL,'2026-04-21 10:16:42','2026-03-30 16:40:50','2026-04-21 10:16:42'),(22,3,3,1,'Arreglar, Organizar y Limpiar Caja','Arreglar, Organizar y Limpiar Caja','2026-03-30','2026-03-30','overdue','',0,NULL,NULL,NULL,NULL,'2026-04-21 10:16:42','2026-03-30 16:40:50','2026-04-21 10:16:42'),(23,3,3,2007,'Arreglar, Organizar y Limpiar Caja','Arreglar, Organizar y Limpiar Caja','2026-03-30','2026-03-30','overdue','',0,NULL,NULL,NULL,NULL,'2026-04-21 10:16:42','2026-03-30 16:40:50','2026-04-21 10:16:42'),(24,3,3,1762,'Arreglar, Organizar y Limpiar Caja','Arreglar, Organizar y Limpiar Caja','2026-03-30','2026-03-30','overdue','',0,NULL,NULL,NULL,NULL,'2026-04-13 09:44:30','2026-03-30 16:40:51','2026-04-13 09:44:30'),(25,3,3,4,'Arreglar, Organizar y Limpiar Caja','Arreglar, Organizar y Limpiar Caja','2026-03-30','2026-03-30','completed','',0,'2026-03-31 15:26:27',NULL,NULL,NULL,NULL,'2026-03-30 16:40:51','2026-03-31 15:26:27'),(26,0,0,935,'prueba','','2026-03-30','2026-03-30','completed','',0,'2026-03-30 17:48:59',3,'Ildeana Delgado','2026-03-30 17:49:18',NULL,'2026-03-30 17:47:42','2026-03-30 17:49:18'),(27,2,1,935,'Arreglar Vitrinas Dama','Arreglar y organizar las vitrinas Seleccionadas','2026-03-31','2026-03-31','completed','',0,'2026-03-31 14:36:54',3,'Ildeana Delgado','2026-03-31 14:42:47',NULL,'2026-03-31 10:17:06','2026-03-31 14:42:47'),(28,2,1,1913,'Arreglar Vitrinas Dama','Arreglar y organizar las vitrinas Seleccionadas','2026-03-31','2026-03-31','completed','',0,'2026-04-01 12:27:01',3,'Ildeana Delgado','2026-04-01 19:01:45',NULL,'2026-03-31 10:17:06','2026-04-01 19:01:45'),(29,2,1,902,'Arreglar Vitrinas Dama','Arreglar y organizar las vitrinas Seleccionadas','2026-03-31','2026-03-31','completed','list',0,'2026-03-31 15:28:57',4,'Yulimar Pelayo 52','2026-03-31 15:33:52',NULL,'2026-03-31 10:17:06','2026-03-31 15:33:52'),(30,2,1,1899,'Arreglar Vitrinas Dama','Arreglar y organizar las vitrinas Seleccionadas','2026-03-31','2026-03-31','completed','',0,'2026-03-31 17:10:47',NULL,NULL,NULL,NULL,'2026-03-31 10:17:06','2026-03-31 17:10:47'),(31,2,1,508,'Arreglar Vitrinas Dama','Arreglar y organizar las vitrinas Seleccionadas','2026-03-31','2026-03-31','completed','',0,'2026-03-31 11:02:11',3,'Ildeana Delgado','2026-03-31 16:44:33',NULL,'2026-03-31 10:17:07','2026-03-31 16:44:33'),(32,2,1,1762,'Arreglar Vitrinas Dama','Arreglar y organizar las vitrinas Seleccionadas','2026-03-31','2026-03-31','completed','',0,'2026-03-31 14:02:34',3,'Ildeana Delgado','2026-03-31 14:39:51',NULL,'2026-03-31 10:17:07','2026-03-31 14:39:51'),(33,1,2,1762,'Arreglar Vitrinas Caballeros','Arreglar y Organizar Vitrinas Seleccionadas','2026-03-31','2026-03-31','completed','',0,'2026-04-01 14:28:30',3,'Ildeana Delgado','2026-04-01 19:01:07',NULL,'2026-03-31 10:17:08','2026-04-01 19:01:07'),(34,1,2,935,'Arreglar Vitrinas Caballeros','Arreglar y Organizar Vitrinas Seleccionadas','2026-03-31','2026-03-31','completed','',0,'2026-03-31 11:56:37',3,'Ildeana Delgado','2026-03-31 13:37:57',NULL,'2026-03-31 10:17:08','2026-03-31 13:37:57'),(35,1,2,1913,'Arreglar Vitrinas Caballeros','Arreglar y Organizar Vitrinas Seleccionadas','2026-03-31','2026-03-31','completed','',0,'2026-03-31 18:20:40',NULL,NULL,NULL,NULL,'2026-03-31 10:17:08','2026-03-31 18:20:40'),(36,1,2,902,'Arreglar Vitrinas Caballeros','Arreglar y Organizar Vitrinas Seleccionadas','2026-03-31','2026-03-31','completed','falta,camisa, xl',0,'2026-04-01 12:50:24',4,'Yulimar Pelayo 52','2026-04-01 14:44:12',NULL,'2026-03-31 10:17:08','2026-04-01 14:44:12'),(37,1,2,1899,'Arreglar Vitrinas Caballeros','Arreglar y Organizar Vitrinas Seleccionadas','2026-03-31','2026-03-31','completed','',0,'2026-03-31 15:33:18',NULL,NULL,NULL,NULL,'2026-03-31 10:17:08','2026-03-31 15:33:18'),(38,1,2,508,'Arreglar Vitrinas Caballeros','Arreglar y Organizar Vitrinas Seleccionadas','2026-03-31','2026-03-31','completed','',0,'2026-03-31 16:15:06',3,'Ildeana Delgado','2026-03-31 16:44:05',NULL,'2026-03-31 10:17:09','2026-03-31 16:44:05'),(39,3,3,935,'Arreglar, Organizar y Limpiar Caja','Arreglar, Organizar y Limpiar Caja','2026-03-31','2026-03-31','overdue','',0,NULL,NULL,NULL,NULL,'2026-04-21 10:16:40','2026-03-31 10:29:46','2026-04-21 10:16:40'),(40,3,3,1913,'Arreglar, Organizar y Limpiar Caja','Arreglar, Organizar y Limpiar Caja','2026-03-31','2026-03-31','overdue','',0,NULL,NULL,NULL,NULL,'2026-04-21 10:16:41','2026-03-31 10:29:46','2026-04-21 10:16:41'),(41,3,3,902,'Arreglar, Organizar y Limpiar Caja','Arreglar, Organizar y Limpiar Caja','2026-03-31','2026-03-31','overdue','',0,NULL,NULL,NULL,NULL,'2026-04-21 10:16:41','2026-03-31 10:29:46','2026-04-21 10:16:41'),(42,3,3,3,'Arreglar, Organizar y Limpiar Caja','Arreglar, Organizar y Limpiar Caja','2026-03-31','2026-03-31','overdue','',0,NULL,NULL,NULL,NULL,'2026-04-21 10:16:41','2026-03-31 10:29:46','2026-04-21 10:16:41'),(43,3,3,1899,'Arreglar, Organizar y Limpiar Caja','Arreglar, Organizar y Limpiar Caja','2026-03-31','2026-03-31','overdue','',0,NULL,NULL,NULL,NULL,'2026-04-21 10:16:41','2026-03-31 10:29:46','2026-04-21 10:16:41'),(44,3,3,508,'Arreglar, Organizar y Limpiar Caja','Arreglar, Organizar y Limpiar Caja','2026-03-31','2026-03-31','overdue','',0,NULL,NULL,NULL,NULL,'2026-04-13 09:44:29','2026-03-31 10:29:47','2026-04-13 09:44:29'),(45,3,3,2006,'Arreglar, Organizar y Limpiar Caja','Arreglar, Organizar y Limpiar Caja','2026-03-31','2026-03-31','overdue','',0,NULL,NULL,NULL,NULL,'2026-04-21 10:16:41','2026-03-31 10:29:47','2026-04-21 10:16:41'),(46,3,3,2030,'Arreglar, Organizar y Limpiar Caja','Arreglar, Organizar y Limpiar Caja','2026-03-31','2026-03-31','overdue','',0,NULL,NULL,NULL,NULL,'2026-04-21 10:16:41','2026-03-31 10:29:47','2026-04-21 10:16:41'),(47,3,3,2008,'Arreglar, Organizar y Limpiar Caja','Arreglar, Organizar y Limpiar Caja','2026-03-31','2026-03-31','overdue','',0,NULL,NULL,NULL,NULL,'2026-04-21 10:16:42','2026-03-31 10:29:48','2026-04-21 10:16:42'),(48,3,3,1,'Arreglar, Organizar y Limpiar Caja','Arreglar, Organizar y Limpiar Caja','2026-03-31','2026-03-31','overdue','',0,NULL,NULL,NULL,NULL,'2026-04-21 10:16:42','2026-03-31 10:29:48','2026-04-21 10:16:42'),(49,3,3,2007,'Arreglar, Organizar y Limpiar Caja','Arreglar, Organizar y Limpiar Caja','2026-03-31','2026-03-31','overdue','',0,NULL,NULL,NULL,NULL,'2026-04-21 10:16:42','2026-03-31 10:29:48','2026-04-21 10:16:42'),(50,3,3,1762,'Arreglar, Organizar y Limpiar Caja','Arreglar, Organizar y Limpiar Caja','2026-03-31','2026-03-31','overdue','',0,NULL,NULL,NULL,NULL,'2026-04-13 09:44:30','2026-03-31 10:29:48','2026-04-13 09:44:30'),(51,3,3,4,'Arreglar, Organizar y Limpiar Caja','Arreglar, Organizar y Limpiar Caja','2026-03-31','2026-03-31','overdue','',0,NULL,NULL,NULL,NULL,'2026-04-21 10:16:42','2026-03-31 10:29:48','2026-04-21 10:16:42'),(52,0,0,508,'vitrina pijama de caballero','','2026-03-31','2026-03-31','completed','',0,'2026-03-31 16:15:38',3,'Ildeana Delgado','2026-03-31 16:43:53',NULL,'2026-03-31 10:55:58','2026-03-31 16:43:53'),(53,2,1,935,'Arreglar Vitrinas Dama','Arreglar y organizar las vitrinas Seleccionadas','2026-04-01','2026-04-01','completed','',0,'2026-04-01 12:02:32',3,'Ildeana Delgado','2026-04-01 14:25:56',NULL,'2026-04-01 10:25:48','2026-04-01 14:25:56'),(54,2,1,1913,'Arreglar Vitrinas Dama','Arreglar y organizar las vitrinas Seleccionadas','2026-04-01','2026-04-01','completed','',0,'2026-04-01 12:26:42',3,'Ildeana Delgado','2026-04-01 19:01:42',NULL,'2026-04-01 10:25:48','2026-04-01 19:01:42'),(55,2,1,902,'Arreglar Vitrinas Dama','Arreglar y organizar las vitrinas Seleccionadas','2026-04-01','2026-04-01','completed','',0,'2026-04-01 13:15:03',3,'Ildeana Delgado','2026-04-01 13:38:42',NULL,'2026-04-01 10:25:49','2026-04-01 13:38:42'),(56,2,1,1899,'Arreglar Vitrinas Dama','Arreglar y organizar las vitrinas Seleccionadas','2026-04-01','2026-04-01','completed','',0,'2026-04-01 16:12:35',3,'Ildeana Delgado','2026-04-01 19:00:55',NULL,'2026-04-01 10:25:49','2026-04-01 19:00:55'),(57,2,1,508,'Arreglar Vitrinas Dama','Arreglar y organizar las vitrinas Seleccionadas','2026-04-01','2026-04-01','completed','',0,'2026-04-02 10:14:19',3,'Ildeana Delgado','2026-04-02 10:56:53','2026-04-02 01:45:36','2026-04-01 10:25:49','2026-04-02 10:56:53'),(58,2,1,1762,'Arreglar Vitrinas Dama','Arreglar y organizar las vitrinas Seleccionadas','2026-04-01','2026-04-01','completed','',0,'2026-04-01 18:04:55',3,'Ildeana Delgado','2026-04-01 19:01:03',NULL,'2026-04-01 10:25:49','2026-04-01 19:01:03'),(59,1,2,935,'Arreglar Vitrinas Caballeros','Arreglar y Organizar Vitrinas Seleccionadas','2026-04-01','2026-04-01','completed','',0,'2026-04-01 11:47:04',3,'Ildeana Delgado','2026-04-01 13:37:16',NULL,'2026-04-01 10:25:49','2026-04-01 13:37:16'),(60,1,2,1913,'Arreglar Vitrinas Caballeros','Arreglar y Organizar Vitrinas Seleccionadas','2026-04-01','2026-04-01','completed','',0,'2026-04-01 11:31:53',3,'Ildeana Delgado','2026-04-01 19:01:39',NULL,'2026-04-01 10:25:50','2026-04-01 19:01:39'),(61,1,2,902,'Arreglar Vitrinas Caballeros','Arreglar y Organizar Vitrinas Seleccionadas','2026-04-01','2026-04-01','completed','',0,'2026-04-01 13:15:20',3,'Ildeana Delgado','2026-04-01 13:36:40',NULL,'2026-04-01 10:25:51','2026-04-01 13:36:40'),(62,1,2,1899,'Arreglar Vitrinas Caballeros','Arreglar y Organizar Vitrinas Seleccionadas','2026-04-01','2026-04-01','completed','',0,'2026-04-01 15:51:19',3,'Ildeana Delgado','2026-04-01 19:00:42',NULL,'2026-04-01 10:25:51','2026-04-01 19:00:42'),(63,1,2,508,'Arreglar Vitrinas Caballeros','Arreglar y Organizar Vitrinas Seleccionadas','2026-04-01','2026-04-01','completed','',0,'2026-04-01 11:51:05',3,'Ildeana Delgado','2026-04-01 13:41:20',NULL,'2026-04-01 10:25:51','2026-04-01 13:41:20'),(64,1,2,1762,'Arreglar Vitrinas Caballeros','Arreglar y Organizar Vitrinas Seleccionadas','2026-04-01','2026-04-01','completed','',0,'2026-04-01 16:13:44',3,'Ildeana Delgado','2026-04-01 19:01:00',NULL,'2026-04-01 10:25:51','2026-04-01 19:01:00'),(65,3,3,935,'Arreglar, Organizar y Limpiar Caja','Arreglar, Organizar y Limpiar Caja','2026-04-01','2026-04-01','overdue','',0,NULL,NULL,NULL,NULL,'2026-04-21 10:16:40','2026-04-01 10:31:42','2026-04-21 10:16:40'),(66,3,3,1913,'Arreglar, Organizar y Limpiar Caja','Arreglar, Organizar y Limpiar Caja','2026-04-01','2026-04-01','overdue','',0,NULL,NULL,NULL,NULL,'2026-04-21 10:16:41','2026-04-01 10:31:42','2026-04-21 10:16:41'),(67,3,3,902,'Arreglar, Organizar y Limpiar Caja','Arreglar, Organizar y Limpiar Caja','2026-04-01','2026-04-01','overdue','',0,NULL,NULL,NULL,NULL,'2026-04-21 10:16:41','2026-04-01 10:31:43','2026-04-21 10:16:41'),(68,3,3,3,'Arreglar, Organizar y Limpiar Caja','Arreglar, Organizar y Limpiar Caja','2026-04-01','2026-04-01','overdue','',0,NULL,NULL,NULL,NULL,'2026-04-21 10:16:41','2026-04-01 10:31:43','2026-04-21 10:16:41'),(69,3,3,1899,'Arreglar, Organizar y Limpiar Caja','Arreglar, Organizar y Limpiar Caja','2026-04-01','2026-04-01','overdue','',0,NULL,NULL,NULL,NULL,'2026-04-21 10:16:41','2026-04-01 10:31:43','2026-04-21 10:16:41'),(70,3,3,508,'Arreglar, Organizar y Limpiar Caja','Arreglar, Organizar y Limpiar Caja','2026-04-01','2026-04-01','overdue','',0,NULL,NULL,NULL,NULL,'2026-04-13 09:44:29','2026-04-01 10:31:43','2026-04-13 09:44:29'),(71,3,3,2006,'Arreglar, Organizar y Limpiar Caja','Arreglar, Organizar y Limpiar Caja','2026-04-01','2026-04-01','overdue','',0,NULL,NULL,NULL,NULL,'2026-04-21 10:16:41','2026-04-01 10:31:44','2026-04-21 10:16:41'),(72,3,3,2030,'Arreglar, Organizar y Limpiar Caja','Arreglar, Organizar y Limpiar Caja','2026-04-01','2026-04-01','overdue','',0,NULL,NULL,NULL,NULL,'2026-04-21 10:16:41','2026-04-01 10:31:44','2026-04-21 10:16:41'),(73,3,3,2008,'Arreglar, Organizar y Limpiar Caja','Arreglar, Organizar y Limpiar Caja','2026-04-01','2026-04-01','overdue','',0,NULL,NULL,NULL,NULL,'2026-04-21 10:16:42','2026-04-01 10:31:44','2026-04-21 10:16:42'),(74,3,3,1,'Arreglar, Organizar y Limpiar Caja','Arreglar, Organizar y Limpiar Caja','2026-04-01','2026-04-01','overdue','',0,NULL,NULL,NULL,NULL,'2026-04-21 10:16:42','2026-04-01 10:31:44','2026-04-21 10:16:42'),(75,3,3,2007,'Arreglar, Organizar y Limpiar Caja','Arreglar, Organizar y Limpiar Caja','2026-04-01','2026-04-01','overdue','',0,NULL,NULL,NULL,NULL,'2026-04-21 10:16:42','2026-04-01 10:31:44','2026-04-21 10:16:42'),(76,3,3,1762,'Arreglar, Organizar y Limpiar Caja','Arreglar, Organizar y Limpiar Caja','2026-04-01','2026-04-01','overdue','',0,NULL,NULL,NULL,NULL,'2026-04-13 09:44:30','2026-04-01 10:31:44','2026-04-13 09:44:30'),(77,3,3,4,'Arreglar, Organizar y Limpiar Caja','Arreglar, Organizar y Limpiar Caja','2026-04-01','2026-04-01','completed','',0,'2026-04-02 11:04:52',NULL,NULL,NULL,'2026-04-02 01:45:35','2026-04-01 10:31:45','2026-04-02 11:04:52'),(78,0,0,902,'FALTAN LOS PANTALONES  GIGANTES POR ACOMODAR','','2026-04-01','2026-04-01','completed','',0,'2026-04-01 15:34:37',4,'Yulimar Pelayo 52','2026-04-01 15:34:44',NULL,'2026-04-01 13:40:31','2026-04-01 15:34:44'),(79,3,3,935,'Arreglar, Organizar y Limpiar Caja','Arreglar, Organizar y Limpiar Caja','2026-04-02','2026-04-02','overdue','',0,NULL,NULL,NULL,NULL,'2026-04-21 10:16:40','2026-04-02 01:45:32','2026-04-21 10:16:40'),(80,3,3,1913,'Arreglar, Organizar y Limpiar Caja','Arreglar, Organizar y Limpiar Caja','2026-04-02','2026-04-02','overdue','',0,NULL,NULL,NULL,NULL,'2026-04-21 10:16:41','2026-04-02 01:45:33','2026-04-21 10:16:41'),(81,3,3,902,'Arreglar, Organizar y Limpiar Caja','Arreglar, Organizar y Limpiar Caja','2026-04-02','2026-04-02','overdue','',0,NULL,NULL,NULL,NULL,'2026-04-21 10:16:41','2026-04-02 01:45:33','2026-04-21 10:16:41'),(82,3,3,3,'Arreglar, Organizar y Limpiar Caja','Arreglar, Organizar y Limpiar Caja','2026-04-02','2026-04-02','overdue','',0,NULL,NULL,NULL,NULL,'2026-04-21 10:16:41','2026-04-02 01:45:33','2026-04-21 10:16:41'),(83,3,3,1899,'Arreglar, Organizar y Limpiar Caja','Arreglar, Organizar y Limpiar Caja','2026-04-02','2026-04-02','overdue','',0,NULL,NULL,NULL,NULL,'2026-04-21 10:16:41','2026-04-02 01:45:33','2026-04-21 10:16:41'),(84,3,3,508,'Arreglar, Organizar y Limpiar Caja','Arreglar, Organizar y Limpiar Caja','2026-04-02','2026-04-02','overdue','',0,NULL,NULL,NULL,NULL,'2026-04-13 09:44:29','2026-04-02 01:45:34','2026-04-13 09:44:29'),(85,3,3,2006,'Arreglar, Organizar y Limpiar Caja','Arreglar, Organizar y Limpiar Caja','2026-04-02','2026-04-02','overdue','',0,NULL,NULL,NULL,NULL,'2026-04-21 10:16:41','2026-04-02 01:45:34','2026-04-21 10:16:41'),(86,3,3,2030,'Arreglar, Organizar y Limpiar Caja','Arreglar, Organizar y Limpiar Caja','2026-04-02','2026-04-02','overdue','',0,NULL,NULL,NULL,NULL,'2026-04-21 10:16:41','2026-04-02 01:45:34','2026-04-21 10:16:41'),(87,3,3,2008,'Arreglar, Organizar y Limpiar Caja','Arreglar, Organizar y Limpiar Caja','2026-04-02','2026-04-02','overdue','',0,NULL,NULL,NULL,NULL,'2026-04-21 10:16:42','2026-04-02 01:45:34','2026-04-21 10:16:42'),(88,3,3,1,'Arreglar, Organizar y Limpiar Caja','Arreglar, Organizar y Limpiar Caja','2026-04-02','2026-04-02','overdue','',0,NULL,NULL,NULL,NULL,'2026-04-21 10:16:42','2026-04-02 01:45:34','2026-04-21 10:16:42'),(89,3,3,2007,'Arreglar, Organizar y Limpiar Caja','Arreglar, Organizar y Limpiar Caja','2026-04-02','2026-04-02','overdue','',0,NULL,NULL,NULL,NULL,'2026-04-21 10:16:42','2026-04-02 01:45:35','2026-04-21 10:16:42'),(90,3,3,1762,'Arreglar, Organizar y Limpiar Caja','Arreglar, Organizar y Limpiar Caja','2026-04-02','2026-04-02','overdue','',0,NULL,NULL,NULL,NULL,'2026-04-13 09:44:30','2026-04-02 01:45:35','2026-04-13 09:44:30'),(91,3,3,4,'Arreglar, Organizar y Limpiar Caja','Arreglar, Organizar y Limpiar Caja','2026-04-02','2026-04-02','overdue','',0,NULL,NULL,NULL,NULL,'2026-04-21 10:16:42','2026-04-02 01:45:35','2026-04-21 10:16:42'),(92,2,1,935,'Arreglar Vitrinas Dama','Arreglar y organizar las vitrinas Seleccionadas','2026-04-02','2026-04-02','completed','',0,'2026-04-02 11:43:00',NULL,NULL,NULL,NULL,'2026-04-02 01:45:35','2026-04-02 11:43:00'),(93,2,1,1913,'Arreglar Vitrinas Dama','Arreglar y organizar las vitrinas Seleccionadas','2026-04-02','2026-04-02','completed','',0,'2026-04-06 10:33:54',3,'Ildeana Delgado','2026-04-06 12:12:14','2026-04-06 01:15:38','2026-04-02 01:45:35','2026-04-06 12:12:14'),(94,2,1,902,'Arreglar Vitrinas Dama','Arreglar y organizar las vitrinas Seleccionadas','2026-04-02','2026-04-02','completed','',0,'2026-04-02 12:54:47',NULL,NULL,NULL,NULL,'2026-04-02 01:45:35','2026-04-02 12:54:47'),(95,2,1,1899,'Arreglar Vitrinas Dama','Arreglar y organizar las vitrinas Seleccionadas','2026-04-02','2026-04-02','completed','',0,'2026-04-02 11:38:57',NULL,NULL,NULL,NULL,'2026-04-02 01:45:36','2026-04-02 11:38:57'),(96,2,1,508,'Arreglar Vitrinas Dama','Arreglar y organizar las vitrinas Seleccionadas','2026-04-02','2026-04-02','completed','',0,'2026-04-02 10:16:42',NULL,NULL,NULL,NULL,'2026-04-02 01:45:36','2026-04-02 10:16:42'),(97,2,1,1762,'Arreglar Vitrinas Dama','Arreglar y organizar las vitrinas Seleccionadas','2026-04-02','2026-04-02','completed','',0,'2026-04-02 12:53:43',NULL,NULL,NULL,NULL,'2026-04-02 01:45:36','2026-04-02 12:53:43'),(98,1,2,1899,'Arreglar Vitrinas Caballeros','Arreglar y Organizar Vitrinas Seleccionadas','2026-04-02','2026-04-02','completed','',0,'2026-04-02 11:26:57',NULL,NULL,NULL,NULL,'2026-04-02 01:45:36','2026-04-02 11:26:57'),(99,1,2,508,'Arreglar Vitrinas Caballeros','Arreglar y Organizar Vitrinas Seleccionadas','2026-04-02','2026-04-02','completed','',0,'2026-04-02 12:23:43',NULL,NULL,NULL,NULL,'2026-04-02 01:45:36','2026-04-02 12:23:43'),(100,1,2,1762,'Arreglar Vitrinas Caballeros','Arreglar y Organizar Vitrinas Seleccionadas','2026-04-02','2026-04-02','completed','',0,'2026-04-02 12:53:32',NULL,NULL,NULL,NULL,'2026-04-02 01:45:37','2026-04-02 12:53:32'),(101,1,2,935,'Arreglar Vitrinas Caballeros','Arreglar y Organizar Vitrinas Seleccionadas','2026-04-02','2026-04-02','completed','',0,'2026-04-02 11:43:11',NULL,NULL,NULL,NULL,'2026-04-02 01:45:37','2026-04-02 11:43:11'),(102,1,2,1913,'Arreglar Vitrinas Caballeros','Arreglar y Organizar Vitrinas Seleccionadas','2026-04-02','2026-04-02','completed','',0,'2026-04-02 13:49:20',NULL,NULL,NULL,NULL,'2026-04-02 01:45:37','2026-04-02 13:49:20'),(103,1,2,902,'Arreglar Vitrinas Caballeros','Arreglar y Organizar Vitrinas Seleccionadas','2026-04-02','2026-04-02','completed','',0,'2026-04-02 12:54:29',NULL,NULL,NULL,NULL,'2026-04-02 01:45:37','2026-04-02 12:54:29'),(104,3,3,935,'Arreglar, Organizar y Limpiar Caja','Arreglar, Organizar y Limpiar Caja','2026-04-03','2026-04-03','overdue','',0,NULL,NULL,NULL,NULL,'2026-04-21 10:16:40','2026-04-03 00:31:39','2026-04-21 10:16:40'),(105,3,3,1913,'Arreglar, Organizar y Limpiar Caja','Arreglar, Organizar y Limpiar Caja','2026-04-03','2026-04-03','overdue','',0,NULL,NULL,NULL,NULL,'2026-04-21 10:16:41','2026-04-03 00:31:39','2026-04-21 10:16:41'),(106,3,3,902,'Arreglar, Organizar y Limpiar Caja','Arreglar, Organizar y Limpiar Caja','2026-04-03','2026-04-03','overdue','',0,NULL,NULL,NULL,NULL,'2026-04-21 10:16:41','2026-04-03 00:31:40','2026-04-21 10:16:41'),(107,3,3,3,'Arreglar, Organizar y Limpiar Caja','Arreglar, Organizar y Limpiar Caja','2026-04-03','2026-04-03','overdue','',0,NULL,NULL,NULL,NULL,'2026-04-21 10:16:41','2026-04-03 00:31:40','2026-04-21 10:16:41'),(108,3,3,1899,'Arreglar, Organizar y Limpiar Caja','Arreglar, Organizar y Limpiar Caja','2026-04-03','2026-04-03','overdue','',0,NULL,NULL,NULL,NULL,'2026-04-21 10:16:41','2026-04-03 00:31:40','2026-04-21 10:16:41'),(109,3,3,508,'Arreglar, Organizar y Limpiar Caja','Arreglar, Organizar y Limpiar Caja','2026-04-03','2026-04-03','overdue','',0,NULL,NULL,NULL,NULL,'2026-04-13 09:44:29','2026-04-03 00:31:40','2026-04-13 09:44:29'),(110,3,3,2006,'Arreglar, Organizar y Limpiar Caja','Arreglar, Organizar y Limpiar Caja','2026-04-03','2026-04-03','overdue','',0,NULL,NULL,NULL,NULL,'2026-04-21 10:16:41','2026-04-03 00:31:40','2026-04-21 10:16:41'),(111,3,3,2030,'Arreglar, Organizar y Limpiar Caja','Arreglar, Organizar y Limpiar Caja','2026-04-03','2026-04-03','overdue','',0,NULL,NULL,NULL,NULL,'2026-04-21 10:16:41','2026-04-03 00:31:40','2026-04-21 10:16:41'),(112,3,3,2008,'Arreglar, Organizar y Limpiar Caja','Arreglar, Organizar y Limpiar Caja','2026-04-03','2026-04-03','overdue','',0,NULL,NULL,NULL,NULL,'2026-04-21 10:16:42','2026-04-03 00:31:41','2026-04-21 10:16:42'),(113,3,3,1,'Arreglar, Organizar y Limpiar Caja','Arreglar, Organizar y Limpiar Caja','2026-04-03','2026-04-03','overdue','',0,NULL,NULL,NULL,NULL,'2026-04-21 10:16:42','2026-04-03 00:31:41','2026-04-21 10:16:42'),(114,3,3,2007,'Arreglar, Organizar y Limpiar Caja','Arreglar, Organizar y Limpiar Caja','2026-04-03','2026-04-03','overdue','',0,NULL,NULL,NULL,NULL,'2026-04-21 10:16:42','2026-04-03 00:31:41','2026-04-21 10:16:42'),(115,3,3,1762,'Arreglar, Organizar y Limpiar Caja','Arreglar, Organizar y Limpiar Caja','2026-04-03','2026-04-03','overdue','',0,NULL,NULL,NULL,NULL,'2026-04-13 09:44:30','2026-04-03 00:31:41','2026-04-13 09:44:30'),(116,3,3,4,'Arreglar, Organizar y Limpiar Caja','Arreglar, Organizar y Limpiar Caja','2026-04-03','2026-04-03','overdue','',0,NULL,NULL,NULL,NULL,'2026-04-21 10:16:42','2026-04-03 00:31:41','2026-04-21 10:16:42'),(117,2,1,902,'Arreglar Vitrinas Dama','Arreglar y organizar las vitrinas Seleccionadas','2026-04-03','2026-04-03','completed','',0,'2026-04-06 11:47:37',3,'Ildeana Delgado','2026-04-06 12:12:34','2026-04-06 01:15:37','2026-04-03 00:31:42','2026-04-06 12:12:34'),(118,2,1,1899,'Arreglar Vitrinas Dama','Arreglar y organizar las vitrinas Seleccionadas','2026-04-03','2026-04-03','completed','',0,'2026-04-06 12:12:58',3,'Ildeana Delgado','2026-04-06 12:13:12','2026-04-06 01:15:37','2026-04-03 00:31:42','2026-04-06 12:13:12'),(119,2,1,508,'Arreglar Vitrinas Dama','Arreglar y organizar las vitrinas Seleccionadas','2026-04-03','2026-04-03','completed','',0,'2026-04-06 12:13:27',3,'Ildeana Delgado','2026-04-06 12:13:34','2026-04-06 01:15:37','2026-04-03 00:31:42','2026-04-06 12:13:34'),(120,2,1,1762,'Arreglar Vitrinas Dama','Arreglar y organizar las vitrinas Seleccionadas','2026-04-03','2026-04-03','completed','',0,'2026-04-07 10:41:45',3,'Ildeana Delgado','2026-04-07 10:41:48','2026-04-07 10:03:47','2026-04-03 00:31:43','2026-04-07 10:41:48'),(121,2,1,935,'Arreglar Vitrinas Dama','Arreglar y organizar las vitrinas Seleccionadas','2026-04-03','2026-04-03','completed','',0,'2026-04-06 10:28:55',3,'Ildeana Delgado','2026-04-06 12:18:57','2026-04-06 01:15:38','2026-04-03 00:31:43','2026-04-06 12:18:57'),(122,2,1,1913,'Arreglar Vitrinas Dama','Arreglar y organizar las vitrinas Seleccionadas','2026-04-03','2026-04-03','completed','',0,'2026-04-06 10:32:50',3,'Ildeana Delgado','2026-04-06 12:12:10','2026-04-06 01:15:38','2026-04-03 00:31:43','2026-04-06 12:12:10'),(123,1,2,508,'Arreglar Vitrinas Caballeros','Arreglar y Organizar Vitrinas Seleccionadas','2026-04-03','2026-04-03','completed','',0,'2026-04-06 12:13:25',3,'Ildeana Delgado','2026-04-06 12:13:36','2026-04-06 01:15:38','2026-04-03 00:31:43','2026-04-06 12:13:36'),(124,1,2,1762,'Arreglar Vitrinas Caballeros','Arreglar y Organizar Vitrinas Seleccionadas','2026-04-03','2026-04-03','completed','',0,'2026-04-07 10:41:39',3,'Ildeana Delgado','2026-04-07 10:41:43','2026-04-07 10:03:49','2026-04-03 00:31:43','2026-04-07 10:41:43'),(125,1,2,935,'Arreglar Vitrinas Caballeros','Arreglar y Organizar Vitrinas Seleccionadas','2026-04-03','2026-04-03','completed','',0,'2026-04-06 10:28:37',3,'Ildeana Delgado','2026-04-06 12:18:55','2026-04-06 01:15:39','2026-04-03 00:31:43','2026-04-06 12:18:55'),(126,1,2,1913,'Arreglar Vitrinas Caballeros','Arreglar y Organizar Vitrinas Seleccionadas','2026-04-03','2026-04-03','completed','',0,'2026-04-06 10:33:37',3,'Ildeana Delgado','2026-04-06 12:12:06','2026-04-06 01:15:39','2026-04-03 00:31:44','2026-04-06 12:12:06'),(127,1,2,902,'Arreglar Vitrinas Caballeros','Arreglar y Organizar Vitrinas Seleccionadas','2026-04-03','2026-04-03','completed','',0,'2026-04-06 11:47:57',3,'Ildeana Delgado','2026-04-06 12:12:36','2026-04-06 01:15:39','2026-04-03 00:31:44','2026-04-06 12:12:36'),(128,1,2,1899,'Arreglar Vitrinas Caballeros','Arreglar y Organizar Vitrinas Seleccionadas','2026-04-03','2026-04-03','completed','',0,'2026-04-06 12:13:00',3,'Ildeana Delgado','2026-04-06 12:13:10','2026-04-06 01:15:40','2026-04-03 00:31:44','2026-04-06 12:13:10'),(129,2,1,935,'Arreglar Vitrinas Dama','Arreglar y organizar las vitrinas Seleccionadas','2026-04-04','2026-04-04','completed','',0,'2026-04-06 10:28:00',3,'Ildeana Delgado','2026-04-06 12:18:50','2026-04-06 01:15:38','2026-04-04 11:27:29','2026-04-06 12:18:50'),(130,2,1,1913,'Arreglar Vitrinas Dama','Arreglar y organizar las vitrinas Seleccionadas','2026-04-04','2026-04-04','completed','',0,'2026-04-06 10:33:21',3,'Ildeana Delgado','2026-04-06 12:12:02','2026-04-06 01:15:38','2026-04-04 11:27:29','2026-04-06 12:12:02'),(131,2,1,902,'Arreglar Vitrinas Dama','Arreglar y organizar las vitrinas Seleccionadas','2026-04-04','2026-04-04','completed','',0,'2026-04-06 11:47:01',3,'Ildeana Delgado','2026-04-06 12:12:39','2026-04-06 01:15:37','2026-04-04 11:27:29','2026-04-06 12:12:39'),(132,2,1,1899,'Arreglar Vitrinas Dama','Arreglar y organizar las vitrinas Seleccionadas','2026-04-04','2026-04-04','completed','',0,'2026-04-06 12:12:56',3,'Ildeana Delgado','2026-04-06 12:13:08','2026-04-06 01:15:37','2026-04-04 11:27:29','2026-04-06 12:13:08'),(133,2,1,508,'Arreglar Vitrinas Dama','Arreglar y organizar las vitrinas Seleccionadas','2026-04-04','2026-04-04','completed','',0,'2026-04-06 12:13:22',3,'Ildeana Delgado','2026-04-06 12:13:32','2026-04-06 01:15:37','2026-04-04 11:27:30','2026-04-06 12:13:32'),(134,2,1,1762,'Arreglar Vitrinas Dama','Arreglar y organizar las vitrinas Seleccionadas','2026-04-04','2026-04-04','completed','',0,'2026-04-07 10:41:29',3,'Ildeana Delgado','2026-04-07 10:41:34','2026-04-07 10:03:47','2026-04-04 11:27:30','2026-04-07 10:41:34'),(135,1,2,1899,'Arreglar Vitrinas Caballeros','Arreglar y Organizar Vitrinas Seleccionadas','2026-04-04','2026-04-04','completed','',0,'2026-04-06 12:12:54',3,'Ildeana Delgado','2026-04-06 12:13:06','2026-04-06 01:15:40','2026-04-04 11:27:30','2026-04-06 12:13:06'),(136,1,2,508,'Arreglar Vitrinas Caballeros','Arreglar y Organizar Vitrinas Seleccionadas','2026-04-04','2026-04-04','completed','',0,'2026-04-06 12:13:20',3,'Ildeana Delgado','2026-04-06 12:13:30','2026-04-06 01:15:38','2026-04-04 11:27:30','2026-04-06 12:13:30'),(137,1,2,1762,'Arreglar Vitrinas Caballeros','Arreglar y Organizar Vitrinas Seleccionadas','2026-04-04','2026-04-04','completed','',0,'2026-04-07 10:41:17',3,'Ildeana Delgado','2026-04-07 10:41:26','2026-04-07 10:03:49','2026-04-04 11:27:30','2026-04-07 10:41:26'),(138,1,2,935,'Arreglar Vitrinas Caballeros','Arreglar y Organizar Vitrinas Seleccionadas','2026-04-04','2026-04-04','completed','',0,'2026-04-06 10:27:34',3,'Ildeana Delgado','2026-04-06 12:18:52','2026-04-06 01:15:39','2026-04-04 11:27:31','2026-04-06 12:18:52'),(139,1,2,1913,'Arreglar Vitrinas Caballeros','Arreglar y Organizar Vitrinas Seleccionadas','2026-04-04','2026-04-04','completed','',0,'2026-04-06 10:32:27',3,'Ildeana Delgado','2026-04-06 12:11:58','2026-04-06 01:15:39','2026-04-04 11:27:31','2026-04-06 12:11:58'),(140,1,2,902,'Arreglar Vitrinas Caballeros','Arreglar y Organizar Vitrinas Seleccionadas','2026-04-04','2026-04-04','completed','',0,'2026-04-06 11:46:42',3,'Ildeana Delgado','2026-04-06 12:12:41','2026-04-06 01:15:39','2026-04-04 11:27:31','2026-04-06 12:12:41'),(141,3,3,935,'Arreglar, Organizar y Limpiar Caja','Arreglar, Organizar y Limpiar Caja','2026-04-04','2026-04-04','overdue','',0,NULL,NULL,NULL,NULL,'2026-04-21 10:16:40','2026-04-04 15:29:57','2026-04-21 10:16:40'),(142,3,3,1913,'Arreglar, Organizar y Limpiar Caja','Arreglar, Organizar y Limpiar Caja','2026-04-04','2026-04-04','overdue','',0,NULL,NULL,NULL,NULL,'2026-04-21 10:16:41','2026-04-04 15:29:57','2026-04-21 10:16:41'),(143,3,3,902,'Arreglar, Organizar y Limpiar Caja','Arreglar, Organizar y Limpiar Caja','2026-04-04','2026-04-04','overdue','',0,NULL,NULL,NULL,NULL,'2026-04-21 10:16:41','2026-04-04 15:29:57','2026-04-21 10:16:41'),(144,3,3,3,'Arreglar, Organizar y Limpiar Caja','Arreglar, Organizar y Limpiar Caja','2026-04-04','2026-04-04','overdue','',0,NULL,NULL,NULL,NULL,'2026-04-21 10:16:41','2026-04-04 15:29:57','2026-04-21 10:16:41'),(145,3,3,1899,'Arreglar, Organizar y Limpiar Caja','Arreglar, Organizar y Limpiar Caja','2026-04-04','2026-04-04','overdue','',0,NULL,NULL,NULL,NULL,'2026-04-21 10:16:41','2026-04-04 15:29:57','2026-04-21 10:16:41'),(146,3,3,508,'Arreglar, Organizar y Limpiar Caja','Arreglar, Organizar y Limpiar Caja','2026-04-04','2026-04-04','overdue','',0,NULL,NULL,NULL,NULL,'2026-04-13 09:44:29','2026-04-04 15:29:57','2026-04-13 09:44:29'),(147,3,3,2006,'Arreglar, Organizar y Limpiar Caja','Arreglar, Organizar y Limpiar Caja','2026-04-04','2026-04-04','overdue','',0,NULL,NULL,NULL,NULL,'2026-04-21 10:16:41','2026-04-04 15:29:58','2026-04-21 10:16:41'),(148,3,3,2030,'Arreglar, Organizar y Limpiar Caja','Arreglar, Organizar y Limpiar Caja','2026-04-04','2026-04-04','overdue','',0,NULL,NULL,NULL,NULL,'2026-04-21 10:16:41','2026-04-04 15:29:58','2026-04-21 10:16:41'),(149,3,3,2008,'Arreglar, Organizar y Limpiar Caja','Arreglar, Organizar y Limpiar Caja','2026-04-04','2026-04-04','overdue','',0,NULL,NULL,NULL,NULL,'2026-04-21 10:16:42','2026-04-04 15:29:58','2026-04-21 10:16:42'),(150,3,3,1,'Arreglar, Organizar y Limpiar Caja','Arreglar, Organizar y Limpiar Caja','2026-04-04','2026-04-04','overdue','',0,NULL,NULL,NULL,NULL,'2026-04-21 10:16:42','2026-04-04 15:29:58','2026-04-21 10:16:42'),(151,3,3,2007,'Arreglar, Organizar y Limpiar Caja','Arreglar, Organizar y Limpiar Caja','2026-04-04','2026-04-04','overdue','',0,NULL,NULL,NULL,NULL,'2026-04-21 10:16:42','2026-04-04 15:29:59','2026-04-21 10:16:42'),(152,3,3,1762,'Arreglar, Organizar y Limpiar Caja','Arreglar, Organizar y Limpiar Caja','2026-04-04','2026-04-04','overdue','',0,NULL,NULL,NULL,NULL,'2026-04-13 09:44:30','2026-04-04 15:29:59','2026-04-13 09:44:30'),(153,3,3,4,'Arreglar, Organizar y Limpiar Caja','Arreglar, Organizar y Limpiar Caja','2026-04-04','2026-04-04','overdue','',0,NULL,NULL,NULL,NULL,'2026-04-21 10:16:42','2026-04-04 15:29:59','2026-04-21 10:16:42'),(154,3,3,935,'Arreglar, Organizar y Limpiar Caja','Arreglar, Organizar y Limpiar Caja','2026-04-06','2026-04-06','overdue','',0,NULL,NULL,NULL,NULL,'2026-04-21 10:16:40','2026-04-06 01:15:35','2026-04-21 10:16:40'),(155,3,3,1913,'Arreglar, Organizar y Limpiar Caja','Arreglar, Organizar y Limpiar Caja','2026-04-06','2026-04-06','overdue','',0,NULL,NULL,NULL,NULL,'2026-04-21 10:16:41','2026-04-06 01:15:35','2026-04-21 10:16:41'),(156,3,3,902,'Arreglar, Organizar y Limpiar Caja','Arreglar, Organizar y Limpiar Caja','2026-04-06','2026-04-06','overdue','',0,NULL,NULL,NULL,NULL,'2026-04-21 10:16:41','2026-04-06 01:15:35','2026-04-21 10:16:41'),(157,3,3,3,'Arreglar, Organizar y Limpiar Caja','Arreglar, Organizar y Limpiar Caja','2026-04-06','2026-04-06','overdue','',0,NULL,NULL,NULL,NULL,'2026-04-21 10:16:41','2026-04-06 01:15:35','2026-04-21 10:16:41'),(158,3,3,1899,'Arreglar, Organizar y Limpiar Caja','Arreglar, Organizar y Limpiar Caja','2026-04-06','2026-04-06','overdue','',0,NULL,NULL,NULL,NULL,'2026-04-21 10:16:41','2026-04-06 01:15:36','2026-04-21 10:16:41'),(159,3,3,508,'Arreglar, Organizar y Limpiar Caja','Arreglar, Organizar y Limpiar Caja','2026-04-06','2026-04-06','overdue','',0,NULL,NULL,NULL,NULL,'2026-04-13 09:44:29','2026-04-06 01:15:36','2026-04-13 09:44:29'),(160,3,3,2006,'Arreglar, Organizar y Limpiar Caja','Arreglar, Organizar y Limpiar Caja','2026-04-06','2026-04-06','overdue','',0,NULL,NULL,NULL,NULL,'2026-04-21 10:16:41','2026-04-06 01:15:36','2026-04-21 10:16:41'),(161,3,3,2030,'Arreglar, Organizar y Limpiar Caja','Arreglar, Organizar y Limpiar Caja','2026-04-06','2026-04-06','overdue','',0,NULL,NULL,NULL,NULL,'2026-04-21 10:16:41','2026-04-06 01:15:36','2026-04-21 10:16:41'),(162,3,3,2008,'Arreglar, Organizar y Limpiar Caja','Arreglar, Organizar y Limpiar Caja','2026-04-06','2026-04-06','overdue','',0,NULL,NULL,NULL,NULL,'2026-04-21 10:16:42','2026-04-06 01:15:36','2026-04-21 10:16:42'),(163,3,3,1,'Arreglar, Organizar y Limpiar Caja','Arreglar, Organizar y Limpiar Caja','2026-04-06','2026-04-06','overdue','',0,NULL,NULL,NULL,NULL,'2026-04-21 10:16:42','2026-04-06 01:15:36','2026-04-21 10:16:42'),(164,3,3,2007,'Arreglar, Organizar y Limpiar Caja','Arreglar, Organizar y Limpiar Caja','2026-04-06','2026-04-06','overdue','',0,NULL,NULL,NULL,NULL,'2026-04-21 10:16:42','2026-04-06 01:15:36','2026-04-21 10:16:42'),(165,3,3,1762,'Arreglar, Organizar y Limpiar Caja','Arreglar, Organizar y Limpiar Caja','2026-04-06','2026-04-06','overdue','',0,NULL,NULL,NULL,NULL,'2026-04-13 09:44:30','2026-04-06 01:15:37','2026-04-13 09:44:30'),(166,3,3,4,'Arreglar, Organizar y Limpiar Caja','Arreglar, Organizar y Limpiar Caja','2026-04-06','2026-04-06','overdue','',0,NULL,NULL,NULL,NULL,'2026-04-21 10:16:42','2026-04-06 01:15:37','2026-04-21 10:16:42'),(167,2,1,902,'Arreglar Vitrinas Dama','Arreglar y organizar las vitrinas Seleccionadas','2026-04-06','2026-04-06','completed','',0,'2026-04-07 10:23:56',3,'Ildeana Delgado','2026-04-07 10:39:11','2026-04-07 10:03:46','2026-04-06 01:15:37','2026-04-07 10:39:11'),(168,2,1,1899,'Arreglar Vitrinas Dama','Arreglar y organizar las vitrinas Seleccionadas','2026-04-06','2026-04-06','completed','',0,'2026-04-06 13:36:02',NULL,NULL,NULL,NULL,'2026-04-06 01:15:37','2026-04-06 13:36:02'),(169,2,1,508,'Arreglar Vitrinas Dama','Arreglar y organizar las vitrinas Seleccionadas','2026-04-06','2026-04-06','completed','',0,'2026-04-07 12:35:10',3,'Ildeana Delgado','2026-04-07 12:35:15','2026-04-07 10:03:47','2026-04-06 01:15:37','2026-04-07 12:35:15'),(170,2,1,1762,'Arreglar Vitrinas Dama','Arreglar y organizar las vitrinas Seleccionadas','2026-04-06','2026-04-06','completed','',0,'2026-04-07 10:40:49',3,'Ildeana Delgado','2026-04-07 10:40:56','2026-04-07 10:03:47','2026-04-06 01:15:38','2026-04-07 10:40:56'),(171,2,1,935,'Arreglar Vitrinas Dama','Arreglar y organizar las vitrinas Seleccionadas','2026-04-06','2026-04-06','completed','',0,'2026-04-06 11:33:00',3,'Ildeana Delgado','2026-04-06 12:18:48',NULL,'2026-04-06 01:15:38','2026-04-06 12:18:48'),(172,2,1,1913,'Arreglar Vitrinas Dama','Arreglar y organizar las vitrinas Seleccionadas','2026-04-06','2026-04-06','completed','',0,'2026-04-06 12:55:46',NULL,NULL,NULL,NULL,'2026-04-06 01:15:38','2026-04-06 12:55:46'),(173,1,2,508,'Arreglar Vitrinas Caballeros','Arreglar y Organizar Vitrinas Seleccionadas','2026-04-06','2026-04-06','completed','',0,'2026-04-07 12:35:08',3,'Ildeana Delgado','2026-04-07 12:35:12','2026-04-07 10:03:49','2026-04-06 01:15:38','2026-04-07 12:35:12'),(174,1,2,1762,'Arreglar Vitrinas Caballeros','Arreglar y Organizar Vitrinas Seleccionadas','2026-04-06','2026-04-06','completed','',0,'2026-04-07 10:40:41',3,'Ildeana Delgado','2026-04-07 10:40:46','2026-04-07 10:03:49','2026-04-06 01:15:39','2026-04-07 10:40:46'),(175,1,2,935,'Arreglar Vitrinas Caballeros','Arreglar y Organizar Vitrinas Seleccionadas','2026-04-06','2026-04-06','completed','',0,'2026-04-06 11:32:52',3,'Ildeana Delgado','2026-04-06 12:18:45',NULL,'2026-04-06 01:15:39','2026-04-06 12:18:45'),(176,1,2,1913,'Arreglar Vitrinas Caballeros','Arreglar y Organizar Vitrinas Seleccionadas','2026-04-06','2026-04-06','completed','',0,'2026-04-06 12:55:22',NULL,NULL,NULL,NULL,'2026-04-06 01:15:39','2026-04-06 12:55:22'),(177,1,2,902,'Arreglar Vitrinas Caballeros','Arreglar y Organizar Vitrinas Seleccionadas','2026-04-06','2026-04-06','completed','',0,'2026-04-07 10:23:39',3,'Ildeana Delgado','2026-04-07 10:39:09','2026-04-07 10:03:47','2026-04-06 01:15:39','2026-04-07 10:39:09'),(178,1,2,1899,'Arreglar Vitrinas Caballeros','Arreglar y Organizar Vitrinas Seleccionadas','2026-04-06','2026-04-06','completed','',0,'2026-04-06 12:33:51',NULL,NULL,NULL,NULL,'2026-04-06 01:15:40','2026-04-06 12:33:51'),(179,3,3,935,'Arreglar, Organizar y Limpiar Caja','Arreglar, Organizar y Limpiar Caja','2026-04-07','2026-04-07','overdue','',0,NULL,NULL,NULL,NULL,'2026-04-21 10:16:40','2026-04-07 10:03:44','2026-04-21 10:16:40'),(180,3,3,1913,'Arreglar, Organizar y Limpiar Caja','Arreglar, Organizar y Limpiar Caja','2026-04-07','2026-04-07','overdue','',0,NULL,NULL,NULL,NULL,'2026-04-21 10:16:41','2026-04-07 10:03:44','2026-04-21 10:16:41'),(181,3,3,902,'Arreglar, Organizar y Limpiar Caja','Arreglar, Organizar y Limpiar Caja','2026-04-07','2026-04-07','overdue','',0,NULL,NULL,NULL,NULL,'2026-04-21 10:16:41','2026-04-07 10:03:44','2026-04-21 10:16:41'),(182,3,3,3,'Arreglar, Organizar y Limpiar Caja','Arreglar, Organizar y Limpiar Caja','2026-04-07','2026-04-07','overdue','',0,NULL,NULL,NULL,NULL,'2026-04-21 10:16:41','2026-04-07 10:03:44','2026-04-21 10:16:41'),(183,3,3,1899,'Arreglar, Organizar y Limpiar Caja','Arreglar, Organizar y Limpiar Caja','2026-04-07','2026-04-07','overdue','',0,NULL,NULL,NULL,NULL,'2026-04-21 10:16:41','2026-04-07 10:03:44','2026-04-21 10:16:41'),(184,3,3,508,'Arreglar, Organizar y Limpiar Caja','Arreglar, Organizar y Limpiar Caja','2026-04-07','2026-04-07','overdue','',0,NULL,NULL,NULL,NULL,'2026-04-13 09:44:29','2026-04-07 10:03:45','2026-04-13 09:44:29'),(185,3,3,2006,'Arreglar, Organizar y Limpiar Caja','Arreglar, Organizar y Limpiar Caja','2026-04-07','2026-04-07','overdue','',0,NULL,NULL,NULL,NULL,'2026-04-21 10:16:41','2026-04-07 10:03:45','2026-04-21 10:16:41'),(186,3,3,2030,'Arreglar, Organizar y Limpiar Caja','Arreglar, Organizar y Limpiar Caja','2026-04-07','2026-04-07','overdue','',0,NULL,NULL,NULL,NULL,'2026-04-21 10:16:41','2026-04-07 10:03:45','2026-04-21 10:16:41'),(187,3,3,2008,'Arreglar, Organizar y Limpiar Caja','Arreglar, Organizar y Limpiar Caja','2026-04-07','2026-04-07','overdue','',0,NULL,NULL,NULL,NULL,'2026-04-21 10:16:42','2026-04-07 10:03:45','2026-04-21 10:16:42'),(188,3,3,1,'Arreglar, Organizar y Limpiar Caja','Arreglar, Organizar y Limpiar Caja','2026-04-07','2026-04-07','overdue','',0,NULL,NULL,NULL,NULL,'2026-04-21 10:16:42','2026-04-07 10:03:45','2026-04-21 10:16:42'),(189,3,3,2007,'Arreglar, Organizar y Limpiar Caja','Arreglar, Organizar y Limpiar Caja','2026-04-07','2026-04-07','overdue','',0,NULL,NULL,NULL,NULL,'2026-04-21 10:16:42','2026-04-07 10:03:46','2026-04-21 10:16:42'),(190,3,3,1762,'Arreglar, Organizar y Limpiar Caja','Arreglar, Organizar y Limpiar Caja','2026-04-07','2026-04-07','overdue','',0,NULL,NULL,NULL,NULL,'2026-04-13 09:44:30','2026-04-07 10:03:46','2026-04-13 09:44:30'),(191,3,3,4,'Arreglar, Organizar y Limpiar Caja','Arreglar, Organizar y Limpiar Caja','2026-04-07','2026-04-07','overdue','',0,NULL,NULL,NULL,NULL,'2026-04-21 10:16:42','2026-04-07 10:03:46','2026-04-21 10:16:42'),(192,2,1,935,'Arreglar Vitrinas Dama','Arreglar y organizar las vitrinas Seleccionadas','2026-04-07','2026-04-07','completed','',0,'2026-04-07 11:47:02',NULL,NULL,NULL,NULL,'2026-04-07 10:03:46','2026-04-07 11:47:02'),(193,2,1,1913,'Arreglar Vitrinas Dama','Arreglar y organizar las vitrinas Seleccionadas','2026-04-07','2026-04-07','completed','',0,'2026-04-07 12:22:49',NULL,NULL,NULL,NULL,'2026-04-07 10:03:46','2026-04-07 12:22:49'),(194,2,1,902,'Arreglar Vitrinas Dama','Arreglar y organizar las vitrinas Seleccionadas','2026-04-07','2026-04-07','completed','',0,'2026-04-07 11:56:25',3,'Ildeana Delgado','2026-04-07 12:34:43',NULL,'2026-04-07 10:03:46','2026-04-07 12:34:43'),(195,2,1,1899,'Arreglar Vitrinas Dama','Arreglar y organizar las vitrinas Seleccionadas','2026-04-07','2026-04-07','completed','',0,'2026-04-07 12:30:34',4,'Yulimar Pelayo 52','2026-04-07 12:30:38',NULL,'2026-04-07 10:03:47','2026-04-07 12:30:38'),(196,2,1,508,'Arreglar Vitrinas Dama','Arreglar y organizar las vitrinas Seleccionadas','2026-04-07','2026-04-07','completed','',0,'2026-04-14 10:17:14',3,'Ildeana Delgado','2026-04-14 10:17:44','2026-04-13 09:44:05','2026-04-07 10:03:47','2026-04-14 10:17:44'),(197,2,1,1762,'Arreglar Vitrinas Dama','Arreglar y organizar las vitrinas Seleccionadas','2026-04-07','2026-04-07','completed','',0,'2026-04-14 10:19:59',3,'Ildeana Delgado','2026-04-14 10:21:40','2026-04-13 09:44:05','2026-04-07 10:03:47','2026-04-14 10:21:40'),(198,1,2,935,'Arreglar Vitrinas Caballeros','Arreglar y Organizar Vitrinas Seleccionadas','2026-04-07','2026-04-07','completed','',0,'2026-04-07 11:46:52',3,'Ildeana Delgado','2026-04-07 12:36:52',NULL,'2026-04-07 10:03:47','2026-04-07 12:36:52'),(199,1,2,1913,'Arreglar Vitrinas Caballeros','Arreglar y Organizar Vitrinas Seleccionadas','2026-04-07','2026-04-07','completed','',0,'2026-04-07 12:23:03',3,'Ildeana Delgado','2026-04-07 12:33:21',NULL,'2026-04-07 10:03:47','2026-04-07 12:33:21'),(200,1,2,902,'Arreglar Vitrinas Caballeros','Arreglar y Organizar Vitrinas Seleccionadas','2026-04-07','2026-04-07','completed','',0,'2026-04-07 11:56:16',3,'Ildeana Delgado','2026-04-07 12:34:29',NULL,'2026-04-07 10:03:48','2026-04-07 12:34:29'),(201,1,2,1899,'Arreglar Vitrinas Caballeros','Arreglar y Organizar Vitrinas Seleccionadas','2026-04-07','2026-04-07','completed','',0,'2026-04-07 10:51:40',4,'Yulimar Pelayo 52','2026-04-07 12:30:27',NULL,'2026-04-07 10:03:49','2026-04-07 12:30:27'),(202,1,2,508,'Arreglar Vitrinas Caballeros','Arreglar y Organizar Vitrinas Seleccionadas','2026-04-07','2026-04-07','completed','',0,'2026-04-14 10:17:16',3,'Ildeana Delgado','2026-04-14 10:17:45','2026-04-13 09:44:07','2026-04-07 10:03:49','2026-04-14 10:17:45'),(203,1,2,1762,'Arreglar Vitrinas Caballeros','Arreglar y Organizar Vitrinas Seleccionadas','2026-04-07','2026-04-07','completed','',0,'2026-04-14 10:20:04',3,'Ildeana Delgado','2026-04-14 10:20:21','2026-04-13 09:44:06','2026-04-07 10:03:49','2026-04-14 10:20:21'),(204,2,1,935,'Arreglar Vitrinas Dama','Arreglar y organizar las vitrinas Seleccionadas','2026-04-08','2026-04-08','completed','',0,'2026-04-08 18:36:56',3,'Ildeana Delgado','2026-04-08 18:37:00',NULL,'2026-04-08 10:07:17','2026-04-08 18:37:00'),(205,2,1,1913,'Arreglar Vitrinas Dama','Arreglar y organizar las vitrinas Seleccionadas','2026-04-08','2026-04-08','completed','',0,'2026-04-08 12:32:40',3,'Ildeana Delgado','2026-04-08 18:36:15',NULL,'2026-04-08 10:07:17','2026-04-08 18:36:15'),(206,2,1,902,'Arreglar Vitrinas Dama','Arreglar y organizar las vitrinas Seleccionadas','2026-04-08','2026-04-08','completed','',0,'2026-04-08 18:39:55',4,'Yulimar Pelayo 52','2026-04-08 18:46:00',NULL,'2026-04-08 10:07:18','2026-04-08 18:46:00'),(207,2,1,1899,'Arreglar Vitrinas Dama','Arreglar y organizar las vitrinas Seleccionadas','2026-04-08','2026-04-08','completed','',0,'2026-04-09 15:32:08',3,'Ildeana Delgado','2026-04-09 15:32:11','2026-04-09 09:58:52','2026-04-08 10:07:18','2026-04-09 15:32:11'),(208,2,1,508,'Arreglar Vitrinas Dama','Arreglar y organizar las vitrinas Seleccionadas','2026-04-08','2026-04-08','completed','',0,'2026-04-14 10:17:18',3,'Ildeana Delgado','2026-04-14 10:17:48','2026-04-13 09:44:05','2026-04-08 10:07:18','2026-04-14 10:17:48'),(209,2,1,1762,'Arreglar Vitrinas Dama','Arreglar y organizar las vitrinas Seleccionadas','2026-04-08','2026-04-08','completed','',0,'2026-04-14 10:20:10',3,'Ildeana Delgado','2026-04-14 10:21:44','2026-04-13 09:44:05','2026-04-08 10:07:18','2026-04-14 10:21:44'),(210,1,2,935,'Arreglar Vitrinas Caballeros','Arreglar y Organizar Vitrinas Seleccionadas','2026-04-08','2026-04-08','completed','',0,'2026-04-08 11:41:58',3,'Ildeana Delgado','2026-04-08 12:24:33',NULL,'2026-04-08 10:07:19','2026-04-08 12:24:33'),(211,1,2,1913,'Arreglar Vitrinas Caballeros','Arreglar y Organizar Vitrinas Seleccionadas','2026-04-08','2026-04-08','completed','',0,'2026-04-08 12:24:11',3,'Ildeana Delgado','2026-04-08 18:36:12',NULL,'2026-04-08 10:07:19','2026-04-08 18:36:12'),(212,1,2,902,'Arreglar Vitrinas Caballeros','Arreglar y Organizar Vitrinas Seleccionadas','2026-04-08','2026-04-08','completed','',0,'2026-04-08 18:39:40',4,'Yulimar Pelayo 52','2026-04-08 18:45:55',NULL,'2026-04-08 10:07:19','2026-04-08 18:45:55'),(213,1,2,1899,'Arreglar Vitrinas Caballeros','Arreglar y Organizar Vitrinas Seleccionadas','2026-04-08','2026-04-08','completed','',0,'2026-04-08 11:46:33',3,'Ildeana Delgado','2026-04-08 12:24:11',NULL,'2026-04-08 10:07:19','2026-04-08 12:24:11'),(214,1,2,508,'Arreglar Vitrinas Caballeros','Arreglar y Organizar Vitrinas Seleccionadas','2026-04-08','2026-04-08','completed','',0,'2026-04-14 10:17:37',3,'Ildeana Delgado','2026-04-14 10:18:25','2026-04-13 09:44:07','2026-04-08 10:07:19','2026-04-14 10:18:25'),(215,1,2,1762,'Arreglar Vitrinas Caballeros','Arreglar y Organizar Vitrinas Seleccionadas','2026-04-08','2026-04-08','completed','',0,'2026-04-14 10:20:12',3,'Ildeana Delgado','2026-04-14 10:21:35','2026-04-13 09:44:06','2026-04-08 10:07:20','2026-04-14 10:21:35'),(216,3,3,935,'Arreglar, Organizar y Limpiar Caja','Arreglar, Organizar y Limpiar Caja','2026-04-08','2026-04-08','overdue','',0,NULL,NULL,NULL,NULL,'2026-04-21 10:16:40','2026-04-08 10:26:11','2026-04-21 10:16:40'),(217,3,3,1913,'Arreglar, Organizar y Limpiar Caja','Arreglar, Organizar y Limpiar Caja','2026-04-08','2026-04-08','overdue','',0,NULL,NULL,NULL,NULL,'2026-04-21 10:16:41','2026-04-08 10:26:11','2026-04-21 10:16:41'),(218,3,3,902,'Arreglar, Organizar y Limpiar Caja','Arreglar, Organizar y Limpiar Caja','2026-04-08','2026-04-08','overdue','',0,NULL,NULL,NULL,NULL,'2026-04-21 10:16:41','2026-04-08 10:26:11','2026-04-21 10:16:41'),(219,3,3,3,'Arreglar, Organizar y Limpiar Caja','Arreglar, Organizar y Limpiar Caja','2026-04-08','2026-04-08','completed','',0,'2026-04-09 13:29:46',NULL,NULL,NULL,NULL,'2026-04-08 10:26:12','2026-04-09 13:29:46'),(220,3,3,1899,'Arreglar, Organizar y Limpiar Caja','Arreglar, Organizar y Limpiar Caja','2026-04-08','2026-04-08','overdue','',0,NULL,NULL,NULL,NULL,'2026-04-21 10:16:41','2026-04-08 10:26:12','2026-04-21 10:16:41'),(221,3,3,508,'Arreglar, Organizar y Limpiar Caja','Arreglar, Organizar y Limpiar Caja','2026-04-08','2026-04-08','overdue','',0,NULL,NULL,NULL,NULL,'2026-04-13 09:44:29','2026-04-08 10:26:12','2026-04-13 09:44:29'),(222,3,3,2006,'Arreglar, Organizar y Limpiar Caja','Arreglar, Organizar y Limpiar Caja','2026-04-08','2026-04-08','overdue','',0,NULL,NULL,NULL,NULL,'2026-04-21 10:16:41','2026-04-08 10:26:12','2026-04-21 10:16:41'),(223,3,3,2030,'Arreglar, Organizar y Limpiar Caja','Arreglar, Organizar y Limpiar Caja','2026-04-08','2026-04-08','overdue','',0,NULL,NULL,NULL,NULL,'2026-04-21 10:16:41','2026-04-08 10:26:12','2026-04-21 10:16:41'),(224,3,3,2008,'Arreglar, Organizar y Limpiar Caja','Arreglar, Organizar y Limpiar Caja','2026-04-08','2026-04-08','overdue','',0,NULL,NULL,NULL,NULL,'2026-04-21 10:16:42','2026-04-08 10:26:12','2026-04-21 10:16:42'),(225,3,3,1,'Arreglar, Organizar y Limpiar Caja','Arreglar, Organizar y Limpiar Caja','2026-04-08','2026-04-08','overdue','',0,NULL,NULL,NULL,NULL,'2026-04-21 10:16:42','2026-04-08 10:26:13','2026-04-21 10:16:42'),(226,3,3,2007,'Arreglar, Organizar y Limpiar Caja','Arreglar, Organizar y Limpiar Caja','2026-04-08','2026-04-08','overdue','',0,NULL,NULL,NULL,NULL,'2026-04-21 10:16:42','2026-04-08 10:26:13','2026-04-21 10:16:42'),(227,3,3,1762,'Arreglar, Organizar y Limpiar Caja','Arreglar, Organizar y Limpiar Caja','2026-04-08','2026-04-08','overdue','',0,NULL,NULL,NULL,NULL,'2026-04-13 09:44:30','2026-04-08 10:26:13','2026-04-13 09:44:30'),(228,3,3,4,'Arreglar, Organizar y Limpiar Caja','Arreglar, Organizar y Limpiar Caja','2026-04-08','2026-04-08','overdue','',0,NULL,NULL,NULL,NULL,'2026-04-21 10:16:42','2026-04-08 10:26:14','2026-04-21 10:16:42'),(229,3,3,935,'Arreglar, Organizar y Limpiar Caja','Arreglar, Organizar y Limpiar Caja','2026-04-09','2026-04-09','overdue','',0,NULL,NULL,NULL,NULL,'2026-04-21 10:16:40','2026-04-09 09:58:49','2026-04-21 10:16:40'),(230,3,3,1913,'Arreglar, Organizar y Limpiar Caja','Arreglar, Organizar y Limpiar Caja','2026-04-09','2026-04-09','overdue','',0,NULL,NULL,NULL,NULL,'2026-04-21 10:16:41','2026-04-09 09:58:50','2026-04-21 10:16:41'),(231,3,3,902,'Arreglar, Organizar y Limpiar Caja','Arreglar, Organizar y Limpiar Caja','2026-04-09','2026-04-09','overdue','',0,NULL,NULL,NULL,NULL,'2026-04-21 10:16:41','2026-04-09 09:58:50','2026-04-21 10:16:41'),(232,3,3,3,'Arreglar, Organizar y Limpiar Caja','Arreglar, Organizar y Limpiar Caja','2026-04-09','2026-04-09','overdue','',0,NULL,NULL,NULL,NULL,'2026-04-21 10:16:41','2026-04-09 09:58:50','2026-04-21 10:16:41'),(233,3,3,1899,'Arreglar, Organizar y Limpiar Caja','Arreglar, Organizar y Limpiar Caja','2026-04-09','2026-04-09','overdue','',0,NULL,NULL,NULL,NULL,'2026-04-21 10:16:41','2026-04-09 09:58:50','2026-04-21 10:16:41'),(234,3,3,508,'Arreglar, Organizar y Limpiar Caja','Arreglar, Organizar y Limpiar Caja','2026-04-09','2026-04-09','overdue','',0,NULL,NULL,NULL,NULL,'2026-04-13 09:44:29','2026-04-09 09:58:50','2026-04-13 09:44:29'),(235,3,3,2006,'Arreglar, Organizar y Limpiar Caja','Arreglar, Organizar y Limpiar Caja','2026-04-09','2026-04-09','overdue','',0,NULL,NULL,NULL,NULL,'2026-04-21 10:16:41','2026-04-09 09:58:51','2026-04-21 10:16:41'),(236,3,3,2030,'Arreglar, Organizar y Limpiar Caja','Arreglar, Organizar y Limpiar Caja','2026-04-09','2026-04-09','overdue','',0,NULL,NULL,NULL,NULL,'2026-04-21 10:16:41','2026-04-09 09:58:51','2026-04-21 10:16:41'),(237,3,3,2008,'Arreglar, Organizar y Limpiar Caja','Arreglar, Organizar y Limpiar Caja','2026-04-09','2026-04-09','overdue','',0,NULL,NULL,NULL,NULL,'2026-04-21 10:16:42','2026-04-09 09:58:51','2026-04-21 10:16:42'),(238,3,3,1,'Arreglar, Organizar y Limpiar Caja','Arreglar, Organizar y Limpiar Caja','2026-04-09','2026-04-09','overdue','',0,NULL,NULL,NULL,NULL,'2026-04-21 10:16:42','2026-04-09 09:58:51','2026-04-21 10:16:42'),(239,3,3,2007,'Arreglar, Organizar y Limpiar Caja','Arreglar, Organizar y Limpiar Caja','2026-04-09','2026-04-09','overdue','',0,NULL,NULL,NULL,NULL,'2026-04-21 10:16:42','2026-04-09 09:58:51','2026-04-21 10:16:42'),(240,3,3,1762,'Arreglar, Organizar y Limpiar Caja','Arreglar, Organizar y Limpiar Caja','2026-04-09','2026-04-09','overdue','',0,NULL,NULL,NULL,NULL,'2026-04-13 09:44:30','2026-04-09 09:58:52','2026-04-13 09:44:30'),(241,3,3,4,'Arreglar, Organizar y Limpiar Caja','Arreglar, Organizar y Limpiar Caja','2026-04-09','2026-04-09','completed','',0,'2026-04-10 11:28:25',NULL,NULL,NULL,'2026-04-10 09:59:38','2026-04-09 09:58:52','2026-04-10 11:28:25'),(242,2,1,935,'Arreglar Vitrinas Dama','Arreglar y organizar las vitrinas Seleccionadas','2026-04-09','2026-04-09','completed','',0,'2026-04-09 15:12:29',3,'Ildeana Delgado','2026-04-09 15:32:33',NULL,'2026-04-09 09:58:52','2026-04-09 15:32:33'),(243,2,1,1913,'Arreglar Vitrinas Dama','Arreglar y organizar las vitrinas Seleccionadas','2026-04-09','2026-04-09','completed','',0,'2026-04-09 15:13:01',3,'Ildeana Delgado','2026-04-09 15:28:02',NULL,'2026-04-09 09:58:52','2026-04-09 15:28:02'),(244,2,1,902,'Arreglar Vitrinas Dama','Arreglar y organizar las vitrinas Seleccionadas','2026-04-09','2026-04-09','completed','',0,'2026-04-09 18:24:31',NULL,NULL,NULL,NULL,'2026-04-09 09:58:52','2026-04-09 18:24:31'),(245,2,1,1899,'Arreglar Vitrinas Dama','Arreglar y organizar las vitrinas Seleccionadas','2026-04-09','2026-04-09','completed','',0,'2026-04-09 15:11:58',3,'Ildeana Delgado','2026-04-09 15:28:25',NULL,'2026-04-09 09:58:52','2026-04-09 15:28:25'),(246,2,1,508,'Arreglar Vitrinas Dama','Arreglar y organizar las vitrinas Seleccionadas','2026-04-09','2026-04-09','completed','',0,'2026-04-14 10:17:21',3,'Ildeana Delgado','2026-04-14 10:17:50','2026-04-13 09:44:05','2026-04-09 09:58:53','2026-04-14 10:17:50'),(247,2,1,1762,'Arreglar Vitrinas Dama','Arreglar y organizar las vitrinas Seleccionadas','2026-04-09','2026-04-09','completed','',0,'2026-04-14 10:20:01',3,'Ildeana Delgado','2026-04-14 10:20:16','2026-04-13 09:44:05','2026-04-09 09:58:53','2026-04-14 10:20:16'),(248,1,2,1899,'Arreglar Vitrinas Caballeros','Arreglar y Organizar Vitrinas Seleccionadas','2026-04-09','2026-04-09','completed','',0,'2026-04-09 10:49:56',3,'Ildeana Delgado','2026-04-09 11:38:23',NULL,'2026-04-09 09:58:53','2026-04-09 11:38:23'),(249,1,2,508,'Arreglar Vitrinas Caballeros','Arreglar y Organizar Vitrinas Seleccionadas','2026-04-09','2026-04-09','completed','',0,'2026-04-14 10:17:29',3,'Ildeana Delgado','2026-04-14 10:18:33','2026-04-13 09:44:07','2026-04-09 09:58:53','2026-04-14 10:18:33'),(250,1,2,1762,'Arreglar Vitrinas Caballeros','Arreglar y Organizar Vitrinas Seleccionadas','2026-04-09','2026-04-09','completed','',0,'2026-04-14 10:19:57',3,'Ildeana Delgado','2026-04-14 10:20:26','2026-04-13 09:44:06','2026-04-09 09:58:53','2026-04-14 10:20:26'),(251,1,2,935,'Arreglar Vitrinas Caballeros','Arreglar y Organizar Vitrinas Seleccionadas','2026-04-09','2026-04-09','completed','',0,'2026-04-09 15:12:08',3,'Ildeana Delgado','2026-04-09 15:32:29',NULL,'2026-04-09 09:58:53','2026-04-09 15:32:29'),(252,1,2,1913,'Arreglar Vitrinas Caballeros','Arreglar y Organizar Vitrinas Seleccionadas','2026-04-09','2026-04-09','completed','',0,'2026-04-09 15:12:40',3,'Ildeana Delgado','2026-04-09 15:27:59',NULL,'2026-04-09 09:58:54','2026-04-09 15:27:59'),(253,1,2,902,'Arreglar Vitrinas Caballeros','Arreglar y Organizar Vitrinas Seleccionadas','2026-04-09','2026-04-09','completed','',0,'2026-04-09 18:23:52',NULL,NULL,NULL,NULL,'2026-04-09 09:58:54','2026-04-09 18:23:52'),(254,3,3,935,'Arreglar, Organizar y Limpiar Caja','Arreglar, Organizar y Limpiar Caja','2026-04-10','2026-04-10','overdue','',0,NULL,NULL,NULL,NULL,'2026-04-21 10:16:40','2026-04-10 09:59:36','2026-04-21 10:16:40'),(255,3,3,1913,'Arreglar, Organizar y Limpiar Caja','Arreglar, Organizar y Limpiar Caja','2026-04-10','2026-04-10','overdue','',0,NULL,NULL,NULL,NULL,'2026-04-21 10:16:41','2026-04-10 09:59:36','2026-04-21 10:16:41'),(256,3,3,902,'Arreglar, Organizar y Limpiar Caja','Arreglar, Organizar y Limpiar Caja','2026-04-10','2026-04-10','overdue','',0,NULL,NULL,NULL,NULL,'2026-04-21 10:16:41','2026-04-10 09:59:36','2026-04-21 10:16:41'),(257,3,3,3,'Arreglar, Organizar y Limpiar Caja','Arreglar, Organizar y Limpiar Caja','2026-04-10','2026-04-10','overdue','',0,NULL,NULL,NULL,NULL,'2026-04-21 10:16:41','2026-04-10 09:59:37','2026-04-21 10:16:41'),(258,3,3,1899,'Arreglar, Organizar y Limpiar Caja','Arreglar, Organizar y Limpiar Caja','2026-04-10','2026-04-10','overdue','',0,NULL,NULL,NULL,NULL,'2026-04-21 10:16:41','2026-04-10 09:59:37','2026-04-21 10:16:41'),(259,3,3,508,'Arreglar, Organizar y Limpiar Caja','Arreglar, Organizar y Limpiar Caja','2026-04-10','2026-04-10','overdue','',0,NULL,NULL,NULL,NULL,'2026-04-13 09:44:29','2026-04-10 09:59:37','2026-04-13 09:44:29'),(260,3,3,2006,'Arreglar, Organizar y Limpiar Caja','Arreglar, Organizar y Limpiar Caja','2026-04-10','2026-04-10','overdue','',0,NULL,NULL,NULL,NULL,'2026-04-21 10:16:41','2026-04-10 09:59:37','2026-04-21 10:16:41'),(261,3,3,2030,'Arreglar, Organizar y Limpiar Caja','Arreglar, Organizar y Limpiar Caja','2026-04-10','2026-04-10','overdue','',0,NULL,NULL,NULL,NULL,'2026-04-21 10:16:41','2026-04-10 09:59:37','2026-04-21 10:16:41'),(262,3,3,2008,'Arreglar, Organizar y Limpiar Caja','Arreglar, Organizar y Limpiar Caja','2026-04-10','2026-04-10','overdue','',0,NULL,NULL,NULL,NULL,'2026-04-21 10:16:42','2026-04-10 09:59:37','2026-04-21 10:16:42'),(263,3,3,1,'Arreglar, Organizar y Limpiar Caja','Arreglar, Organizar y Limpiar Caja','2026-04-10','2026-04-10','overdue','',0,NULL,NULL,NULL,NULL,'2026-04-21 10:16:42','2026-04-10 09:59:37','2026-04-21 10:16:42'),(264,3,3,2007,'Arreglar, Organizar y Limpiar Caja','Arreglar, Organizar y Limpiar Caja','2026-04-10','2026-04-10','overdue','',0,NULL,NULL,NULL,NULL,'2026-04-21 10:16:42','2026-04-10 09:59:38','2026-04-21 10:16:42'),(265,3,3,1762,'Arreglar, Organizar y Limpiar Caja','Arreglar, Organizar y Limpiar Caja','2026-04-10','2026-04-10','overdue','',0,NULL,NULL,NULL,NULL,'2026-04-13 09:44:30','2026-04-10 09:59:38','2026-04-13 09:44:30'),(266,3,3,4,'Arreglar, Organizar y Limpiar Caja','Arreglar, Organizar y Limpiar Caja','2026-04-10','2026-04-10','completed','',0,'2026-04-11 10:38:28',NULL,NULL,NULL,'2026-04-11 10:20:46','2026-04-10 09:59:38','2026-04-11 10:38:28'),(267,2,1,935,'Arreglar Vitrinas Dama','Arreglar y organizar las vitrinas Seleccionadas','2026-04-10','2026-04-10','completed','',0,'2026-04-10 11:02:04',NULL,NULL,NULL,NULL,'2026-04-10 09:59:38','2026-04-10 11:02:04'),(268,2,1,1913,'Arreglar Vitrinas Dama','Arreglar y organizar las vitrinas Seleccionadas','2026-04-10','2026-04-10','completed','',0,'2026-04-10 11:33:00',NULL,NULL,NULL,NULL,'2026-04-10 09:59:38','2026-04-10 11:33:00'),(269,2,1,902,'Arreglar Vitrinas Dama','Arreglar y organizar las vitrinas Seleccionadas','2026-04-10','2026-04-10','completed','',0,'2026-04-10 17:53:35',NULL,NULL,NULL,NULL,'2026-04-10 09:59:38','2026-04-10 17:53:35'),(270,2,1,1899,'Arreglar Vitrinas Dama','Arreglar y organizar las vitrinas Seleccionadas','2026-04-10','2026-04-10','completed','',0,'2026-04-10 12:38:59',NULL,NULL,NULL,NULL,'2026-04-10 09:59:38','2026-04-10 12:38:59'),(271,2,1,508,'Arreglar Vitrinas Dama','Arreglar y organizar las vitrinas Seleccionadas','2026-04-10','2026-04-10','completed','',0,'2026-04-14 10:17:23',3,'Ildeana Delgado','2026-04-14 10:18:27','2026-04-13 09:44:05','2026-04-10 09:59:39','2026-04-14 10:18:27'),(272,2,1,1762,'Arreglar Vitrinas Dama','Arreglar y organizar las vitrinas Seleccionadas','2026-04-10','2026-04-10','completed','',0,'2026-04-14 10:19:55',3,'Ildeana Delgado','2026-04-14 10:20:24','2026-04-13 09:44:05','2026-04-10 09:59:39','2026-04-14 10:20:24'),(273,1,2,1899,'Arreglar Vitrinas Caballeros','Arreglar y Organizar Vitrinas Seleccionadas','2026-04-10','2026-04-10','completed','',0,'2026-04-10 11:02:55',NULL,NULL,NULL,NULL,'2026-04-10 09:59:39','2026-04-10 11:02:55'),(274,1,2,508,'Arreglar Vitrinas Caballeros','Arreglar y Organizar Vitrinas Seleccionadas','2026-04-10','2026-04-10','completed','',0,'2026-04-14 10:17:25',3,'Ildeana Delgado','2026-04-14 10:18:32','2026-04-13 09:44:07','2026-04-10 09:59:39','2026-04-14 10:18:32'),(275,1,2,1762,'Arreglar Vitrinas Caballeros','Arreglar y Organizar Vitrinas Seleccionadas','2026-04-10','2026-04-10','completed','',0,'2026-04-14 10:19:53',3,'Ildeana Delgado','2026-04-14 10:20:19','2026-04-13 09:44:06','2026-04-10 09:59:40','2026-04-14 10:20:19'),(276,1,2,935,'Arreglar Vitrinas Caballeros','Arreglar y Organizar Vitrinas Seleccionadas','2026-04-10','2026-04-10','completed','',0,'2026-04-10 11:01:27',NULL,NULL,NULL,NULL,'2026-04-10 09:59:40','2026-04-10 11:01:27'),(277,1,2,1913,'Arreglar Vitrinas Caballeros','Arreglar y Organizar Vitrinas Seleccionadas','2026-04-10','2026-04-10','completed','',0,'2026-04-10 11:17:27',NULL,NULL,NULL,NULL,'2026-04-10 09:59:40','2026-04-10 11:17:27'),(278,1,2,902,'Arreglar Vitrinas Caballeros','Arreglar y Organizar Vitrinas Seleccionadas','2026-04-10','2026-04-10','completed','',0,'2026-04-10 17:53:12',NULL,NULL,NULL,NULL,'2026-04-10 09:59:40','2026-04-10 17:53:12'),(279,3,3,2036,'Arreglar, Organizar y Limpiar Caja','Arreglar, Organizar y Limpiar Caja','2026-04-11','2026-04-11','overdue','',0,NULL,NULL,NULL,NULL,'2026-04-21 10:16:40','2026-04-11 10:20:44','2026-04-21 10:16:40'),(280,3,3,935,'Arreglar, Organizar y Limpiar Caja','Arreglar, Organizar y Limpiar Caja','2026-04-11','2026-04-11','overdue','',0,NULL,NULL,NULL,NULL,'2026-04-21 10:16:40','2026-04-11 10:20:44','2026-04-21 10:16:40'),(281,3,3,1913,'Arreglar, Organizar y Limpiar Caja','Arreglar, Organizar y Limpiar Caja','2026-04-11','2026-04-11','overdue','',0,NULL,NULL,NULL,NULL,'2026-04-21 10:16:41','2026-04-11 10:20:44','2026-04-21 10:16:41'),(282,3,3,902,'Arreglar, Organizar y Limpiar Caja','Arreglar, Organizar y Limpiar Caja','2026-04-11','2026-04-11','overdue','',0,NULL,NULL,NULL,NULL,'2026-04-21 10:16:41','2026-04-11 10:20:44','2026-04-21 10:16:41'),(283,3,3,3,'Arreglar, Organizar y Limpiar Caja','Arreglar, Organizar y Limpiar Caja','2026-04-11','2026-04-11','overdue','',0,NULL,NULL,NULL,NULL,'2026-04-21 10:16:41','2026-04-11 10:20:44','2026-04-21 10:16:41'),(284,3,3,1899,'Arreglar, Organizar y Limpiar Caja','Arreglar, Organizar y Limpiar Caja','2026-04-11','2026-04-11','overdue','',0,NULL,NULL,NULL,NULL,'2026-04-21 10:16:41','2026-04-11 10:20:44','2026-04-21 10:16:41'),(285,3,3,508,'Arreglar, Organizar y Limpiar Caja','Arreglar, Organizar y Limpiar Caja','2026-04-11','2026-04-11','overdue','',0,NULL,NULL,NULL,NULL,'2026-04-13 09:44:29','2026-04-11 10:20:45','2026-04-13 09:44:29'),(286,3,3,2006,'Arreglar, Organizar y Limpiar Caja','Arreglar, Organizar y Limpiar Caja','2026-04-11','2026-04-11','overdue','',0,NULL,NULL,NULL,NULL,'2026-04-21 10:16:41','2026-04-11 10:20:45','2026-04-21 10:16:41'),(287,3,3,2030,'Arreglar, Organizar y Limpiar Caja','Arreglar, Organizar y Limpiar Caja','2026-04-11','2026-04-11','overdue','',0,NULL,NULL,NULL,NULL,'2026-04-21 10:16:41','2026-04-11 10:20:45','2026-04-21 10:16:41'),(288,3,3,2008,'Arreglar, Organizar y Limpiar Caja','Arreglar, Organizar y Limpiar Caja','2026-04-11','2026-04-11','overdue','',0,NULL,NULL,NULL,NULL,'2026-04-21 10:16:42','2026-04-11 10:20:45','2026-04-21 10:16:42'),(289,3,3,1,'Arreglar, Organizar y Limpiar Caja','Arreglar, Organizar y Limpiar Caja','2026-04-11','2026-04-11','completed','',0,'2026-04-13 10:01:22',NULL,NULL,NULL,'2026-04-13 09:44:30','2026-04-11 10:20:46','2026-04-13 10:01:22'),(290,3,3,2007,'Arreglar, Organizar y Limpiar Caja','Arreglar, Organizar y Limpiar Caja','2026-04-11','2026-04-11','overdue','',0,NULL,NULL,NULL,NULL,'2026-04-21 10:16:42','2026-04-11 10:20:46','2026-04-21 10:16:42'),(291,3,3,1762,'Arreglar, Organizar y Limpiar Caja','Arreglar, Organizar y Limpiar Caja','2026-04-11','2026-04-11','overdue','',0,NULL,NULL,NULL,NULL,'2026-04-13 09:44:30','2026-04-11 10:20:46','2026-04-13 09:44:30'),(292,3,3,4,'Arreglar, Organizar y Limpiar Caja','Arreglar, Organizar y Limpiar Caja','2026-04-11','2026-04-11','completed','',0,'2026-04-13 11:41:31',NULL,NULL,NULL,'2026-04-13 09:44:31','2026-04-11 10:20:47','2026-04-13 11:41:31'),(293,2,1,902,'Arreglar Vitrinas Dama','Arreglar y organizar las vitrinas Seleccionadas','2026-04-11','2026-04-11','completed','',0,'2026-04-11 12:33:31',4,'Yulimar Pelayo 52','2026-04-11 14:56:22',NULL,'2026-04-11 10:20:47','2026-04-11 14:56:22'),(294,2,1,1899,'Arreglar Vitrinas Dama','Arreglar y organizar las vitrinas Seleccionadas','2026-04-11','2026-04-11','completed','',0,'2026-04-11 15:02:14',4,'Yulimar Pelayo 52','2026-04-11 18:56:23',NULL,'2026-04-11 10:20:47','2026-04-11 18:56:23'),(295,2,1,508,'Arreglar Vitrinas Dama','Arreglar y organizar las vitrinas Seleccionadas','2026-04-11','2026-04-11','completed','',0,'2026-04-14 10:17:27',3,'Ildeana Delgado','2026-04-14 10:18:23','2026-04-13 09:44:05','2026-04-11 10:20:47','2026-04-14 10:18:23'),(296,2,1,1762,'Arreglar Vitrinas Dama','Arreglar y organizar las vitrinas Seleccionadas','2026-04-11','2026-04-11','completed','',0,'2026-04-14 10:19:48',3,'Ildeana Delgado','2026-04-14 10:20:08','2026-04-13 09:44:05','2026-04-11 10:20:47','2026-04-14 10:20:08'),(297,2,1,935,'Arreglar Vitrinas Dama','Arreglar y organizar las vitrinas Seleccionadas','2026-04-11','2026-04-11','completed','',0,'2026-04-11 18:56:45',4,'Yulimar Pelayo 52','2026-04-11 18:56:48',NULL,'2026-04-11 10:20:47','2026-04-11 18:56:48'),(298,2,1,1913,'Arreglar Vitrinas Dama','Arreglar y organizar las vitrinas Seleccionadas','2026-04-11','2026-04-11','completed','',0,'2026-04-11 13:49:42',4,'Yulimar Pelayo 52','2026-04-11 18:56:10',NULL,'2026-04-11 10:20:48','2026-04-11 18:56:10'),(299,1,2,508,'Arreglar Vitrinas Caballeros','Arreglar y Organizar Vitrinas Seleccionadas','2026-04-11','2026-04-11','completed','',0,'2026-04-14 10:17:33',3,'Ildeana Delgado','2026-04-14 10:18:30','2026-04-13 09:44:07','2026-04-11 10:20:48','2026-04-14 10:18:30'),(300,1,2,1762,'Arreglar Vitrinas Caballeros','Arreglar y Organizar Vitrinas Seleccionadas','2026-04-11','2026-04-11','completed','',0,'2026-04-14 10:19:51',3,'Ildeana Delgado','2026-04-14 10:20:06','2026-04-13 09:44:06','2026-04-11 10:20:48','2026-04-14 10:20:06'),(301,1,2,935,'Arreglar Vitrinas Caballeros','Arreglar y Organizar Vitrinas Seleccionadas','2026-04-11','2026-04-11','completed','',0,'2026-04-11 18:56:34',4,'Yulimar Pelayo 52','2026-04-11 18:56:40',NULL,'2026-04-11 10:20:48','2026-04-11 18:56:40'),(302,1,2,1913,'Arreglar Vitrinas Caballeros','Arreglar y Organizar Vitrinas Seleccionadas','2026-04-11','2026-04-11','completed','',0,'2026-04-11 13:50:05',4,'Yulimar Pelayo 52','2026-04-11 18:56:07',NULL,'2026-04-11 10:20:49','2026-04-11 18:56:07'),(303,1,2,902,'Arreglar Vitrinas Caballeros','Arreglar y Organizar Vitrinas Seleccionadas','2026-04-11','2026-04-11','completed','',0,'2026-04-11 12:32:57',4,'Yulimar Pelayo 52','2026-04-11 14:56:17',NULL,'2026-04-11 10:20:49','2026-04-11 14:56:17'),(304,1,2,1899,'Arreglar Vitrinas Caballeros','Arreglar y Organizar Vitrinas Seleccionadas','2026-04-11','2026-04-11','completed','',0,'2026-04-11 10:57:29',4,'Yulimar Pelayo 52','2026-04-11 18:56:20',NULL,'2026-04-11 10:20:49','2026-04-11 18:56:20'),(305,2,1,508,'Arreglar Vitrinas Dama','Arreglar y organizar las vitrinas Seleccionadas','2026-04-13','2026-04-13','completed','',0,'2026-04-14 10:17:39',3,'Ildeana Delgado','2026-04-14 10:18:20',NULL,'2026-04-13 09:44:05','2026-04-14 10:18:20'),(306,2,1,1762,'Arreglar Vitrinas Dama','Arreglar y organizar las vitrinas Seleccionadas','2026-04-13','2026-04-13','completed','',0,'2026-04-14 10:19:46',3,'Ildeana Delgado','2026-04-14 10:24:09',NULL,'2026-04-13 09:44:05','2026-04-14 10:24:09'),(307,2,1,935,'Arreglar Vitrinas Dama','Arreglar y organizar las vitrinas Seleccionadas','2026-04-13','2026-04-13','completed','',0,'2026-04-14 10:17:33',3,'Ildeana Delgado','2026-04-14 11:04:21','2026-04-14 10:15:47','2026-04-13 09:44:06','2026-04-14 11:04:21'),(308,2,1,1913,'Arreglar Vitrinas Dama','Arreglar y organizar las vitrinas Seleccionadas','2026-04-13','2026-04-13','completed','',0,'2026-04-13 10:48:35',NULL,NULL,NULL,NULL,'2026-04-13 09:44:06','2026-04-13 10:48:35'),(309,2,1,902,'Arreglar Vitrinas Dama','Arreglar y organizar las vitrinas Seleccionadas','2026-04-13','2026-04-13','completed','',0,'2026-04-14 11:02:14',3,'Ildeana Delgado','2026-04-14 11:04:23','2026-04-14 10:15:47','2026-04-13 09:44:06','2026-04-14 11:04:23'),(310,2,1,1899,'Arreglar Vitrinas Dama','Arreglar y organizar las vitrinas Seleccionadas','2026-04-13','2026-04-13','completed','',0,'2026-04-13 11:05:08',NULL,NULL,NULL,NULL,'2026-04-13 09:44:06','2026-04-13 11:05:08'),(311,1,2,1762,'Arreglar Vitrinas Caballeros','Arreglar y Organizar Vitrinas Seleccionadas','2026-04-13','2026-04-13','completed','',0,'2026-04-14 10:19:44',3,'Ildeana Delgado','2026-04-14 10:24:11',NULL,'2026-04-13 09:44:06','2026-04-14 10:24:11'),(312,1,2,935,'Arreglar Vitrinas Caballeros','Arreglar y Organizar Vitrinas Seleccionadas','2026-04-13','2026-04-13','completed','',0,'2026-04-14 10:16:41',3,'Ildeana Delgado','2026-04-14 11:04:18','2026-04-14 10:15:48','2026-04-13 09:44:06','2026-04-14 11:04:18'),(313,1,2,1913,'Arreglar Vitrinas Caballeros','Arreglar y Organizar Vitrinas Seleccionadas','2026-04-13','2026-04-13','completed','',0,'2026-04-13 10:48:14',NULL,NULL,NULL,NULL,'2026-04-13 09:44:06','2026-04-13 10:48:14'),(314,1,2,902,'Arreglar Vitrinas Caballeros','Arreglar y Organizar Vitrinas Seleccionadas','2026-04-13','2026-04-13','completed','',0,'2026-04-14 11:02:03',3,'Ildeana Delgado','2026-04-14 11:04:26','2026-04-14 10:15:48','2026-04-13 09:44:07','2026-04-14 11:04:26'),(315,1,2,1899,'Arreglar Vitrinas Caballeros','Arreglar y Organizar Vitrinas Seleccionadas','2026-04-13','2026-04-13','completed','',0,'2026-04-13 11:08:14',NULL,NULL,NULL,NULL,'2026-04-13 09:44:07','2026-04-13 11:08:14'),(316,1,2,508,'Arreglar Vitrinas Caballeros','Arreglar y Organizar Vitrinas Seleccionadas','2026-04-13','2026-04-13','completed','',0,'2026-04-14 10:17:41',3,'Ildeana Delgado','2026-04-14 10:18:15',NULL,'2026-04-13 09:44:07','2026-04-14 10:18:15'),(317,3,3,2036,'Arreglar, Organizar y Limpiar Caja','Arreglar, Organizar y Limpiar Caja','2026-04-13','2026-04-13','overdue','',0,NULL,NULL,NULL,NULL,'2026-04-21 10:16:40','2026-04-13 09:44:28','2026-04-21 10:16:40'),(318,3,3,935,'Arreglar, Organizar y Limpiar Caja','Arreglar, Organizar y Limpiar Caja','2026-04-13','2026-04-13','overdue','',0,NULL,NULL,NULL,NULL,'2026-04-21 10:16:40','2026-04-13 09:44:29','2026-04-21 10:16:40'),(319,3,3,1913,'Arreglar, Organizar y Limpiar Caja','Arreglar, Organizar y Limpiar Caja','2026-04-13','2026-04-13','overdue','',0,NULL,NULL,NULL,NULL,'2026-04-21 10:16:41','2026-04-13 09:44:29','2026-04-21 10:16:41'),(320,3,3,902,'Arreglar, Organizar y Limpiar Caja','Arreglar, Organizar y Limpiar Caja','2026-04-13','2026-04-13','overdue','',0,NULL,NULL,NULL,NULL,'2026-04-21 10:16:41','2026-04-13 09:44:29','2026-04-21 10:16:41'),(321,3,3,3,'Arreglar, Organizar y Limpiar Caja','Arreglar, Organizar y Limpiar Caja','2026-04-13','2026-04-13','overdue','',0,NULL,NULL,NULL,NULL,'2026-04-21 10:16:41','2026-04-13 09:44:29','2026-04-21 10:16:41'),(322,3,3,1899,'Arreglar, Organizar y Limpiar Caja','Arreglar, Organizar y Limpiar Caja','2026-04-13','2026-04-13','overdue','',0,NULL,NULL,NULL,NULL,'2026-04-21 10:16:41','2026-04-13 09:44:29','2026-04-21 10:16:41'),(323,3,3,508,'Arreglar, Organizar y Limpiar Caja','Arreglar, Organizar y Limpiar Caja','2026-04-13','2026-04-13','pending','',0,NULL,NULL,NULL,NULL,NULL,'2026-04-13 09:44:29','2026-04-13 09:44:29'),(324,3,3,2006,'Arreglar, Organizar y Limpiar Caja','Arreglar, Organizar y Limpiar Caja','2026-04-13','2026-04-13','overdue','',0,NULL,NULL,NULL,NULL,'2026-04-21 10:16:41','2026-04-13 09:44:30','2026-04-21 10:16:41'),(325,3,3,2030,'Arreglar, Organizar y Limpiar Caja','Arreglar, Organizar y Limpiar Caja','2026-04-13','2026-04-13','overdue','',0,NULL,NULL,NULL,NULL,'2026-04-21 10:16:41','2026-04-13 09:44:30','2026-04-21 10:16:41'),(326,3,3,2008,'Arreglar, Organizar y Limpiar Caja','Arreglar, Organizar y Limpiar Caja','2026-04-13','2026-04-13','overdue','',0,NULL,NULL,NULL,NULL,'2026-04-21 10:16:42','2026-04-13 09:44:30','2026-04-21 10:16:42'),(327,3,3,1,'Arreglar, Organizar y Limpiar Caja','Arreglar, Organizar y Limpiar Caja','2026-04-13','2026-04-13','overdue','',0,NULL,NULL,NULL,NULL,'2026-04-21 10:16:42','2026-04-13 09:44:30','2026-04-21 10:16:42'),(328,3,3,2007,'Arreglar, Organizar y Limpiar Caja','Arreglar, Organizar y Limpiar Caja','2026-04-13','2026-04-13','overdue','',0,NULL,NULL,NULL,NULL,'2026-04-21 10:16:42','2026-04-13 09:44:30','2026-04-21 10:16:42'),(329,3,3,1762,'Arreglar, Organizar y Limpiar Caja','Arreglar, Organizar y Limpiar Caja','2026-04-13','2026-04-13','pending','',0,NULL,NULL,NULL,NULL,NULL,'2026-04-13 09:44:31','2026-04-13 09:44:31'),(330,3,3,4,'Arreglar, Organizar y Limpiar Caja','Arreglar, Organizar y Limpiar Caja','2026-04-13','2026-04-13','completed','',0,'2026-04-14 12:12:43',NULL,NULL,NULL,'2026-04-14 10:16:58','2026-04-13 09:44:31','2026-04-14 12:12:43'),(331,2,1,2036,'Arreglar Vitrinas Dama','Arreglar y organizar las vitrinas Seleccionadas','2026-04-13','2026-04-13','completed','',0,'2026-04-13 11:15:59',NULL,NULL,NULL,NULL,'2026-04-13 09:59:47','2026-04-13 11:15:59'),(332,1,2,2036,'Arreglar Vitrinas Caballeros','Arreglar y Organizar Vitrinas Seleccionadas','2026-04-13','2026-04-13','completed','',0,'2026-04-13 10:35:13',NULL,NULL,NULL,NULL,'2026-04-13 09:59:47','2026-04-13 10:35:13'),(333,2,1,2036,'Arreglar Vitrinas Dama','Arreglar y organizar las vitrinas Seleccionadas','2026-04-14','2026-04-14','completed','',0,'2026-04-14 13:34:21',3,'Ildeana Delgado','2026-04-14 14:10:42',NULL,'2026-04-14 10:15:47','2026-04-14 14:10:42'),(334,2,1,935,'Arreglar Vitrinas Dama','Arreglar y organizar las vitrinas Seleccionadas','2026-04-14','2026-04-14','completed','',0,'2026-04-14 11:19:58',3,'Ildeana Delgado','2026-04-14 13:35:19',NULL,'2026-04-14 10:15:47','2026-04-14 13:35:19'),(335,2,1,1913,'Arreglar Vitrinas Dama','Arreglar y organizar las vitrinas Seleccionadas','2026-04-14','2026-04-14','completed','',0,'2026-04-14 10:18:47',3,'Ildeana Delgado','2026-04-14 13:35:01',NULL,'2026-04-14 10:15:47','2026-04-14 13:35:01'),(336,2,1,902,'Arreglar Vitrinas Dama','Arreglar y organizar las vitrinas Seleccionadas','2026-04-14','2026-04-14','completed','',0,'2026-04-14 12:31:57',4,'Yulimar Pelayo 52','2026-04-14 12:33:26',NULL,'2026-04-14 10:15:47','2026-04-14 12:33:26'),(337,2,1,1899,'Arreglar Vitrinas Dama','Arreglar y organizar las vitrinas Seleccionadas','2026-04-14','2026-04-14','completed','',0,'2026-04-14 16:29:09',3,'Ildeana Delgado','2026-04-14 16:34:23',NULL,'2026-04-14 10:15:47','2026-04-14 16:34:23'),(338,1,2,935,'Arreglar Vitrinas Caballeros','Arreglar y Organizar Vitrinas Seleccionadas','2026-04-14','2026-04-14','completed','',0,'2026-04-14 11:20:25',3,'Ildeana Delgado','2026-04-14 13:35:17',NULL,'2026-04-14 10:15:48','2026-04-14 13:35:17'),(339,1,2,1913,'Arreglar Vitrinas Caballeros','Arreglar y Organizar Vitrinas Seleccionadas','2026-04-14','2026-04-14','completed','',0,'2026-04-14 10:19:05',3,'Ildeana Delgado','2026-04-14 13:34:57',NULL,'2026-04-14 10:15:48','2026-04-14 13:34:57'),(340,1,2,902,'Arreglar Vitrinas Caballeros','Arreglar y Organizar Vitrinas Seleccionadas','2026-04-14','2026-04-14','completed','limpie y todo,sucio y un desorden',0,'2026-04-14 12:31:36',4,'Yulimar Pelayo 52','2026-04-14 12:33:22',NULL,'2026-04-14 10:15:48','2026-04-14 12:33:22'),(341,1,2,1899,'Arreglar Vitrinas Caballeros','Arreglar y Organizar Vitrinas Seleccionadas','2026-04-14','2026-04-14','completed','',0,'2026-04-15 19:17:07',3,'Ildeana Delgado','2026-04-15 19:17:11',NULL,'2026-04-14 10:15:48','2026-04-15 19:17:11'),(342,1,2,2036,'Arreglar Vitrinas Caballeros','Arreglar y Organizar Vitrinas Seleccionadas','2026-04-14','2026-04-14','completed','',0,'2026-04-14 13:34:17',3,'Ildeana Delgado','2026-04-14 14:10:40',NULL,'2026-04-14 10:15:48','2026-04-14 14:10:40'),(343,3,3,2036,'Arreglar, Organizar y Limpiar Caja','Arreglar, Organizar y Limpiar Caja','2026-04-14','2026-04-14','overdue','',0,NULL,NULL,NULL,NULL,'2026-04-21 10:16:40','2026-04-14 10:16:54','2026-04-21 10:16:40'),(344,3,3,935,'Arreglar, Organizar y Limpiar Caja','Arreglar, Organizar y Limpiar Caja','2026-04-14','2026-04-14','overdue','',0,NULL,NULL,NULL,NULL,'2026-04-21 10:16:40','2026-04-14 10:16:54','2026-04-21 10:16:40'),(345,3,3,1913,'Arreglar, Organizar y Limpiar Caja','Arreglar, Organizar y Limpiar Caja','2026-04-14','2026-04-14','overdue','',0,NULL,NULL,NULL,NULL,'2026-04-21 10:16:41','2026-04-14 10:16:55','2026-04-21 10:16:41'),(346,3,3,902,'Arreglar, Organizar y Limpiar Caja','Arreglar, Organizar y Limpiar Caja','2026-04-14','2026-04-14','overdue','',0,NULL,NULL,NULL,NULL,'2026-04-21 10:16:41','2026-04-14 10:16:55','2026-04-21 10:16:41'),(347,3,3,3,'Arreglar, Organizar y Limpiar Caja','Arreglar, Organizar y Limpiar Caja','2026-04-14','2026-04-14','overdue','',0,NULL,NULL,NULL,NULL,'2026-04-21 10:16:41','2026-04-14 10:16:55','2026-04-21 10:16:41'),(348,3,3,1899,'Arreglar, Organizar y Limpiar Caja','Arreglar, Organizar y Limpiar Caja','2026-04-14','2026-04-14','overdue','',0,NULL,NULL,NULL,NULL,'2026-04-21 10:16:41','2026-04-14 10:16:55','2026-04-21 10:16:41'),(349,3,3,2006,'Arreglar, Organizar y Limpiar Caja','Arreglar, Organizar y Limpiar Caja','2026-04-14','2026-04-14','overdue','',0,NULL,NULL,NULL,NULL,'2026-04-21 10:16:41','2026-04-14 10:16:56','2026-04-21 10:16:41'),(350,3,3,2030,'Arreglar, Organizar y Limpiar Caja','Arreglar, Organizar y Limpiar Caja','2026-04-14','2026-04-14','overdue','',0,NULL,NULL,NULL,NULL,'2026-04-21 10:16:41','2026-04-14 10:16:56','2026-04-21 10:16:41'),(351,3,3,2008,'Arreglar, Organizar y Limpiar Caja','Arreglar, Organizar y Limpiar Caja','2026-04-14','2026-04-14','overdue','',0,NULL,NULL,NULL,NULL,'2026-04-21 10:16:42','2026-04-14 10:16:56','2026-04-21 10:16:42'),(352,3,3,1,'Arreglar, Organizar y Limpiar Caja','Arreglar, Organizar y Limpiar Caja','2026-04-14','2026-04-14','overdue','',0,NULL,NULL,NULL,NULL,'2026-04-21 10:16:42','2026-04-14 10:16:57','2026-04-21 10:16:42'),(353,3,3,2007,'Arreglar, Organizar y Limpiar Caja','Arreglar, Organizar y Limpiar Caja','2026-04-14','2026-04-14','overdue','',0,NULL,NULL,NULL,NULL,'2026-04-21 10:16:42','2026-04-14 10:16:58','2026-04-21 10:16:42'),(354,3,3,4,'Arreglar, Organizar y Limpiar Caja','Arreglar, Organizar y Limpiar Caja','2026-04-14','2026-04-14','overdue','',0,NULL,NULL,NULL,NULL,'2026-04-21 10:16:42','2026-04-14 10:16:58','2026-04-21 10:16:42'),(355,3,3,2036,'Arreglar, Organizar y Limpiar Caja','Arreglar, Organizar y Limpiar Caja','2026-04-15','2026-04-15','overdue','',0,NULL,NULL,NULL,NULL,'2026-04-21 10:16:40','2026-04-15 10:16:50','2026-04-21 10:16:40'),(356,3,3,935,'Arreglar, Organizar y Limpiar Caja','Arreglar, Organizar y Limpiar Caja','2026-04-15','2026-04-15','overdue','',0,NULL,NULL,NULL,NULL,'2026-04-21 10:16:40','2026-04-15 10:16:51','2026-04-21 10:16:40'),(357,3,3,1913,'Arreglar, Organizar y Limpiar Caja','Arreglar, Organizar y Limpiar Caja','2026-04-15','2026-04-15','overdue','',0,NULL,NULL,NULL,NULL,'2026-04-21 10:16:41','2026-04-15 10:16:51','2026-04-21 10:16:41'),(358,3,3,902,'Arreglar, Organizar y Limpiar Caja','Arreglar, Organizar y Limpiar Caja','2026-04-15','2026-04-15','overdue','',0,NULL,NULL,NULL,NULL,'2026-04-21 10:16:41','2026-04-15 10:16:51','2026-04-21 10:16:41'),(359,3,3,3,'Arreglar, Organizar y Limpiar Caja','Arreglar, Organizar y Limpiar Caja','2026-04-15','2026-04-15','overdue','',0,NULL,NULL,NULL,NULL,'2026-04-21 10:16:41','2026-04-15 10:16:51','2026-04-21 10:16:41'),(360,3,3,1899,'Arreglar, Organizar y Limpiar Caja','Arreglar, Organizar y Limpiar Caja','2026-04-15','2026-04-15','overdue','',0,NULL,NULL,NULL,NULL,'2026-04-21 10:16:41','2026-04-15 10:16:51','2026-04-21 10:16:41'),(361,3,3,2006,'Arreglar, Organizar y Limpiar Caja','Arreglar, Organizar y Limpiar Caja','2026-04-15','2026-04-15','overdue','',0,NULL,NULL,NULL,NULL,'2026-04-21 10:16:41','2026-04-15 10:16:52','2026-04-21 10:16:41'),(362,3,3,2030,'Arreglar, Organizar y Limpiar Caja','Arreglar, Organizar y Limpiar Caja','2026-04-15','2026-04-15','overdue','',0,NULL,NULL,NULL,NULL,'2026-04-21 10:16:41','2026-04-15 10:16:52','2026-04-21 10:16:41'),(363,3,3,2008,'Arreglar, Organizar y Limpiar Caja','Arreglar, Organizar y Limpiar Caja','2026-04-15','2026-04-15','overdue','',0,NULL,NULL,NULL,NULL,'2026-04-21 10:16:42','2026-04-15 10:16:52','2026-04-21 10:16:42'),(364,3,3,1,'Arreglar, Organizar y Limpiar Caja','Arreglar, Organizar y Limpiar Caja','2026-04-15','2026-04-15','overdue','',0,NULL,NULL,NULL,NULL,'2026-04-21 10:16:42','2026-04-15 10:16:52','2026-04-21 10:16:42'),(365,3,3,2007,'Arreglar, Organizar y Limpiar Caja','Arreglar, Organizar y Limpiar Caja','2026-04-15','2026-04-15','overdue','',0,NULL,NULL,NULL,NULL,'2026-04-21 10:16:42','2026-04-15 10:16:52','2026-04-21 10:16:42'),(366,3,3,4,'Arreglar, Organizar y Limpiar Caja','Arreglar, Organizar y Limpiar Caja','2026-04-15','2026-04-15','completed','',0,'2026-04-16 11:29:15',NULL,NULL,NULL,'2026-04-16 10:30:25','2026-04-15 10:16:52','2026-04-16 11:29:15'),(367,2,1,2036,'Arreglar Vitrinas Dama','Arreglar y organizar las vitrinas Seleccionadas','2026-04-15','2026-04-15','completed','',0,'2026-04-15 13:01:38',3,'Ildeana Delgado','2026-04-15 13:51:06',NULL,'2026-04-15 10:16:53','2026-04-15 13:51:06'),(368,2,1,935,'Arreglar Vitrinas Dama','Arreglar y organizar las vitrinas Seleccionadas','2026-04-15','2026-04-15','completed','',0,'2026-04-15 19:17:22',3,'Ildeana Delgado','2026-04-15 19:17:28',NULL,'2026-04-15 10:16:53','2026-04-15 19:17:28'),(369,2,1,1913,'Arreglar Vitrinas Dama','Arreglar y organizar las vitrinas Seleccionadas','2026-04-15','2026-04-15','completed','',0,'2026-04-15 14:04:40',4,'Yulimar Pelayo 52','2026-04-15 19:16:00',NULL,'2026-04-15 10:16:53','2026-04-15 19:16:00'),(370,2,1,902,'Arreglar Vitrinas Dama','Arreglar y organizar las vitrinas Seleccionadas','2026-04-15','2026-04-15','completed','',0,'2026-04-15 19:00:08',4,'Yulimar Pelayo 52','2026-04-15 19:15:56',NULL,'2026-04-15 10:16:53','2026-04-15 19:15:56'),(371,2,1,1899,'Arreglar Vitrinas Dama','Arreglar y organizar las vitrinas Seleccionadas','2026-04-15','2026-04-15','completed','',0,'2026-04-15 11:58:02',4,'Yulimar Pelayo 52','2026-04-15 19:16:09',NULL,'2026-04-15 10:16:53','2026-04-15 19:16:09'),(372,1,2,1913,'Arreglar Vitrinas Caballeros','Arreglar y Organizar Vitrinas Seleccionadas','2026-04-15','2026-04-15','completed','',0,'2026-04-15 14:04:17',4,'Yulimar Pelayo 52','2026-04-15 19:16:03',NULL,'2026-04-15 10:16:54','2026-04-15 19:16:03'),(373,1,2,902,'Arreglar Vitrinas Caballeros','Arreglar y Organizar Vitrinas Seleccionadas','2026-04-15','2026-04-15','completed','',0,'2026-04-15 18:59:58',4,'Yulimar Pelayo 52','2026-04-15 19:15:52',NULL,'2026-04-15 10:16:54','2026-04-15 19:15:52'),(374,1,2,1899,'Arreglar Vitrinas Caballeros','Arreglar y Organizar Vitrinas Seleccionadas','2026-04-15','2026-04-15','completed','',0,'2026-04-15 11:58:20',4,'Yulimar Pelayo 52','2026-04-15 19:16:12',NULL,'2026-04-15 10:16:54','2026-04-15 19:16:12'),(375,1,2,2036,'Arreglar Vitrinas Caballeros','Arreglar y Organizar Vitrinas Seleccionadas','2026-04-15','2026-04-15','completed','',0,'2026-04-15 13:01:25',3,'Ildeana Delgado','2026-04-15 13:50:55',NULL,'2026-04-15 10:16:54','2026-04-15 13:50:55'),(376,1,2,935,'Arreglar Vitrinas Caballeros','Arreglar y Organizar Vitrinas Seleccionadas','2026-04-15','2026-04-15','completed','',0,'2026-04-15 19:17:15',3,'Ildeana Delgado','2026-04-15 19:17:19',NULL,'2026-04-15 10:16:54','2026-04-15 19:17:19'),(377,3,3,2036,'Arreglar, Organizar y Limpiar Caja','Arreglar, Organizar y Limpiar Caja','2026-04-16','2026-04-16','overdue','',0,NULL,NULL,NULL,NULL,'2026-04-21 10:16:40','2026-04-16 10:30:23','2026-04-21 10:16:40'),(378,3,3,935,'Arreglar, Organizar y Limpiar Caja','Arreglar, Organizar y Limpiar Caja','2026-04-16','2026-04-16','overdue','',0,NULL,NULL,NULL,NULL,'2026-04-21 10:16:40','2026-04-16 10:30:23','2026-04-21 10:16:40'),(379,3,3,1913,'Arreglar, Organizar y Limpiar Caja','Arreglar, Organizar y Limpiar Caja','2026-04-16','2026-04-16','overdue','',0,NULL,NULL,NULL,NULL,'2026-04-21 10:16:41','2026-04-16 10:30:23','2026-04-21 10:16:41'),(380,3,3,902,'Arreglar, Organizar y Limpiar Caja','Arreglar, Organizar y Limpiar Caja','2026-04-16','2026-04-16','overdue','',0,NULL,NULL,NULL,NULL,'2026-04-21 10:16:41','2026-04-16 10:30:23','2026-04-21 10:16:41'),(381,3,3,3,'Arreglar, Organizar y Limpiar Caja','Arreglar, Organizar y Limpiar Caja','2026-04-16','2026-04-16','overdue','',0,NULL,NULL,NULL,NULL,'2026-04-21 10:16:41','2026-04-16 10:30:23','2026-04-21 10:16:41'),(382,3,3,1899,'Arreglar, Organizar y Limpiar Caja','Arreglar, Organizar y Limpiar Caja','2026-04-16','2026-04-16','overdue','',0,NULL,NULL,NULL,NULL,'2026-04-21 10:16:41','2026-04-16 10:30:23','2026-04-21 10:16:41'),(383,3,3,2006,'Arreglar, Organizar y Limpiar Caja','Arreglar, Organizar y Limpiar Caja','2026-04-16','2026-04-16','overdue','',0,NULL,NULL,NULL,NULL,'2026-04-21 10:16:41','2026-04-16 10:30:23','2026-04-21 10:16:41'),(384,3,3,2030,'Arreglar, Organizar y Limpiar Caja','Arreglar, Organizar y Limpiar Caja','2026-04-16','2026-04-16','overdue','',0,NULL,NULL,NULL,NULL,'2026-04-21 10:16:41','2026-04-16 10:30:24','2026-04-21 10:16:41'),(385,3,3,2008,'Arreglar, Organizar y Limpiar Caja','Arreglar, Organizar y Limpiar Caja','2026-04-16','2026-04-16','overdue','',0,NULL,NULL,NULL,NULL,'2026-04-21 10:16:42','2026-04-16 10:30:24','2026-04-21 10:16:42'),(386,3,3,1,'Arreglar, Organizar y Limpiar Caja','Arreglar, Organizar y Limpiar Caja','2026-04-16','2026-04-16','overdue','',0,NULL,NULL,NULL,NULL,'2026-04-21 10:16:42','2026-04-16 10:30:24','2026-04-21 10:16:42'),(387,3,3,2007,'Arreglar, Organizar y Limpiar Caja','Arreglar, Organizar y Limpiar Caja','2026-04-16','2026-04-16','overdue','',0,NULL,NULL,NULL,NULL,'2026-04-21 10:16:42','2026-04-16 10:30:25','2026-04-21 10:16:42'),(388,3,3,4,'Arreglar, Organizar y Limpiar Caja','Arreglar, Organizar y Limpiar Caja','2026-04-16','2026-04-16','completed','',0,'2026-04-17 12:01:59',NULL,NULL,NULL,'2026-04-17 10:25:20','2026-04-16 10:30:25','2026-04-17 12:01:59'),(389,2,1,2036,'Arreglar Vitrinas Dama','Arreglar y organizar las vitrinas Seleccionadas','2026-04-16','2026-04-16','completed','',0,'2026-04-16 12:56:35',3,'Ildeana Delgado','2026-04-16 14:03:49',NULL,'2026-04-16 10:30:25','2026-04-16 14:03:49'),(390,2,1,935,'Arreglar Vitrinas Dama','Arreglar y organizar las vitrinas Seleccionadas','2026-04-16','2026-04-16','completed','',0,'2026-04-16 12:54:46',3,'Ildeana Delgado','2026-04-16 14:04:32',NULL,'2026-04-16 10:30:25','2026-04-16 14:04:32'),(391,2,1,1913,'Arreglar Vitrinas Dama','Arreglar y organizar las vitrinas Seleccionadas','2026-04-16','2026-04-16','completed','',0,'2026-04-16 15:29:40',NULL,NULL,NULL,NULL,'2026-04-16 10:30:26','2026-04-16 15:29:40'),(392,2,1,902,'Arreglar Vitrinas Dama','Arreglar y organizar las vitrinas Seleccionadas','2026-04-16','2026-04-16','completed','',0,'2026-04-17 10:41:33',4,'Yulimar Pelayo 52','2026-04-17 12:02:48','2026-04-17 10:25:21','2026-04-16 10:30:26','2026-04-17 12:02:48'),(393,2,1,1899,'Arreglar Vitrinas Dama','Arreglar y organizar las vitrinas Seleccionadas','2026-04-16','2026-04-16','completed','',0,'2026-04-16 18:02:15',NULL,NULL,NULL,NULL,'2026-04-16 10:30:26','2026-04-16 18:02:15'),(394,1,2,1899,'Arreglar Vitrinas Caballeros','Arreglar y Organizar Vitrinas Seleccionadas','2026-04-16','2026-04-16','completed','',0,'2026-04-16 13:32:29',3,'Ildeana Delgado','2026-04-16 14:04:15',NULL,'2026-04-16 10:30:26','2026-04-16 14:04:15'),(395,1,2,2036,'Arreglar Vitrinas Caballeros','Arreglar y Organizar Vitrinas Seleccionadas','2026-04-16','2026-04-16','completed','',0,'2026-04-16 12:39:23',3,'Ildeana Delgado','2026-04-16 14:03:39',NULL,'2026-04-16 10:30:26','2026-04-16 14:03:39'),(396,1,2,935,'Arreglar Vitrinas Caballeros','Arreglar y Organizar Vitrinas Seleccionadas','2026-04-16','2026-04-16','completed','',0,'2026-04-16 12:54:14',3,'Ildeana Delgado','2026-04-16 14:04:28',NULL,'2026-04-16 10:30:26','2026-04-16 14:04:28'),(397,1,2,1913,'Arreglar Vitrinas Caballeros','Arreglar y Organizar Vitrinas Seleccionadas','2026-04-16','2026-04-16','completed','',0,'2026-04-16 15:29:18',NULL,NULL,NULL,NULL,'2026-04-16 10:30:27','2026-04-16 15:29:18'),(398,1,2,902,'Arreglar Vitrinas Caballeros','Arreglar y Organizar Vitrinas Seleccionadas','2026-04-16','2026-04-16','completed','',0,'2026-04-16 18:19:20',4,'Yulimar Pelayo 52','2026-04-16 18:42:26',NULL,'2026-04-16 10:30:27','2026-04-16 18:42:26'),(399,3,3,2036,'Arreglar, Organizar y Limpiar Caja','Arreglar, Organizar y Limpiar Caja','2026-04-17','2026-04-17','overdue','',0,NULL,NULL,NULL,NULL,'2026-04-21 10:16:40','2026-04-17 10:25:17','2026-04-21 10:16:40'),(400,3,3,935,'Arreglar, Organizar y Limpiar Caja','Arreglar, Organizar y Limpiar Caja','2026-04-17','2026-04-17','overdue','',0,NULL,NULL,NULL,NULL,'2026-04-21 10:16:40','2026-04-17 10:25:18','2026-04-21 10:16:40'),(401,3,3,1913,'Arreglar, Organizar y Limpiar Caja','Arreglar, Organizar y Limpiar Caja','2026-04-17','2026-04-17','overdue','',0,NULL,NULL,NULL,NULL,'2026-04-21 10:16:41','2026-04-17 10:25:18','2026-04-21 10:16:41'),(402,3,3,902,'Arreglar, Organizar y Limpiar Caja','Arreglar, Organizar y Limpiar Caja','2026-04-17','2026-04-17','overdue','',0,NULL,NULL,NULL,NULL,'2026-04-21 10:16:41','2026-04-17 10:25:18','2026-04-21 10:16:41'),(403,3,3,3,'Arreglar, Organizar y Limpiar Caja','Arreglar, Organizar y Limpiar Caja','2026-04-17','2026-04-17','overdue','',0,NULL,NULL,NULL,NULL,'2026-04-21 10:16:41','2026-04-17 10:25:18','2026-04-21 10:16:41'),(404,3,3,1899,'Arreglar, Organizar y Limpiar Caja','Arreglar, Organizar y Limpiar Caja','2026-04-17','2026-04-17','overdue','',0,NULL,NULL,NULL,NULL,'2026-04-21 10:16:41','2026-04-17 10:25:18','2026-04-21 10:16:41'),(405,3,3,2006,'Arreglar, Organizar y Limpiar Caja','Arreglar, Organizar y Limpiar Caja','2026-04-17','2026-04-17','overdue','',0,NULL,NULL,NULL,NULL,'2026-04-21 10:16:41','2026-04-17 10:25:19','2026-04-21 10:16:41'),(406,3,3,2030,'Arreglar, Organizar y Limpiar Caja','Arreglar, Organizar y Limpiar Caja','2026-04-17','2026-04-17','overdue','',0,NULL,NULL,NULL,NULL,'2026-04-21 10:16:41','2026-04-17 10:25:19','2026-04-21 10:16:41'),(407,3,3,2008,'Arreglar, Organizar y Limpiar Caja','Arreglar, Organizar y Limpiar Caja','2026-04-17','2026-04-17','overdue','',0,NULL,NULL,NULL,NULL,'2026-04-21 10:16:42','2026-04-17 10:25:19','2026-04-21 10:16:42'),(408,3,3,1,'Arreglar, Organizar y Limpiar Caja','Arreglar, Organizar y Limpiar Caja','2026-04-17','2026-04-17','overdue','',0,NULL,NULL,NULL,NULL,'2026-04-21 10:16:42','2026-04-17 10:25:19','2026-04-21 10:16:42'),(409,3,3,2007,'Arreglar, Organizar y Limpiar Caja','Arreglar, Organizar y Limpiar Caja','2026-04-17','2026-04-17','overdue','',0,NULL,NULL,NULL,NULL,'2026-04-21 10:16:42','2026-04-17 10:25:20','2026-04-21 10:16:42'),(410,3,3,4,'Arreglar, Organizar y Limpiar Caja','Arreglar, Organizar y Limpiar Caja','2026-04-17','2026-04-17','overdue','',0,NULL,NULL,NULL,NULL,'2026-04-21 10:16:42','2026-04-17 10:25:20','2026-04-21 10:16:42'),(411,2,1,2036,'Arreglar Vitrinas Dama','Arreglar y organizar las vitrinas Seleccionadas','2026-04-17','2026-04-17','completed','',0,'2026-04-17 12:27:01',4,'Yulimar Pelayo 52','2026-04-17 12:28:01',NULL,'2026-04-17 10:25:20','2026-04-17 12:28:01'),(412,2,1,935,'Arreglar Vitrinas Dama','Arreglar y organizar las vitrinas Seleccionadas','2026-04-17','2026-04-17','completed','',0,'2026-04-17 11:47:47',4,'Yulimar Pelayo 52','2026-04-17 12:23:11',NULL,'2026-04-17 10:25:21','2026-04-17 12:23:11'),(413,2,1,1913,'Arreglar Vitrinas Dama','Arreglar y organizar las vitrinas Seleccionadas','2026-04-17','2026-04-17','completed','',0,'2026-04-17 13:53:24',NULL,NULL,NULL,NULL,'2026-04-17 10:25:21','2026-04-17 13:53:24'),(414,2,1,902,'Arreglar Vitrinas Dama','Arreglar y organizar las vitrinas Seleccionadas','2026-04-17','2026-04-17','completed','',0,'2026-04-17 12:36:13',4,'Yulimar Pelayo 52','2026-04-17 12:43:28',NULL,'2026-04-17 10:25:21','2026-04-17 12:43:28'),(415,2,1,1899,'Arreglar Vitrinas Dama','Arreglar y organizar las vitrinas Seleccionadas','2026-04-17','2026-04-17','completed','',0,'2026-04-18 12:04:22',4,'Yulimar Pelayo 52','2026-04-18 15:51:56','2026-04-18 10:33:35','2026-04-17 10:25:21','2026-04-18 15:51:56'),(416,1,2,1913,'Arreglar Vitrinas Caballeros','Arreglar y Organizar Vitrinas Seleccionadas','2026-04-17','2026-04-17','completed','',0,'2026-04-17 13:53:15',NULL,NULL,NULL,NULL,'2026-04-17 10:25:21','2026-04-17 13:53:15'),(417,1,2,902,'Arreglar Vitrinas Caballeros','Arreglar y Organizar Vitrinas Seleccionadas','2026-04-17','2026-04-17','completed','',0,'2026-04-17 12:27:13',4,'Yulimar Pelayo 52','2026-04-17 12:27:36',NULL,'2026-04-17 10:25:22','2026-04-17 12:27:36'),(418,1,2,1899,'Arreglar Vitrinas Caballeros','Arreglar y Organizar Vitrinas Seleccionadas','2026-04-17','2026-04-17','completed','',0,'2026-04-17 11:35:21',4,'Yulimar Pelayo 52','2026-04-17 12:25:24',NULL,'2026-04-17 10:25:22','2026-04-17 12:25:24'),(419,1,2,2036,'Arreglar Vitrinas Caballeros','Arreglar y Organizar Vitrinas Seleccionadas','2026-04-17','2026-04-17','completed','',0,'2026-04-17 12:26:52',4,'Yulimar Pelayo 52','2026-04-17 12:27:58',NULL,'2026-04-17 10:25:22','2026-04-17 12:27:58'),(420,1,2,935,'Arreglar Vitrinas Caballeros','Arreglar y Organizar Vitrinas Seleccionadas','2026-04-17','2026-04-17','completed','',0,'2026-04-17 11:47:36',4,'Yulimar Pelayo 52','2026-04-17 12:23:07',NULL,'2026-04-17 10:25:22','2026-04-17 12:23:07'),(421,3,3,2036,'Arreglar, Organizar y Limpiar Caja','Arreglar, Organizar y Limpiar Caja','2026-04-18','2026-04-18','overdue','',0,NULL,NULL,NULL,NULL,'2026-04-21 10:16:40','2026-04-18 10:33:32','2026-04-21 10:16:40'),(422,3,3,935,'Arreglar, Organizar y Limpiar Caja','Arreglar, Organizar y Limpiar Caja','2026-04-18','2026-04-18','overdue','',0,NULL,NULL,NULL,NULL,'2026-04-21 10:16:40','2026-04-18 10:33:32','2026-04-21 10:16:40'),(423,3,3,1913,'Arreglar, Organizar y Limpiar Caja','Arreglar, Organizar y Limpiar Caja','2026-04-18','2026-04-18','overdue','',0,NULL,NULL,NULL,NULL,'2026-04-21 10:16:41','2026-04-18 10:33:32','2026-04-21 10:16:41'),(424,3,3,902,'Arreglar, Organizar y Limpiar Caja','Arreglar, Organizar y Limpiar Caja','2026-04-18','2026-04-18','overdue','',0,NULL,NULL,NULL,NULL,'2026-04-21 10:16:41','2026-04-18 10:33:32','2026-04-21 10:16:41'),(425,3,3,3,'Arreglar, Organizar y Limpiar Caja','Arreglar, Organizar y Limpiar Caja','2026-04-18','2026-04-18','overdue','',0,NULL,NULL,NULL,NULL,'2026-04-21 10:16:41','2026-04-18 10:33:32','2026-04-21 10:16:41'),(426,3,3,1899,'Arreglar, Organizar y Limpiar Caja','Arreglar, Organizar y Limpiar Caja','2026-04-18','2026-04-18','overdue','',0,NULL,NULL,NULL,NULL,'2026-04-21 10:16:41','2026-04-18 10:33:33','2026-04-21 10:16:41'),(427,3,3,2006,'Arreglar, Organizar y Limpiar Caja','Arreglar, Organizar y Limpiar Caja','2026-04-18','2026-04-18','overdue','',0,NULL,NULL,NULL,NULL,'2026-04-21 10:16:41','2026-04-18 10:33:33','2026-04-21 10:16:41'),(428,3,3,2030,'Arreglar, Organizar y Limpiar Caja','Arreglar, Organizar y Limpiar Caja','2026-04-18','2026-04-18','overdue','',0,NULL,NULL,NULL,NULL,'2026-04-21 10:16:41','2026-04-18 10:33:33','2026-04-21 10:16:41'),(429,3,3,2008,'Arreglar, Organizar y Limpiar Caja','Arreglar, Organizar y Limpiar Caja','2026-04-18','2026-04-18','overdue','',0,NULL,NULL,NULL,NULL,'2026-04-21 10:16:42','2026-04-18 10:33:33','2026-04-21 10:16:42'),(430,3,3,1,'Arreglar, Organizar y Limpiar Caja','Arreglar, Organizar y Limpiar Caja','2026-04-18','2026-04-18','overdue','',0,NULL,NULL,NULL,NULL,'2026-04-21 10:16:42','2026-04-18 10:33:33','2026-04-21 10:16:42'),(431,3,3,2007,'Arreglar, Organizar y Limpiar Caja','Arreglar, Organizar y Limpiar Caja','2026-04-18','2026-04-18','overdue','',0,NULL,NULL,NULL,NULL,'2026-04-21 10:16:42','2026-04-18 10:33:34','2026-04-21 10:16:42'),(432,3,3,4,'Arreglar, Organizar y Limpiar Caja','Arreglar, Organizar y Limpiar Caja','2026-04-18','2026-04-18','completed','',0,'2026-04-20 14:41:46',NULL,NULL,NULL,'2026-04-20 09:51:20','2026-04-18 10:33:34','2026-04-20 14:41:46'),(433,2,1,2036,'Arreglar Vitrinas Dama','Arreglar y organizar las vitrinas Seleccionadas','2026-04-18','2026-04-18','completed','',0,'2026-04-18 14:03:20',4,'Yulimar Pelayo 52','2026-04-18 18:37:46',NULL,'2026-04-18 10:33:34','2026-04-18 18:37:46'),(434,2,1,935,'Arreglar Vitrinas Dama','Arreglar y organizar las vitrinas Seleccionadas','2026-04-18','2026-04-18','completed','',0,'2026-04-18 18:38:40',4,'Yulimar Pelayo 52','2026-04-18 18:40:47',NULL,'2026-04-18 10:33:35','2026-04-18 18:40:47'),(435,2,1,1913,'Arreglar Vitrinas Dama','Arreglar y organizar las vitrinas Seleccionadas','2026-04-18','2026-04-18','completed','',0,'2026-04-18 18:39:46',4,'Yulimar Pelayo 52','2026-04-18 18:40:36',NULL,'2026-04-18 10:33:35','2026-04-18 18:40:36'),(436,2,1,902,'Arreglar Vitrinas Dama','Arreglar y organizar las vitrinas Seleccionadas','2026-04-18','2026-04-18','completed','',0,'2026-04-18 18:34:48',4,'Yulimar Pelayo 52','2026-04-18 18:37:33',NULL,'2026-04-18 10:33:35','2026-04-18 18:37:33'),(437,2,1,1899,'Arreglar Vitrinas Dama','Arreglar y organizar las vitrinas Seleccionadas','2026-04-18','2026-04-18','completed','',0,'2026-04-18 12:04:48',4,'Yulimar Pelayo 52','2026-04-18 15:51:53',NULL,'2026-04-18 10:33:35','2026-04-18 15:51:53'),(438,1,2,1913,'Arreglar Vitrinas Caballeros','Arreglar y Organizar Vitrinas Seleccionadas','2026-04-18','2026-04-18','completed','',0,'2026-04-18 18:39:25',4,'Yulimar Pelayo 52','2026-04-18 18:40:33',NULL,'2026-04-18 10:33:36','2026-04-18 18:40:33'),(439,1,2,902,'Arreglar Vitrinas Caballeros','Arreglar y Organizar Vitrinas Seleccionadas','2026-04-18','2026-04-18','completed','',0,'2026-04-18 18:34:37',4,'Yulimar Pelayo 52','2026-04-18 18:37:30',NULL,'2026-04-18 10:33:36','2026-04-18 18:37:30'),(440,1,2,1899,'Arreglar Vitrinas Caballeros','Arreglar y Organizar Vitrinas Seleccionadas','2026-04-18','2026-04-18','completed','',0,'2026-04-18 18:41:10',4,'Yulimar Pelayo 52','2026-04-18 18:41:44',NULL,'2026-04-18 10:33:36','2026-04-18 18:41:44'),(441,1,2,2036,'Arreglar Vitrinas Caballeros','Arreglar y Organizar Vitrinas Seleccionadas','2026-04-18','2026-04-18','completed','',0,'2026-04-18 14:03:08',4,'Yulimar Pelayo 52','2026-04-18 18:37:41',NULL,'2026-04-18 10:33:36','2026-04-18 18:37:41'),(442,1,2,935,'Arreglar Vitrinas Caballeros','Arreglar y Organizar Vitrinas Seleccionadas','2026-04-18','2026-04-18','completed','',0,'2026-04-18 15:37:25',4,'Yulimar Pelayo 52','2026-04-18 15:52:22',NULL,'2026-04-18 10:33:36','2026-04-18 15:52:22'),(443,2,1,2036,'Arreglar Vitrinas Dama','Arreglar y organizar las vitrinas Seleccionadas','2026-04-20','2026-04-20','completed','',0,'2026-04-20 12:12:15',3,'Ildeana Delgado','2026-04-20 13:35:13',NULL,'2026-04-20 09:51:07','2026-04-20 13:35:13'),(444,2,1,935,'Arreglar Vitrinas Dama','Arreglar y organizar las vitrinas Seleccionadas','2026-04-20','2026-04-20','completed','',0,'2026-04-20 13:01:18',4,'Yulimar Pelayo 52','2026-04-20 14:42:56',NULL,'2026-04-20 09:51:07','2026-04-20 14:42:56'),(445,2,1,1913,'Arreglar Vitrinas Dama','Arreglar y organizar las vitrinas Seleccionadas','2026-04-20','2026-04-20','completed','',0,'2026-04-20 13:57:51',4,'Yulimar Pelayo 52','2026-04-20 18:30:57',NULL,'2026-04-20 09:51:07','2026-04-20 18:30:57'),(446,2,1,902,'Arreglar Vitrinas Dama','Arreglar y organizar las vitrinas Seleccionadas','2026-04-20','2026-04-20','completed','',0,'2026-04-20 16:06:12',4,'Yulimar Pelayo 52','2026-04-20 18:31:01',NULL,'2026-04-20 09:51:07','2026-04-20 18:31:01'),(447,2,1,1899,'Arreglar Vitrinas Dama','Arreglar y organizar las vitrinas Seleccionadas','2026-04-20','2026-04-20','completed','',0,'2026-04-20 18:45:54',NULL,NULL,NULL,NULL,'2026-04-20 09:51:07','2026-04-20 18:45:54'),(448,1,2,1913,'Arreglar Vitrinas Caballeros','Arreglar y Organizar Vitrinas Seleccionadas','2026-04-20','2026-04-20','completed','',0,'2026-04-20 11:17:52',3,'Ildeana Delgado','2026-04-20 13:35:27',NULL,'2026-04-20 09:51:08','2026-04-20 13:35:27'),(449,1,2,902,'Arreglar Vitrinas Caballeros','Arreglar y Organizar Vitrinas Seleccionadas','2026-04-20','2026-04-20','completed','',0,'2026-04-20 15:49:11',4,'Yulimar Pelayo 52','2026-04-20 15:58:06',NULL,'2026-04-20 09:51:08','2026-04-20 15:58:06'),(450,1,2,1899,'Arreglar Vitrinas Caballeros','Arreglar y Organizar Vitrinas Seleccionadas','2026-04-20','2026-04-20','completed','',0,'2026-04-20 11:17:04',3,'Ildeana Delgado','2026-04-20 13:35:49',NULL,'2026-04-20 09:51:08','2026-04-20 13:35:49'),(451,1,2,2036,'Arreglar Vitrinas Caballeros','Arreglar y Organizar Vitrinas Seleccionadas','2026-04-20','2026-04-20','completed','',0,'2026-04-20 12:12:04',4,'Yulimar Pelayo 52','2026-04-20 18:30:52',NULL,'2026-04-20 09:51:08','2026-04-20 18:30:52'),(452,1,2,935,'Arreglar Vitrinas Caballeros','Arreglar y Organizar Vitrinas Seleccionadas','2026-04-20','2026-04-20','completed','',0,'2026-04-20 13:58:07',4,'Yulimar Pelayo 52','2026-04-20 18:31:09',NULL,'2026-04-20 09:51:08','2026-04-20 18:31:09'),(453,3,3,2036,'Arreglar, Organizar y Limpiar Caja','Arreglar, Organizar y Limpiar Caja','2026-04-20','2026-04-20','overdue','',0,NULL,NULL,NULL,NULL,'2026-04-21 10:16:40','2026-04-20 09:51:18','2026-04-21 10:16:40'),(454,3,3,935,'Arreglar, Organizar y Limpiar Caja','Arreglar, Organizar y Limpiar Caja','2026-04-20','2026-04-20','overdue','',0,NULL,NULL,NULL,NULL,'2026-04-21 10:16:40','2026-04-20 09:51:18','2026-04-21 10:16:40'),(455,3,3,1913,'Arreglar, Organizar y Limpiar Caja','Arreglar, Organizar y Limpiar Caja','2026-04-20','2026-04-20','overdue','',0,NULL,NULL,NULL,NULL,'2026-04-21 10:16:41','2026-04-20 09:51:18','2026-04-21 10:16:41'),(456,3,3,902,'Arreglar, Organizar y Limpiar Caja','Arreglar, Organizar y Limpiar Caja','2026-04-20','2026-04-20','overdue','',0,NULL,NULL,NULL,NULL,'2026-04-21 10:16:41','2026-04-20 09:51:18','2026-04-21 10:16:41'),(457,3,3,3,'Arreglar, Organizar y Limpiar Caja','Arreglar, Organizar y Limpiar Caja','2026-04-20','2026-04-20','overdue','',0,NULL,NULL,NULL,NULL,'2026-04-21 10:16:41','2026-04-20 09:51:18','2026-04-21 10:16:41'),(458,3,3,1899,'Arreglar, Organizar y Limpiar Caja','Arreglar, Organizar y Limpiar Caja','2026-04-20','2026-04-20','overdue','',0,NULL,NULL,NULL,NULL,'2026-04-21 10:16:41','2026-04-20 09:51:18','2026-04-21 10:16:41'),(459,3,3,2006,'Arreglar, Organizar y Limpiar Caja','Arreglar, Organizar y Limpiar Caja','2026-04-20','2026-04-20','overdue','',0,NULL,NULL,NULL,NULL,'2026-04-21 10:16:41','2026-04-20 09:51:18','2026-04-21 10:16:41'),(460,3,3,2030,'Arreglar, Organizar y Limpiar Caja','Arreglar, Organizar y Limpiar Caja','2026-04-20','2026-04-20','overdue','',0,NULL,NULL,NULL,NULL,'2026-04-21 10:16:41','2026-04-20 09:51:19','2026-04-21 10:16:41'),(461,3,3,2008,'Arreglar, Organizar y Limpiar Caja','Arreglar, Organizar y Limpiar Caja','2026-04-20','2026-04-20','overdue','',0,NULL,NULL,NULL,NULL,'2026-04-21 10:16:42','2026-04-20 09:51:19','2026-04-21 10:16:42'),(462,3,3,1,'Arreglar, Organizar y Limpiar Caja','Arreglar, Organizar y Limpiar Caja','2026-04-20','2026-04-20','overdue','',0,NULL,NULL,NULL,NULL,'2026-04-21 10:16:42','2026-04-20 09:51:19','2026-04-21 10:16:42'),(463,3,3,2007,'Arreglar, Organizar y Limpiar Caja','Arreglar, Organizar y Limpiar Caja','2026-04-20','2026-04-20','overdue','',0,NULL,NULL,NULL,NULL,'2026-04-21 10:16:42','2026-04-20 09:51:20','2026-04-21 10:16:42'),(464,3,3,4,'Arreglar, Organizar y Limpiar Caja','Arreglar, Organizar y Limpiar Caja','2026-04-20','2026-04-20','overdue','',0,NULL,NULL,NULL,NULL,'2026-04-21 10:16:42','2026-04-20 09:51:20','2026-04-21 10:16:42'),(465,3,3,2036,'Arreglar, Organizar y Limpiar Caja','Arreglar, Organizar y Limpiar Caja','2026-04-21','2026-04-21','pending','',0,NULL,NULL,NULL,NULL,NULL,'2026-04-21 10:16:40','2026-04-21 10:16:40'),(466,3,3,935,'Arreglar, Organizar y Limpiar Caja','Arreglar, Organizar y Limpiar Caja','2026-04-21','2026-04-21','pending','',0,NULL,NULL,NULL,NULL,NULL,'2026-04-21 10:16:40','2026-04-21 10:16:40'),(467,3,3,1913,'Arreglar, Organizar y Limpiar Caja','Arreglar, Organizar y Limpiar Caja','2026-04-21','2026-04-21','pending','',0,NULL,NULL,NULL,NULL,NULL,'2026-04-21 10:16:41','2026-04-21 10:16:41'),(468,3,3,902,'Arreglar, Organizar y Limpiar Caja','Arreglar, Organizar y Limpiar Caja','2026-04-21','2026-04-21','pending','',0,NULL,NULL,NULL,NULL,NULL,'2026-04-21 10:16:41','2026-04-21 10:16:41'),(469,3,3,3,'Arreglar, Organizar y Limpiar Caja','Arreglar, Organizar y Limpiar Caja','2026-04-21','2026-04-21','pending','',0,NULL,NULL,NULL,NULL,NULL,'2026-04-21 10:16:41','2026-04-21 10:16:41'),(470,3,3,1899,'Arreglar, Organizar y Limpiar Caja','Arreglar, Organizar y Limpiar Caja','2026-04-21','2026-04-21','pending','',0,NULL,NULL,NULL,NULL,NULL,'2026-04-21 10:16:41','2026-04-21 10:16:41'),(471,3,3,2006,'Arreglar, Organizar y Limpiar Caja','Arreglar, Organizar y Limpiar Caja','2026-04-21','2026-04-21','pending','',0,NULL,NULL,NULL,NULL,NULL,'2026-04-21 10:16:41','2026-04-21 10:16:41'),(472,3,3,2030,'Arreglar, Organizar y Limpiar Caja','Arreglar, Organizar y Limpiar Caja','2026-04-21','2026-04-21','pending','',0,NULL,NULL,NULL,NULL,NULL,'2026-04-21 10:16:41','2026-04-21 10:16:41'),(473,3,3,2008,'Arreglar, Organizar y Limpiar Caja','Arreglar, Organizar y Limpiar Caja','2026-04-21','2026-04-21','pending','',0,NULL,NULL,NULL,NULL,NULL,'2026-04-21 10:16:42','2026-04-21 10:16:42'),(474,3,3,1,'Arreglar, Organizar y Limpiar Caja','Arreglar, Organizar y Limpiar Caja','2026-04-21','2026-04-21','pending','',0,NULL,NULL,NULL,NULL,NULL,'2026-04-21 10:16:42','2026-04-21 10:16:42'),(475,3,3,2007,'Arreglar, Organizar y Limpiar Caja','Arreglar, Organizar y Limpiar Caja','2026-04-21','2026-04-21','pending','',0,NULL,NULL,NULL,NULL,NULL,'2026-04-21 10:16:42','2026-04-21 10:16:42'),(476,3,3,4,'Arreglar, Organizar y Limpiar Caja','Arreglar, Organizar y Limpiar Caja','2026-04-21','2026-04-21','pending','',0,NULL,NULL,NULL,NULL,NULL,'2026-04-21 10:16:42','2026-04-21 10:16:42'),(477,2,1,2036,'Arreglar Vitrinas Dama','Arreglar y organizar las vitrinas Seleccionadas','2026-04-21','2026-04-21','completed','',0,'2026-04-21 11:47:53',3,'Ildeana Delgado','2026-04-21 13:13:21',NULL,'2026-04-21 10:16:42','2026-04-21 13:13:21'),(478,2,1,935,'Arreglar Vitrinas Dama','Arreglar y organizar las vitrinas Seleccionadas','2026-04-21','2026-04-21','completed','',0,'2026-04-21 13:59:04',3,'Ildeana Delgado','2026-04-21 18:51:20',NULL,'2026-04-21 10:16:43','2026-04-21 18:51:20'),(479,2,1,1913,'Arreglar Vitrinas Dama','Arreglar y organizar las vitrinas Seleccionadas','2026-04-21','2026-04-21','completed','',0,'2026-04-21 16:09:24',3,'Ildeana Delgado','2026-04-21 18:50:49',NULL,'2026-04-21 10:16:44','2026-04-21 18:50:49'),(480,2,1,902,'Arreglar Vitrinas Dama','Arreglar y organizar las vitrinas Seleccionadas','2026-04-21','2026-04-21','completed','',0,'2026-04-21 12:53:07',3,'Ildeana Delgado','2026-04-21 13:13:50',NULL,'2026-04-21 10:16:44','2026-04-21 13:13:50'),(481,2,1,1899,'Arreglar Vitrinas Dama','Arreglar y organizar las vitrinas Seleccionadas','2026-04-21','2026-04-21','completed','',0,'2026-04-21 17:58:13',3,'Ildeana Delgado','2026-04-21 18:51:08',NULL,'2026-04-21 10:16:44','2026-04-21 18:51:08'),(482,1,2,2036,'Arreglar Vitrinas Caballeros','Arreglar y Organizar Vitrinas Seleccionadas','2026-04-21','2026-04-21','completed','',0,'2026-04-21 11:58:11',3,'Ildeana Delgado','2026-04-21 13:13:17',NULL,'2026-04-21 10:16:45','2026-04-21 13:13:17'),(483,1,2,935,'Arreglar Vitrinas Caballeros','Arreglar y Organizar Vitrinas Seleccionadas','2026-04-21','2026-04-21','completed','',0,'2026-04-21 12:20:44',3,'Ildeana Delgado','2026-04-21 18:51:18',NULL,'2026-04-21 10:16:45','2026-04-21 18:51:18'),(484,1,2,1913,'Arreglar Vitrinas Caballeros','Arreglar y Organizar Vitrinas Seleccionadas','2026-04-21','2026-04-21','completed','',0,'2026-04-21 12:20:50',3,'Ildeana Delgado','2026-04-21 18:50:47',NULL,'2026-04-21 10:16:45','2026-04-21 18:50:47'),(485,1,2,902,'Arreglar Vitrinas Caballeros','Arreglar y Organizar Vitrinas Seleccionadas','2026-04-21','2026-04-21','pending','',0,NULL,NULL,NULL,NULL,NULL,'2026-04-21 10:16:46','2026-04-21 13:13:36'),(486,1,2,1899,'Arreglar Vitrinas Caballeros','Arreglar y Organizar Vitrinas Seleccionadas','2026-04-21','2026-04-21','pending','',0,NULL,NULL,NULL,NULL,NULL,'2026-04-21 10:16:46','2026-04-21 18:51:11');
/*!40000 ALTER TABLE `task_assignments` ENABLE KEYS */;
UNLOCK TABLES;

--
-- Table structure for table `task_rule_excluded_items`
--

DROP TABLE IF EXISTS `task_rule_excluded_items`;
/*!40101 SET @saved_cs_client     = @@character_set_client */;
/*!40101 SET character_set_client = utf8 */;
CREATE TABLE `task_rule_excluded_items` (
  `id` int(10) unsigned NOT NULL AUTO_INCREMENT,
  `rule_id` int(10) NOT NULL,
  `template_item_id` int(10) NOT NULL,
  PRIMARY KEY (`id`),
  KEY `rule_id` (`rule_id`)
) ENGINE=InnoDB DEFAULT CHARSET=utf8;
/*!40101 SET character_set_client = @saved_cs_client */;

--
-- Dumping data for table `task_rule_excluded_items`
--

LOCK TABLES `task_rule_excluded_items` WRITE;
/*!40000 ALTER TABLE `task_rule_excluded_items` DISABLE KEYS */;
/*!40000 ALTER TABLE `task_rule_excluded_items` ENABLE KEYS */;
UNLOCK TABLES;

--
-- Table structure for table `task_rules`
--

DROP TABLE IF EXISTS `task_rules`;
/*!40101 SET @saved_cs_client     = @@character_set_client */;
/*!40101 SET character_set_client = utf8 */;
CREATE TABLE `task_rules` (
  `id` int(10) unsigned NOT NULL AUTO_INCREMENT,
  `title` varchar(255) NOT NULL DEFAULT '',
  `template_id` int(10) NOT NULL,
  `assignment_mode` varchar(20) NOT NULL DEFAULT 'employee',
  `employee_id` int(10) DEFAULT NULL,
  `group_id` int(10) DEFAULT NULL,
  `group_distribution_mode` varchar(20) NOT NULL DEFAULT 'all_members',
  `distribution_algorithm` varchar(20) NOT NULL DEFAULT 'random',
  `recurrence_type` varchar(20) NOT NULL DEFAULT 'one_time',
  `special_date_code` varchar(60) DEFAULT NULL,
  `special_date_lead_days` int(10) NOT NULL DEFAULT '0',
  `one_time_date` date DEFAULT NULL,
  `starts_on` date DEFAULT NULL,
  `ends_on` date DEFAULT NULL,
  `requires_note_on_complete` tinyint(1) NOT NULL DEFAULT '0',
  `last_rotation_index` int(10) NOT NULL DEFAULT '0',
  `is_active` tinyint(1) NOT NULL DEFAULT '1',
  `created_at` datetime DEFAULT NULL,
  `updated_at` datetime DEFAULT NULL,
  PRIMARY KEY (`id`),
  KEY `template_id` (`template_id`)
) ENGINE=InnoDB AUTO_INCREMENT=4 DEFAULT CHARSET=utf8;
/*!40101 SET character_set_client = @saved_cs_client */;

--
-- Dumping data for table `task_rules`
--

LOCK TABLES `task_rules` WRITE;
/*!40000 ALTER TABLE `task_rules` DISABLE KEYS */;
INSERT INTO `task_rules` VALUES (1,'Arreglar Vitrinas Caballeros',2,'group',NULL,4,'distributed','fair_rotation','daily',NULL,0,NULL,'2026-03-30',NULL,0,13915,1,'2026-03-30 16:36:06','2026-04-21 18:50:31'),(2,'Arreglar Vitrinas Dama',1,'group',NULL,3,'distributed','fair_rotation','daily',NULL,0,NULL,'2026-03-30',NULL,0,12650,1,'2026-03-30 16:36:54','2026-04-21 18:50:31'),(3,'Arreglar, Organizar y Limpiar Caja',3,'global',NULL,NULL,'all_members','random','daily',NULL,0,NULL,'2026-03-01',NULL,0,0,1,'2026-03-30 16:40:49','2026-03-30 16:40:49');
/*!40000 ALTER TABLE `task_rules` ENABLE KEYS */;
UNLOCK TABLES;

--
-- Table structure for table `task_template_items`
--

DROP TABLE IF EXISTS `task_template_items`;
/*!40101 SET @saved_cs_client     = @@character_set_client */;
/*!40101 SET character_set_client = utf8 */;
CREATE TABLE `task_template_items` (
  `id` int(10) unsigned NOT NULL AUTO_INCREMENT,
  `template_id` int(10) NOT NULL,
  `name` varchar(255) NOT NULL DEFAULT '',
  `parent_item_id` int(10) DEFAULT NULL,
  `sort_order` int(10) NOT NULL DEFAULT '0',
  `is_active` tinyint(1) NOT NULL DEFAULT '1',
  PRIMARY KEY (`id`),
  KEY `template_id` (`template_id`)
) ENGINE=InnoDB AUTO_INCREMENT=22 DEFAULT CHARSET=utf8;
/*!40101 SET character_set_client = @saved_cs_client */;

--
-- Dumping data for table `task_template_items`
--

LOCK TABLES `task_template_items` WRITE;
/*!40000 ALTER TABLE `task_template_items` DISABLE KEYS */;
INSERT INTO `task_template_items` VALUES (1,1,'Reloj - Carteras -Toallas',NULL,0,1),(2,1,'Ropa intima - Bolsas - Vitrina Bebe',NULL,1,1),(3,1,'Conjunto Niño -Pañales - Estante franelas',NULL,2,1),(4,1,'Estante Frenela Niños',NULL,3,1),(5,1,'Conjunto Niño',NULL,4,1),(6,1,'Estante Pantalon Niño',NULL,5,1),(7,1,'Franela Franelillas Mono - Pantalones Bermuda',NULL,6,1),(8,1,'Camisa Escolar y Vestir de Niño - Pantalon Vestir',NULL,7,1),(9,1,'Burros de Blusas',NULL,8,1),(10,1,'Pared Acanalada Bulsas',NULL,9,1),(11,2,'Zapateria',NULL,0,1),(12,2,'Nivel PA - trajes',NULL,1,1),(13,2,'Nivel PA - trajes',NULL,2,1),(14,2,'Camisa MC - Camisas KE - Estante frente - Pantalones 28-30',NULL,3,1),(15,2,'Camisas S-SS - Estante frente - Pantalon 32',NULL,4,1),(16,2,'Camisas M - Estante Frente - Pantalon 34',NULL,5,1),(17,2,'Camisaa L - Estante Frente - Pantalon 36',NULL,6,1),(18,2,'Camisas XL - Estante Frente - Pantalon 38-40',NULL,7,1),(19,2,'Franela L-XL-Gigantes - Estante Frente - Pantalon Gigantes',NULL,8,1),(20,2,'Franela S-M - Estante Frente - Medias',NULL,9,1),(21,2,'Boxer - Medias Deportivas y Vestir',NULL,10,1);
/*!40000 ALTER TABLE `task_template_items` ENABLE KEYS */;
UNLOCK TABLES;

--
-- Table structure for table `task_templates`
--

DROP TABLE IF EXISTS `task_templates`;
/*!40101 SET @saved_cs_client     = @@character_set_client */;
/*!40101 SET character_set_client = utf8 */;
CREATE TABLE `task_templates` (
  `id` int(10) unsigned NOT NULL AUTO_INCREMENT,
  `name` varchar(255) NOT NULL DEFAULT '',
  `description` text,
  `is_active` tinyint(1) NOT NULL DEFAULT '1',
  `created_at` datetime DEFAULT NULL,
  `updated_at` datetime DEFAULT NULL,
  PRIMARY KEY (`id`)
) ENGINE=InnoDB AUTO_INCREMENT=4 DEFAULT CHARSET=utf8;
/*!40101 SET character_set_client = @saved_cs_client */;

--
-- Dumping data for table `task_templates`
--

LOCK TABLES `task_templates` WRITE;
/*!40000 ALTER TABLE `task_templates` DISABLE KEYS */;
INSERT INTO `task_templates` VALUES (1,'Arreglar Vitrinas Dama','Arreglar y organizar las vitrinas Seleccionadas',1,'2026-03-30 16:26:15','2026-03-30 16:26:15'),(2,'Arreglar Vitrinas Caballeros','Arreglar y Organizar Vitrinas Seleccionadas',1,'2026-03-30 16:31:28','2026-03-30 16:31:28'),(3,'Arreglar, Organizar y Limpiar Caja','Arreglar, Organizar y Limpiar Caja',1,'2026-03-30 16:39:54','2026-03-30 16:39:54');
/*!40000 ALTER TABLE `task_templates` ENABLE KEYS */;
UNLOCK TABLES;

--
-- Dumping events for database 'visor'
--

--
-- Dumping routines for database 'visor'
--
/*!40103 SET TIME_ZONE=@OLD_TIME_ZONE */;

/*!40101 SET SQL_MODE=@OLD_SQL_MODE */;
/*!40014 SET FOREIGN_KEY_CHECKS=@OLD_FOREIGN_KEY_CHECKS */;
/*!40014 SET UNIQUE_CHECKS=@OLD_UNIQUE_CHECKS */;
/*!40101 SET CHARACTER_SET_CLIENT=@OLD_CHARACTER_SET_CLIENT */;
/*!40101 SET CHARACTER_SET_RESULTS=@OLD_CHARACTER_SET_RESULTS */;
/*!40101 SET COLLATION_CONNECTION=@OLD_COLLATION_CONNECTION */;
/*!40111 SET SQL_NOTES=@OLD_SQL_NOTES */;

-- Dump completed on 2026-04-22  0:04:47
